52.169.215.80 - - [18/Jan/2025:08:00:57 +0100] "GET /wp-content/themes/wp-pridmag/init.php HTTP/1.1" 200 29790 "-" "-"
52.169.215.80 - - [18/Jan/2025:08:00:57 +0100] "GET /wp-content/banners/about.php HTTP/1.1" 200 29790 "-" "-"
52.169.215.80 - - [18/Jan/2025:08:00:58 +0100] "GET /wp-admin/user/cloud.php HTTP/1.1" 200 29790 "-" "-"
52.169.215.80 - - [18/Jan/2025:08:00:58 +0100] "GET /mah.php?p= HTTP/1.1" 200 0 "-" "-"
52.169.215.80 - - [18/Jan/2025:08:00:58 +0100] "GET /.well-known/classwithtostring.php HTTP/1.1" 200 29790 "-" "-"
52.169.215.80 - - [18/Jan/2025:08:00:58 +0100] "GET /.well-known/themes.php HTTP/1.1" 200 29790 "-" "-"
52.169.215.80 - - [18/Jan/2025:08:00:58 +0100] "GET /alfa1.php HTTP/1.1" 200 29790 "-" "-"
52.169.215.80 - - [18/Jan/2025:08:00:58 +0100] "GET /license.php HTTP/1.1" 200 29790 "-" "-"
52.169.215.80 - - [18/Jan/2025:08:00:58 +0100] "GET /wp-admin/css/about.php HTTP/1.1" 200 29790 "-" "-"
52.169.215.80 - - [18/Jan/2025:08:00:58 +0100] "GET /class-walker-category-dropdown-class.php HTTP/1.1" 200 29790 "-" "-"
52.169.215.80 - - [18/Jan/2025:08:00:58 +0100] "GET /mail.php HTTP/1.1" 200 14 "-" "-"
52.169.215.80 - - [18/Jan/2025:08:00:59 +0100] "GET /.well-known/plugins.php HTTP/1.1" 200 29790 "-" "-"
52.169.215.80 - - [18/Jan/2025:08:00:59 +0100] "GET /geju.php HTTP/1.1" 200 29790 "-" "-"
52.169.215.80 - - [18/Jan/2025:08:00:59 +0100] "GET /wp-includes/PHPMailer/admin.php HTTP/1.1" 200 29790 "-" "-"
52.169.215.80 - - [18/Jan/2025:08:00:59 +0100] "GET /wp-conflg.php HTTP/1.1" 200 29790 "-" "-"
52.169.215.80 - - [18/Jan/2025:08:00:59 +0100] "GET /xleet.php HTTP/1.1" 200 29790 "-" "-"
52.169.215.80 - - [18/Jan/2025:08:00:59 +0100] "GET /bak.php HTTP/1.1" 200 29790 "-" "-"
52.169.215.80 - - [18/Jan/2025:08:00:59 +0100] "GET /fi2.php HTTP/1.1" 200 29790 "-" "-"
52.169.215.80 - - [18/Jan/2025:08:00:59 +0100] "GET /tinyfilemanager/tinyfilemanager.php?p= HTTP/1.1" 200 29790 "-" "-"
52.169.215.80 - - [18/Jan/2025:08:00:59 +0100] "GET /wp-includes/about.php?p= HTTP/1.1" 200 29790 "-" "-"
52.169.215.80 - - [18/Jan/2025:08:00:59 +0100] "GET /cgi-bin/cloud.php HTTP/1.1" 404 1251 "-" "-"
52.169.215.80 - - [18/Jan/2025:08:00:59 +0100] "GET /avaa.php HTTP/1.1" 200 29790 "-" "-"
52.169.215.80 - - [18/Jan/2025:08:00:59 +0100] "GET /admin.php7 HTTP/1.1" 200 29790 "-" "-"
52.169.215.80 - - [18/Jan/2025:08:00:59 +0100] "GET /wp.php HTTP/1.1" 200 29790 "-" "-"
52.169.215.80 - - [18/Jan/2025:08:00:59 +0100] "GET /wp-content/themes/twentytwentytwo/index.php HTTP/1.1" 200 29790 "-" "-"
52.169.215.80 - - [18/Jan/2025:08:01:00 +0100] "GET /ini.php HTTP/1.1" 200 29790 "-" "-"
52.169.215.80 - - [18/Jan/2025:08:01:00 +0100] "GET /text.php HTTP/1.1" 200 29790 "-" "-"
52.169.215.80 - - [18/Jan/2025:08:01:00 +0100] "GET /wp-includes/widgets/about.php?p= HTTP/1.1" 200 29790 "-" "-"
52.169.215.80 - - [18/Jan/2025:08:01:00 +0100] "GET /wp-includes/Requests/Text/admin.php HTTP/1.1" 200 29790 "-" "-"
52.169.215.80 - - [18/Jan/2025:08:01:00 +0100] "GET /fied.php HTTP/1.1" 200 29790 "-" "-"
52.169.215.80 - - [18/Jan/2025:08:01:00 +0100] "GET /OthioNDwMEK.php HTTP/1.1" 200 29790 "-" "-"
52.169.215.80 - - [18/Jan/2025:08:01:00 +0100] "GET /.well-known/acme-challenge/admin.php HTTP/1.1" 404 1251 "-" "-"
52.169.215.80 - - [18/Jan/2025:08:01:00 +0100] "GET /.well-known/wp-2019.php HTTP/1.1" 200 29790 "-" "-"
52.169.215.80 - - [18/Jan/2025:08:01:00 +0100] "GET /404.php123123 HTTP/1.1" 200 29790 "-" "-"
52.169.215.80 - - [18/Jan/2025:08:01:00 +0100] "GET /.well-known/about.php HTTP/1.1" 200 29790 "-" "-"
52.169.215.80 - - [18/Jan/2025:08:01:00 +0100] "GET /about.php?p= HTTP/1.1" 200 0 "-" "-"
52.169.215.80 - - [18/Jan/2025:08:01:00 +0100] "GET /cgi-bin/wp-login.php HTTP/1.1" 404 1251 "-" "-"
52.169.215.80 - - [18/Jan/2025:08:01:00 +0100] "GET /addslashes.php HTTP/1.1" 200 29790 "-" "-"
52.169.215.80 - - [18/Jan/2025:08:01:00 +0100] "GET /wp-includes/images/about.php HTTP/1.1" 200 29790 "-" "-"
52.169.215.80 - - [18/Jan/2025:08:01:01 +0100] "GET /filemanager.php HTTP/1.1" 200 29790 "-" "-"
52.169.215.80 - - [18/Jan/2025:08:01:01 +0100] "GET /wp-content/plugins/pwnd/block-support.php HTTP/1.1" 200 29790 "-" "-"
52.169.215.80 - - [18/Jan/2025:08:01:01 +0100] "GET /wp-content/themes/about.php HTTP/1.1" 200 29790 "-" "-"
52.169.215.80 - - [18/Jan/2025:08:01:01 +0100] "GET /ewywe1dg.php HTTP/1.1" 200 29790 "-" "-"
52.169.215.80 - - [18/Jan/2025:08:01:01 +0100] "GET /wp-includes/ID3/about.php HTTP/1.1" 200 29790 "-" "-"
52.169.215.80 - - [18/Jan/2025:08:01:01 +0100] "GET /wp-includes/wp-load.php HTTP/1.1" 200 29790 "-" "-"
52.169.215.80 - - [18/Jan/2025:08:01:01 +0100] "GET /wp.php?p= HTTP/1.1" 200 29790 "-" "-"
52.169.215.80 - - [18/Jan/2025:08:01:01 +0100] "GET /wp-admin/cloud.php HTTP/1.1" 200 29790 "-" "-"
52.169.215.80 - - [18/Jan/2025:08:01:01 +0100] "GET /wp-content/themes/sketch/404.php HTTP/1.1" 200 29790 "-" "-"
216.244.66.247 - - [18/Jan/2025:08:12:42 +0100] "GET /admin/images/products/mah.php?path=/home/realadss/.trash/css HTTP/1.1" 200 15951 "-" "Mozilla/5.0 (compatible; DotBot/1.2; +https://opensiteexplorer.org/dotbot; help@moz.com)"
216.244.66.247 - - [18/Jan/2025:08:15:30 +0100] "GET /admin/images/products/mah.php?path=/home/realadss/kavyaeventz.in/admin/assets/vendor_components/weather-icons HTTP/1.1" 200 21202 "-" "Mozilla/5.0 (compatible; DotBot/1.2; +https://opensiteexplorer.org/dotbot; help@moz.com)"
216.244.66.247 - - [18/Jan/2025:08:08:09 +0100] "GET /robots.txt HTTP/1.1" 200 23 "-" "Mozilla/5.0 (compatible; DotBot/1.2; +https://opensiteexplorer.org/dotbot; help@moz.com)"
216.244.66.247 - - [18/Jan/2025:08:54:45 +0100] "GET /robots.txt HTTP/1.1" 200 23 "-" "Mozilla/5.0 (compatible; DotBot/1.2; +https://opensiteexplorer.org/dotbot; help@moz.com)"
216.244.66.247 - - [18/Jan/2025:09:01:11 +0100] "GET /admin/images/products/mah.php?path=/home/realadss/malviyanagar.jaipurpartyplanner.in/lib HTTP/1.1" 200 17650 "-" "Mozilla/5.0 (compatible; DotBot/1.2; +https://opensiteexplorer.org/dotbot; help@moz.com)"
85.208.96.193 - - [18/Jan/2025:09:16:39 +0100] "GET /ats-bts-activities.php HTTP/1.1" 200 6707 "-" "Mozilla/5.0 (compatible; SemrushBot/7~bl; +http://www.semrush.com/bot.html)"
54.36.148.225 - - [18/Jan/2025:09:24:09 +0100] "GET /gallery.php HTTP/1.1" 200 5367 "-" "Mozilla/5.0 (compatible; AhrefsBot/7.0; +http://ahrefs.com/robot/)"
216.244.66.247 - - [18/Jan/2025:09:48:11 +0100] "GET /admin/images/products/mah.php?path=/home/realadss/mail/.Drafts HTTP/1.1" 200 17161 "-" "Mozilla/5.0 (compatible; DotBot/1.2; +https://opensiteexplorer.org/dotbot; help@moz.com)"
216.244.66.247 - - [18/Jan/2025:09:41:59 +0100] "GET /robots.txt HTTP/1.1" 200 23 "-" "Mozilla/5.0 (compatible; DotBot/1.2; +https://opensiteexplorer.org/dotbot; help@moz.com)"
216.244.66.247 - - [18/Jan/2025:10:29:15 +0100] "GET /robots.txt HTTP/1.1" 200 23 "-" "Mozilla/5.0 (compatible; DotBot/1.2; +https://opensiteexplorer.org/dotbot; help@moz.com)"
216.244.66.247 - - [18/Jan/2025:10:46:04 +0100] "GET /admin/images/products/mah.php?path=/home/realadss/kavyaeventz.in/admin/assets/vendor_components/perfect-scrollbar-master HTTP/1.1" 200 12626 "-" "Mozilla/5.0 (compatible; DotBot/1.2; +https://opensiteexplorer.org/dotbot; help@moz.com)"
216.244.66.247 - - [18/Jan/2025:10:36:50 +0100] "GET /admin/images/products/mah.php?path=/home/realadss/kavyaeventz.in/images/cart HTTP/1.1" 200 13021 "-" "Mozilla/5.0 (compatible; DotBot/1.2; +https://opensiteexplorer.org/dotbot; help@moz.com)"
216.244.66.247 - - [18/Jan/2025:11:17:18 +0100] "GET /robots.txt HTTP/1.1" 200 23 "-" "Mozilla/5.0 (compatible; DotBot/1.2; +https://opensiteexplorer.org/dotbot; help@moz.com)"
216.244.66.247 - - [18/Jan/2025:12:21:36 +0100] "GET /admin/images/products/mah.php?path=/home/realadss/.softaculous/wp_manager HTTP/1.1" 200 11613 "-" "Mozilla/5.0 (compatible; DotBot/1.2; +https://opensiteexplorer.org/dotbot; help@moz.com)"
20.204.170.129 - - [18/Jan/2025:12:50:34 +0100] "GET / HTTP/1.1" 200 0 "-" "Mozilla/5.0 (Windows NT 10.0; Win64; x64) AppleWebKit/537.36 (KHTML, like Gecko) Chrome/80.0.3987.149 Safari/537.36"
20.204.170.129 - - [18/Jan/2025:12:50:35 +0100] "GET / HTTP/1.1" 200 0 "-" "Mozilla/5.0 (Windows NT 10.0; Win64; x64) AppleWebKit/537.36 (KHTML, like Gecko) Chrome/80.0.3987.149 Safari/537.36"
20.204.170.129 - - [18/Jan/2025:12:50:35 +0100] "GET /wp-includes/wlwmanifest.xml HTTP/1.1" 200 29790 "-" "Mozilla/5.0 (Windows NT 10.0; Win64; x64) AppleWebKit/537.36 (KHTML, like Gecko) Chrome/80.0.3987.149 Safari/537.36"
20.204.170.129 - - [18/Jan/2025:12:50:35 +0100] "GET /xmlrpc.php?rsd HTTP/1.1" 200 29790 "-" "Mozilla/5.0 (Windows NT 10.0; Win64; x64) AppleWebKit/537.36 (KHTML, like Gecko) Chrome/80.0.3987.149 Safari/537.36"
20.204.170.129 - - [18/Jan/2025:12:50:36 +0100] "GET / HTTP/1.1" 200 0 "-" "Mozilla/5.0 (Windows NT 10.0; Win64; x64) AppleWebKit/537.36 (KHTML, like Gecko) Chrome/80.0.3987.149 Safari/537.36"
20.204.170.129 - - [18/Jan/2025:12:50:36 +0100] "GET /blog/wp-includes/wlwmanifest.xml HTTP/1.1" 200 29790 "-" "Mozilla/5.0 (Windows NT 10.0; Win64; x64) AppleWebKit/537.36 (KHTML, like Gecko) Chrome/80.0.3987.149 Safari/537.36"
20.204.170.129 - - [18/Jan/2025:12:50:37 +0100] "GET /web/wp-includes/wlwmanifest.xml HTTP/1.1" 200 29790 "-" "Mozilla/5.0 (Windows NT 10.0; Win64; x64) AppleWebKit/537.36 (KHTML, like Gecko) Chrome/80.0.3987.149 Safari/537.36"
20.204.170.129 - - [18/Jan/2025:12:50:37 +0100] "GET /wordpress/wp-includes/wlwmanifest.xml HTTP/1.1" 200 29790 "-" "Mozilla/5.0 (Windows NT 10.0; Win64; x64) AppleWebKit/537.36 (KHTML, like Gecko) Chrome/80.0.3987.149 Safari/537.36"
20.204.170.129 - - [18/Jan/2025:12:50:38 +0100] "GET /website/wp-includes/wlwmanifest.xml HTTP/1.1" 200 29790 "-" "Mozilla/5.0 (Windows NT 10.0; Win64; x64) AppleWebKit/537.36 (KHTML, like Gecko) Chrome/80.0.3987.149 Safari/537.36"
20.204.170.129 - - [18/Jan/2025:12:50:38 +0100] "GET /wp/wp-includes/wlwmanifest.xml HTTP/1.1" 200 29790 "-" "Mozilla/5.0 (Windows NT 10.0; Win64; x64) AppleWebKit/537.36 (KHTML, like Gecko) Chrome/80.0.3987.149 Safari/537.36"
20.204.170.129 - - [18/Jan/2025:12:50:38 +0100] "GET /news/wp-includes/wlwmanifest.xml HTTP/1.1" 200 29790 "-" "Mozilla/5.0 (Windows NT 10.0; Win64; x64) AppleWebKit/537.36 (KHTML, like Gecko) Chrome/80.0.3987.149 Safari/537.36"
20.204.170.129 - - [18/Jan/2025:12:50:39 +0100] "GET /2018/wp-includes/wlwmanifest.xml HTTP/1.1" 200 29790 "-" "Mozilla/5.0 (Windows NT 10.0; Win64; x64) AppleWebKit/537.36 (KHTML, like Gecko) Chrome/80.0.3987.149 Safari/537.36"
20.204.170.129 - - [18/Jan/2025:12:50:39 +0100] "GET /2019/wp-includes/wlwmanifest.xml HTTP/1.1" 200 29790 "-" "Mozilla/5.0 (Windows NT 10.0; Win64; x64) AppleWebKit/537.36 (KHTML, like Gecko) Chrome/80.0.3987.149 Safari/537.36"
20.204.170.129 - - [18/Jan/2025:12:50:40 +0100] "GET /shop/wp-includes/wlwmanifest.xml HTTP/1.1" 200 29790 "-" "Mozilla/5.0 (Windows NT 10.0; Win64; x64) AppleWebKit/537.36 (KHTML, like Gecko) Chrome/80.0.3987.149 Safari/537.36"
20.204.170.129 - - [18/Jan/2025:12:50:40 +0100] "GET /wp1/wp-includes/wlwmanifest.xml HTTP/1.1" 200 29790 "-" "Mozilla/5.0 (Windows NT 10.0; Win64; x64) AppleWebKit/537.36 (KHTML, like Gecko) Chrome/80.0.3987.149 Safari/537.36"
20.204.170.129 - - [18/Jan/2025:12:50:41 +0100] "GET /test/wp-includes/wlwmanifest.xml HTTP/1.1" 200 29790 "-" "Mozilla/5.0 (Windows NT 10.0; Win64; x64) AppleWebKit/537.36 (KHTML, like Gecko) Chrome/80.0.3987.149 Safari/537.36"
20.204.170.129 - - [18/Jan/2025:12:50:41 +0100] "GET /media/wp-includes/wlwmanifest.xml HTTP/1.1" 200 29790 "-" "Mozilla/5.0 (Windows NT 10.0; Win64; x64) AppleWebKit/537.36 (KHTML, like Gecko) Chrome/80.0.3987.149 Safari/537.36"
20.204.170.129 - - [18/Jan/2025:12:50:41 +0100] "GET /wp2/wp-includes/wlwmanifest.xml HTTP/1.1" 200 29790 "-" "Mozilla/5.0 (Windows NT 10.0; Win64; x64) AppleWebKit/537.36 (KHTML, like Gecko) Chrome/80.0.3987.149 Safari/537.36"
20.204.170.129 - - [18/Jan/2025:12:50:41 +0100] "GET /site/wp-includes/wlwmanifest.xml HTTP/1.1" 200 29790 "-" "Mozilla/5.0 (Windows NT 10.0; Win64; x64) AppleWebKit/537.36 (KHTML, like Gecko) Chrome/80.0.3987.149 Safari/537.36"
20.204.170.129 - - [18/Jan/2025:12:50:42 +0100] "GET /cms/wp-includes/wlwmanifest.xml HTTP/1.1" 200 29790 "-" "Mozilla/5.0 (Windows NT 10.0; Win64; x64) AppleWebKit/537.36 (KHTML, like Gecko) Chrome/80.0.3987.149 Safari/537.36"
20.204.170.129 - - [18/Jan/2025:12:50:42 +0100] "GET /sito/wp-includes/wlwmanifest.xml HTTP/1.1" 200 29790 "-" "Mozilla/5.0 (Windows NT 10.0; Win64; x64) AppleWebKit/537.36 (KHTML, like Gecko) Chrome/80.0.3987.149 Safari/537.36"
185.36.81.55 - - [18/Jan/2025:12:07:41 +0100] "GET / HTTP/1.1" 200 0 "-" "Mozilla/5.0 (Macintosh; Intel Mac OS X 12_5) AppleWebKit/537.36 (KHTML, like Gecko) Chrome/114.0.0.0 Safari/537.36 OPR/89.0.4447.51"
185.36.81.55 - - [18/Jan/2025:12:07:42 +0100] "GET / HTTP/1.1" 200 0 "-" "Mozilla/5.0 (Macintosh; Intel Mac OS X 12_5) AppleWebKit/537.36 (KHTML, like Gecko) Chrome/114.0.0.0 Safari/537.36 OPR/89.0.4447.51"
34.222.207.168 - - [18/Jan/2025:12:41:44 +0100] "GET / HTTP/1.1" 200 0 "-" "Mozilla/4.0 (compatible; MSIE 6.0; Windows NT 5.1; FSL 7.0.6.01001)"
185.36.81.55 - - [18/Jan/2025:12:07:40 +0100] "GET / HTTP/1.1" 200 0 "-" "Mozilla/5.0 (Macintosh; Intel Mac OS X 12_5) AppleWebKit/537.36 (KHTML, like Gecko) Chrome/114.0.0.0 Safari/537.36 OPR/89.0.4447.51"
194.38.23.16 - - [18/Jan/2025:12:29:15 +0100] "GET /assets/plugins/elfinder/php/connector.minimal.php HTTP/1.1" 200 29790 "-" "ALittle Client"
92.255.57.103 - - [18/Jan/2025:12:35:48 +0100] "GET / HTTP/1.1" 200 0 "https://google.com/" "Mozilla/5.0 (Macintosh; Intel Mac OS X 10.15; rv:131.0) Gecko/20100101 Firefox/131.0"
216.244.66.247 - - [18/Jan/2025:12:23:02 +0100] "GET /admin/images/products/mah.php?path=/home/realadss/gurgaon.jaipurpartyplanner.in/.well-known HTTP/1.1" 200 11856 "-" "Mozilla/5.0 (compatible; DotBot/1.2; +https://opensiteexplorer.org/dotbot; help@moz.com)"
216.244.66.247 - - [18/Jan/2025:12:14:43 +0100] "GET /robots.txt HTTP/1.1" 200 23 "-" "Mozilla/5.0 (compatible; DotBot/1.2; +https://opensiteexplorer.org/dotbot; help@moz.com)"
216.244.66.247 - - [18/Jan/2025:12:24:50 +0100] "GET /admin/images/products/mah.php?path=/home/realadss/kavyaeventz.in/admin/assets/vendor_components/OwlCarousel2 HTTP/1.1" 200 12241 "-" "Mozilla/5.0 (compatible; DotBot/1.2; +https://opensiteexplorer.org/dotbot; help@moz.com)"
216.244.66.247 - - [18/Jan/2025:11:25:43 +0100] "GET /admin/images/products/mah.php?path=/home/realadss/mail/realadssolution.com HTTP/1.1" 200 10175 "-" "Mozilla/5.0 (compatible; DotBot/1.2; +https://opensiteexplorer.org/dotbot; help@moz.com)"
216.244.66.247 - - [18/Jan/2025:13:11:53 +0100] "GET /admin/images/products/mah.php?path=/home/realadss/kavyaeventz.in/admin/assets/vendor_components/chartist-js-develop HTTP/1.1" 200 14177 "-" "Mozilla/5.0 (compatible; DotBot/1.2; +https://opensiteexplorer.org/dotbot; help@moz.com)"
205.210.31.165 - - [18/Jan/2025:14:16:53 +0100] "GET / HTTP/1.1" 200 0 "-" "-"
216.244.66.247 - - [18/Jan/2025:13:09:58 +0100] "GET /admin/images/products/mah.php?path=/home/realadss/kavyaeventz.in/admin/assets/icons/flag-icon-css HTTP/1.1" 200 12093 "-" "Mozilla/5.0 (compatible; DotBot/1.2; +https://opensiteexplorer.org/dotbot; help@moz.com)"
216.244.66.247 - - [18/Jan/2025:13:00:55 +0100] "GET /robots.txt HTTP/1.1" 200 23 "-" "Mozilla/5.0 (compatible; DotBot/1.2; +https://opensiteexplorer.org/dotbot; help@moz.com)"
34.0.75.47 - - [18/Jan/2025:14:35:11 +0100] "GET / HTTP/1.1" 200 0 "-" "Mozilla/5.0 (Windows NT 10.0; Win64; x64) AppleWebKit/537.36 (KHTML, like Gecko; compatible; BW/1.3; rb.gy/qyzae5) Chrome/124.0.0.0 Safari/537.36"
34.0.75.47 - - [18/Jan/2025:14:35:13 +0100] "GET /robots.txt HTTP/1.1" 200 23 "-" "Mozilla/5.0 (Windows NT 10.0; Win64; x64) AppleWebKit/537.36 (KHTML, like Gecko; compatible; BW/1.3; rb.gy/qyzae5) Chrome/124.0.0.0 Safari/537.36"
57.141.0.10 - - [18/Jan/2025:15:15:42 +0100] "GET /images/mehndiimage2.jpg HTTP/1.1" 200 196992 "-" "meta-externalagent/1.1 (+https://developers.facebook.com/docs/sharing/webmasters/crawler)"
57.141.0.24 - - [18/Jan/2025:15:32:43 +0100] "GET /images/mehndiimage2.jpg HTTP/1.1" 200 228374 "-" "meta-externalagent/1.1 (+https://developers.facebook.com/docs/sharing/webmasters/crawler)"
216.244.66.247 - - [18/Jan/2025:15:32:50 +0100] "GET /admin/images/products/mah.php?path=/home/realadss/kavyaeventz.in/images/main-slider HTTP/1.1" 200 15835 "-" "Mozilla/5.0 (compatible; DotBot/1.2; +https://opensiteexplorer.org/dotbot; help@moz.com)"
66.220.149.42 - - [18/Jan/2025:15:15:41 +0100] "GET /robots.txt HTTP/1.1" 200 23 "-" "facebookexternalhit/1.1 (+http://www.facebook.com/externalhit_uatext.php)"
216.244.66.247 - - [18/Jan/2025:15:23:24 +0100] "GET /robots.txt HTTP/1.1" 200 23 "-" "Mozilla/5.0 (compatible; DotBot/1.2; +https://opensiteexplorer.org/dotbot; help@moz.com)"
66.249.66.71 - - [18/Jan/2025:15:56:16 +0100] "GET / HTTP/1.1" 200 0 "-" "Mozilla/5.0 (Linux; Android 6.0.1; Nexus 5X Build/MMB29P) AppleWebKit/537.36 (KHTML, like Gecko) Chrome/132.0.6834.83 Mobile Safari/537.36 (compatible; Googlebot/2.1; +http://www.google.com/bot.html)"
66.249.66.71 - - [18/Jan/2025:15:56:19 +0100] "GET /favicon.ico HTTP/1.1" 200 5693 "-" "Googlebot-Image/1.0"
66.249.66.70 - - [18/Jan/2025:15:56:17 +0100] "GET / HTTP/1.1" 200 0 "-" "Mozilla/5.0 (compatible; Googlebot/2.1; +http://www.google.com/bot.html)"
216.244.66.247 - - [18/Jan/2025:15:38:57 +0100] "GET /admin/images/products/mah.php?viewfile=/home/realadss/.razor/servers.nomination.lst&path=/home/realadss/.razor HTTP/1.1" 200 10876 "-" "Mozilla/5.0 (compatible; DotBot/1.2; +https://opensiteexplorer.org/dotbot; help@moz.com)"
216.244.66.247 - - [18/Jan/2025:15:40:40 +0100] "GET /admin/images/products/mah.php?viewfile=/home/realadss/.cl.selector/htaccess_cache&path=/home/realadss/.cl.selector HTTP/1.1" 200 12276 "-" "Mozilla/5.0 (compatible; DotBot/1.2; +https://opensiteexplorer.org/dotbot; help@moz.com)"
66.249.66.72 - - [18/Jan/2025:15:56:19 +0100] "GET /favicon.ico HTTP/1.1" 200 5650 "-" "Googlebot-Image/1.0"
66.249.66.70 - - [18/Jan/2025:15:55:27 +0100] "GET / HTTP/1.1" 200 0 "-" "Mozilla/5.0 (Linux; Android 6.0.1; Nexus 5X Build/MMB29P) AppleWebKit/537.36 (KHTML, like Gecko) Chrome/132.0.6834.83 Mobile Safari/537.36 (compatible; Googlebot/2.1; +http://www.google.com/bot.html)"
13.60.189.133 - - [18/Jan/2025:16:57:09 +0100] "GET /.well-known/acme-challenge/7JLUq5DIJPtzgTBLyZbrhifL5ImKr41--YI-_UH4Mh4 HTTP/1.1" 200 87 "-" "Mozilla/5.0 (compatible; Let's Encrypt validation server; +https://www.letsencrypt.org)"
13.60.189.133 - - [18/Jan/2025:16:57:11 +0100] "GET /.well-known/acme-challenge/6unhoEkPbBTDdO8d2i9JBMS2CL5kWvf9ToHHhZ3w1Is HTTP/1.1" 200 87 "-" "Mozilla/5.0 (compatible; Let's Encrypt validation server; +https://www.letsencrypt.org)"
13.212.255.153 - - [18/Jan/2025:16:57:14 +0100] "GET /.well-known/acme-challenge/LFEAlX5qKBR4uxcsplzfL_1dKJs6eG_nn-7OlQdx4Pc HTTP/1.1" 200 87 "-" "Mozilla/5.0 (compatible; Let's Encrypt validation server; +https://www.letsencrypt.org)"
159.65.18.197 - - [18/Jan/2025:16:57:30 +0100] "GET / HTTP/1.1" 200 0 "-" "-"
134.122.28.88 - - [18/Jan/2025:16:57:31 +0100] "GET /server HTTP/1.1" 200 6513 "-" "Go-http-client/1.1"
134.122.28.88 - - [18/Jan/2025:16:57:33 +0100] "GET /.git/config HTTP/1.1" 403 1242 "-" "Go-http-client/1.1"
18.223.247.52 - - [18/Jan/2025:16:57:09 +0100] "GET /.well-known/acme-challenge/7JLUq5DIJPtzgTBLyZbrhifL5ImKr41--YI-_UH4Mh4 HTTP/1.1" 200 87 "-" "Mozilla/5.0 (compatible; Let's Encrypt validation server; +https://www.letsencrypt.org)"
54.188.117.251 - - [18/Jan/2025:16:57:12 +0100] "GET /.well-known/acme-challenge/6unhoEkPbBTDdO8d2i9JBMS2CL5kWvf9ToHHhZ3w1Is HTTP/1.1" 200 87 "-" "Mozilla/5.0 (compatible; Let's Encrypt validation server; +https://www.letsencrypt.org)"
159.65.18.197 - - [18/Jan/2025:16:57:30 +0100] "GET /server HTTP/1.1" 200 6513 "-" "Go-http-client/1.1"
164.90.208.56 - - [18/Jan/2025:16:57:30 +0100] "GET /server HTTP/1.1" 200 6506 "-" "Go-http-client/1.1"
164.90.208.56 - - [18/Jan/2025:16:57:31 +0100] "GET /ecp/Current/exporttool/microsoft.exchange.ediscovery.exporttool.application HTTP/1.1" 200 6459 "-" "Go-http-client/1.1"
164.90.208.56 - - [18/Jan/2025:16:57:31 +0100] "GET /server-status HTTP/1.1" 200 6513 "-" "Go-http-client/1.1"
159.65.18.197 - - [18/Jan/2025:16:57:31 +0100] "GET /config.json HTTP/1.1" 200 6513 "-" "Go-http-client/1.1"
134.122.28.88 - - [18/Jan/2025:16:57:34 +0100] "GET /info.php HTTP/1.1" 200 6513 "-" "Go-http-client/1.1"
134.122.28.88 - - [18/Jan/2025:16:57:34 +0100] "GET /?rest_route=/wp/v2/users/ HTTP/1.1" 200 0 "-" "Go-http-client/1.1"
23.178.112.103 - - [18/Jan/2025:16:57:09 +0100] "GET /.well-known/acme-challenge/7JLUq5DIJPtzgTBLyZbrhifL5ImKr41--YI-_UH4Mh4 HTTP/1.1" 200 87 "-" "Mozilla/5.0 (compatible; Let's Encrypt validation server; +https://www.letsencrypt.org)"
159.65.18.197 - - [18/Jan/2025:16:57:30 +0100] "GET /debug/default/view?panel=config HTTP/1.1" 200 6471 "-" "Go-http-client/1.1"
164.90.208.56 - - [18/Jan/2025:16:57:31 +0100] "GET /debug/default/view?panel=config HTTP/1.1" 200 6459 "-" "Go-http-client/1.1"
159.65.18.197 - - [18/Jan/2025:16:57:31 +0100] "GET /.git/config HTTP/1.1" 403 1242 "-" "Go-http-client/1.1"
134.122.28.88 - - [18/Jan/2025:16:57:33 +0100] "GET /.DS_Store HTTP/1.1" 200 6513 "-" "Go-http-client/1.1"
23.178.112.105 - - [18/Jan/2025:16:57:11 +0100] "GET /.well-known/acme-challenge/6unhoEkPbBTDdO8d2i9JBMS2CL5kWvf9ToHHhZ3w1Is HTTP/1.1" 200 87 "-" "Mozilla/5.0 (compatible; Let's Encrypt validation server; +https://www.letsencrypt.org)"
18.236.227.188 - - [18/Jan/2025:16:57:14 +0100] "GET /.well-known/acme-challenge/LFEAlX5qKBR4uxcsplzfL_1dKJs6eG_nn-7OlQdx4Pc HTTP/1.1" 200 87 "-" "Mozilla/5.0 (compatible; Let's Encrypt validation server; +https://www.letsencrypt.org)"
164.90.208.56 - - [18/Jan/2025:16:57:30 +0100] "GET / HTTP/1.1" 200 0 "-" "Mozilla/5.0 (Linux; Android 6.0; HTC One M9 Build/MRA905183) AppleWebKit/537.36 (KHTML, like Gecko) Chrome/52.0.1091.98 Mobile Safari/537.3"
134.122.28.88 - - [18/Jan/2025:16:57:30 +0100] "GET / HTTP/1.1" 200 0 "-" "-"
159.65.18.197 - - [18/Jan/2025:16:57:31 +0100] "GET /v2/_catalog HTTP/1.1" 200 6471 "-" "Go-http-client/1.1"
164.90.208.56 - - [18/Jan/2025:16:57:31 +0100] "GET /v2/_catalog HTTP/1.1" 200 6513 "-" "Go-http-client/1.1"
159.65.18.197 - - [18/Jan/2025:16:57:31 +0100] "GET /.env HTTP/1.1" 200 6506 "-" "Go-http-client/1.1"
164.90.208.56 - - [18/Jan/2025:16:57:31 +0100] "GET /_all_dbs HTTP/1.1" 200 6513 "-" "Mozilla/5.0 (l9scan/2.0.3353e25323e21323e25363; +https://leakix.net)"
134.122.28.88 - - [18/Jan/2025:16:57:31 +0100] "GET /debug/default/view?panel=config HTTP/1.1" 200 6506 "-" "Go-http-client/1.1"
164.90.208.56 - - [18/Jan/2025:16:57:32 +0100] "GET /config.json HTTP/1.1" 200 6459 "-" "Go-http-client/1.1"
164.90.208.56 - - [18/Jan/2025:16:57:32 +0100] "GET /?rest_route=/wp/v2/users/ HTTP/1.1" 200 0 "-" "Go-http-client/1.1"
134.122.28.88 - - [18/Jan/2025:16:57:33 +0100] "GET /.env HTTP/1.1" 200 6513 "-" "Go-http-client/1.1"
18.141.172.78 - - [18/Jan/2025:16:57:09 +0100] "GET /.well-known/acme-challenge/7JLUq5DIJPtzgTBLyZbrhifL5ImKr41--YI-_UH4Mh4 HTTP/1.1" 200 87 "-" "Mozilla/5.0 (compatible; Let's Encrypt validation server; +https://www.letsencrypt.org)"
3.144.212.239 - - [18/Jan/2025:16:57:12 +0100] "GET /.well-known/acme-challenge/6unhoEkPbBTDdO8d2i9JBMS2CL5kWvf9ToHHhZ3w1Is HTTP/1.1" 200 87 "-" "Mozilla/5.0 (compatible; Let's Encrypt validation server; +https://www.letsencrypt.org)"
3.145.3.18 - - [18/Jan/2025:16:57:14 +0100] "GET /.well-known/acme-challenge/LFEAlX5qKBR4uxcsplzfL_1dKJs6eG_nn-7OlQdx4Pc HTTP/1.1" 200 87 "-" "Mozilla/5.0 (compatible; Let's Encrypt validation server; +https://www.letsencrypt.org)"
164.90.208.56 - - [18/Jan/2025:16:57:31 +0100] "GET /about HTTP/1.1" 200 6459 "-" "Go-http-client/1.1"
134.122.28.88 - - [18/Jan/2025:16:57:31 +0100] "GET /actuator/env HTTP/1.1" 200 6506 "-" "Go-http-client/1.1"
159.65.18.197 - - [18/Jan/2025:16:57:31 +0100] "GET /_all_dbs HTTP/1.1" 200 6459 "-" "Mozilla/5.0 (l9scan/2.0.3353e25323e21323e25363; +https://leakix.net)"
164.90.208.56 - - [18/Jan/2025:16:57:31 +0100] "GET /s/3353e25323e21323e25363/_/;/META-INF/maven/com.atlassian.jira/jira-webapp-dist/pom.properties HTTP/1.1" 200 6459 "-" "Go-http-client/1.1"
159.65.18.197 - - [18/Jan/2025:16:57:31 +0100] "GET /telescope/requests HTTP/1.1" 200 6513 "-" "Go-http-client/1.1"
134.122.28.88 - - [18/Jan/2025:16:57:32 +0100] "GET /login.action HTTP/1.1" 200 6513 "-" "Go-http-client/1.1"
134.122.28.88 - - [18/Jan/2025:16:57:34 +0100] "GET /telescope/requests HTTP/1.1" 200 6513 "-" "Go-http-client/1.1"
23.178.112.105 - - [18/Jan/2025:16:57:13 +0100] "GET /.well-known/acme-challenge/LFEAlX5qKBR4uxcsplzfL_1dKJs6eG_nn-7OlQdx4Pc HTTP/1.1" 200 87 "-" "Mozilla/5.0 (compatible; Let's Encrypt validation server; +https://www.letsencrypt.org)"
159.65.18.197 - - [18/Jan/2025:16:57:30 +0100] "GET / HTTP/1.1" 200 0 "-" "Mozilla/5.0 (Linux; Android 6.0; HTC One M9 Build/MRA905183) AppleWebKit/537.36 (KHTML, like Gecko) Chrome/52.0.1091.98 Mobile Safari/537.3"
159.65.18.197 - - [18/Jan/2025:16:57:30 +0100] "GET /actuator/env HTTP/1.1" 200 6459 "-" "Go-http-client/1.1"
164.90.208.56 - - [18/Jan/2025:16:57:30 +0100] "GET /actuator/env HTTP/1.1" 200 6459 "-" "Go-http-client/1.1"
134.122.28.88 - - [18/Jan/2025:16:57:30 +0100] "GET / HTTP/1.1" 200 0 "-" "Mozilla/5.0 (Linux; Android 6.0; HTC One M9 Build/MRA905183) AppleWebKit/537.36 (KHTML, like Gecko) Chrome/52.0.1091.98 Mobile Safari/537.3"
159.65.18.197 - - [18/Jan/2025:16:57:31 +0100] "GET /server-status HTTP/1.1" 200 6506 "-" "Go-http-client/1.1"
164.90.208.56 - - [18/Jan/2025:16:57:31 +0100] "GET /login.action HTTP/1.1" 200 6513 "-" "Go-http-client/1.1"
164.90.208.56 - - [18/Jan/2025:16:57:31 +0100] "GET /.env HTTP/1.1" 200 6471 "-" "Go-http-client/1.1"
164.90.208.56 - - [18/Jan/2025:16:57:32 +0100] "GET /telescope/requests HTTP/1.1" 200 6513 "-" "Go-http-client/1.1"
134.122.28.88 - - [18/Jan/2025:16:57:32 +0100] "GET /v2/_catalog HTTP/1.1" 200 6513 "-" "Go-http-client/1.1"
134.122.28.88 - - [18/Jan/2025:16:57:32 +0100] "GET /ecp/Current/exporttool/microsoft.exchange.ediscovery.exporttool.application HTTP/1.1" 200 6513 "-" "Go-http-client/1.1"
134.122.28.88 - - [18/Jan/2025:16:57:34 +0100] "GET /config.json HTTP/1.1" 200 6513 "-" "Go-http-client/1.1"
54.188.117.251 - - [18/Jan/2025:16:57:09 +0100] "GET /.well-known/acme-challenge/7JLUq5DIJPtzgTBLyZbrhifL5ImKr41--YI-_UH4Mh4 HTTP/1.1" 200 87 "-" "Mozilla/5.0 (compatible; Let's Encrypt validation server; +https://www.letsencrypt.org)"
164.90.208.56 - - [18/Jan/2025:16:57:30 +0100] "GET / HTTP/1.1" 200 0 "-" "-"
159.65.18.197 - - [18/Jan/2025:16:57:30 +0100] "GET /.vscode/sftp.json HTTP/1.1" 200 6513 "-" "Go-http-client/1.1"
159.65.18.197 - - [18/Jan/2025:16:57:30 +0100] "GET /about HTTP/1.1" 200 6459 "-" "Go-http-client/1.1"
159.65.18.197 - - [18/Jan/2025:16:57:31 +0100] "GET /ecp/Current/exporttool/microsoft.exchange.ediscovery.exporttool.application HTTP/1.1" 200 6513 "-" "Go-http-client/1.1"
134.122.28.88 - - [18/Jan/2025:16:57:31 +0100] "GET /.vscode/sftp.json HTTP/1.1" 200 6459 "-" "Go-http-client/1.1"
159.65.18.197 - - [18/Jan/2025:16:57:31 +0100] "GET /.DS_Store HTTP/1.1" 200 6459 "-" "Go-http-client/1.1"
134.122.28.88 - - [18/Jan/2025:16:57:31 +0100] "GET /about HTTP/1.1" 200 6513 "-" "Go-http-client/1.1"
159.65.18.197 - - [18/Jan/2025:16:57:31 +0100] "GET /s/3353e25323e21323e25363/_/;/META-INF/maven/com.atlassian.jira/jira-webapp-dist/pom.properties HTTP/1.1" 200 6506 "-" "Go-http-client/1.1"
164.90.208.56 - - [18/Jan/2025:16:57:31 +0100] "GET /.git/config HTTP/1.1" 403 1242 "-" "Go-http-client/1.1"
159.65.18.197 - - [18/Jan/2025:16:57:32 +0100] "GET /?rest_route=/wp/v2/users/ HTTP/1.1" 200 0 "-" "Go-http-client/1.1"
164.90.208.56 - - [18/Jan/2025:16:57:32 +0100] "GET /info.php HTTP/1.1" 200 6506 "-" "Go-http-client/1.1"
134.122.28.88 - - [18/Jan/2025:16:57:33 +0100] "GET /_all_dbs HTTP/1.1" 200 6459 "-" "Mozilla/5.0 (l9scan/2.0.3353e25323e21323e25363; +https://leakix.net)"
134.122.28.88 - - [18/Jan/2025:16:57:33 +0100] "GET /s/3353e25323e21323e25363/_/;/META-INF/maven/com.atlassian.jira/jira-webapp-dist/pom.properties HTTP/1.1" 200 6471 "-" "Go-http-client/1.1"
18.143.177.12 - - [18/Jan/2025:16:57:12 +0100] "GET /.well-known/acme-challenge/6unhoEkPbBTDdO8d2i9JBMS2CL5kWvf9ToHHhZ3w1Is HTTP/1.1" 200 87 "-" "Mozilla/5.0 (compatible; Let's Encrypt validation server; +https://www.letsencrypt.org)"
13.61.184.141 - - [18/Jan/2025:16:57:13 +0100] "GET /.well-known/acme-challenge/LFEAlX5qKBR4uxcsplzfL_1dKJs6eG_nn-7OlQdx4Pc HTTP/1.1" 200 87 "-" "Mozilla/5.0 (compatible; Let's Encrypt validation server; +https://www.letsencrypt.org)"
164.90.208.56 - - [18/Jan/2025:16:57:30 +0100] "GET /.vscode/sftp.json HTTP/1.1" 200 6506 "-" "Go-http-client/1.1"
159.65.18.197 - - [18/Jan/2025:16:57:31 +0100] "GET /login.action HTTP/1.1" 200 6474 "-" "Go-http-client/1.1"
164.90.208.56 - - [18/Jan/2025:16:57:31 +0100] "GET /.DS_Store HTTP/1.1" 200 6459 "-" "Go-http-client/1.1"
159.65.18.197 - - [18/Jan/2025:16:57:32 +0100] "GET /info.php HTTP/1.1" 200 6513 "-" "Go-http-client/1.1"
134.122.28.88 - - [18/Jan/2025:16:57:32 +0100] "GET /server-status HTTP/1.1" 200 6506 "-" "Go-http-client/1.1"
205.169.39.250 - - [18/Jan/2025:16:59:58 +0100] "GET / HTTP/1.1" 200 0 "-" "Mozilla/5.0 (Windows NT 10.0; Win64; x64) AppleWebKit/537.36 (KHTML, like Gecko) Chrome/79.0.3945.79 Safari/537.36"
216.244.66.247 - - [18/Jan/2025:17:17:29 +0100] "GET /admin/images/products/mah.php?path=/home/realadss/kavyaeventz.in/admin/assets/icons/themify-icons HTTP/1.1" 200 13744 "-" "Mozilla/5.0 (compatible; DotBot/1.2; +https://opensiteexplorer.org/dotbot; help@moz.com)"
205.169.39.0 - - [18/Jan/2025:16:59:39 +0100] "GET / HTTP/1.1" 200 0 "-" "Mozilla/5.0 (Windows NT 10.0; Win64; x64) AppleWebKit/537.36 (KHTML, like Gecko) Chrome/117.0.5938.132 Safari/537.36"
205.169.39.250 - - [18/Jan/2025:16:59:54 +0100] "GET / HTTP/1.1" 200 0 "-" "Mozilla/5.0 (Windows NT 6.1; Win64; x64) AppleWebKit/537.36 (KHTML, like Gecko) Chrome/83.0.4103.61 Safari/537.36"
149.102.232.81 - - [18/Jan/2025:17:00:25 +0100] "GET /favicon.ico HTTP/1.1" 200 6513 "-" "Go-http-client/1.1"
216.244.66.247 - - [18/Jan/2025:17:19:02 +0100] "GET /admin/images/products/mah.php?path=/home/realadss/kavyaeventz.in/admin/assets/icons/material-design-iconic-font HTTP/1.1" 200 12261 "-" "Mozilla/5.0 (compatible; DotBot/1.2; +https://opensiteexplorer.org/dotbot; help@moz.com)"
216.244.66.247 - - [18/Jan/2025:17:16:48 +0100] "GET /admin/images/products/mah.php?path=/home/realadss/kavyaeventz.in/.well-known/acme-challenge HTTP/1.1" 200 10412 "-" "Mozilla/5.0 (compatible; DotBot/1.2; +https://opensiteexplorer.org/dotbot; help@moz.com)"
216.244.66.247 - - [18/Jan/2025:17:09:07 +0100] "GET /robots.txt HTTP/1.1" 200 23 "-" "Mozilla/5.0 (compatible; DotBot/1.2; +https://opensiteexplorer.org/dotbot; help@moz.com)"
34.123.170.104 - - [18/Jan/2025:16:59:39 +0100] "GET / HTTP/1.1" 200 0 "-" "Mozilla/5.0 (X11; Linux x86_64) AppleWebKit/537.36 (KHTML, like Gecko) HeadlessChrome/125.0.6422.60 Safari/537.36"
54.36.149.88 - - [18/Jan/2025:17:28:40 +0100] "GET /admin/images/avatar/375x200/ HTTP/1.1" 200 1017 "-" "Mozilla/5.0 (compatible; AhrefsBot/7.0; +http://ahrefs.com/robot/)"
87.120.127.118 - - [18/Jan/2025:18:21:36 +0100] "GET / HTTP/1.1" 200 0 "-" "Mozilla/5.0 (Windows NT 10.0; Win64; x64) AppleWebKit/537.36 (KHTML, like Gecko) Chrome/89.0.4389.114 Safari/537.36"
87.120.127.118 - - [18/Jan/2025:18:21:36 +0100] "GET / HTTP/1.1" 200 0 "-" "Mozilla/5.0 (Windows NT 10.0; Win64; x64) AppleWebKit/537.36 (KHTML, like Gecko) Chrome/89.0.4389.114 Safari/537.36"
87.120.127.118 - - [18/Jan/2025:18:21:36 +0100] "GET /wp-includes/wlwmanifest.xml HTTP/1.1" 200 29790 "-" "Mozilla/5.0 (Windows NT 10.0; Win64; x64) AppleWebKit/537.36 (KHTML, like Gecko) Chrome/89.0.4389.114 Safari/537.36"
87.120.127.118 - - [18/Jan/2025:18:21:36 +0100] "GET /xmlrpc.php?rsd HTTP/1.1" 200 29790 "-" "Mozilla/5.0 (Windows NT 10.0; Win64; x64) AppleWebKit/537.36 (KHTML, like Gecko) Chrome/89.0.4389.114 Safari/537.36"
87.120.127.118 - - [18/Jan/2025:18:21:36 +0100] "GET / HTTP/1.1" 200 0 "-" "Mozilla/5.0 (Windows NT 10.0; Win64; x64) AppleWebKit/537.36 (KHTML, like Gecko) Chrome/89.0.4389.114 Safari/537.36"
87.120.127.118 - - [18/Jan/2025:18:21:36 +0100] "GET /blog/wp-includes/wlwmanifest.xml HTTP/1.1" 200 29790 "-" "Mozilla/5.0 (Windows NT 10.0; Win64; x64) AppleWebKit/537.36 (KHTML, like Gecko) Chrome/89.0.4389.114 Safari/537.36"
87.120.127.118 - - [18/Jan/2025:18:21:36 +0100] "GET /web/wp-includes/wlwmanifest.xml HTTP/1.1" 200 29790 "-" "Mozilla/5.0 (Windows NT 10.0; Win64; x64) AppleWebKit/537.36 (KHTML, like Gecko) Chrome/89.0.4389.114 Safari/537.36"
87.120.127.118 - - [18/Jan/2025:18:21:36 +0100] "GET /wordpress/wp-includes/wlwmanifest.xml HTTP/1.1" 200 29790 "-" "Mozilla/5.0 (Windows NT 10.0; Win64; x64) AppleWebKit/537.36 (KHTML, like Gecko) Chrome/89.0.4389.114 Safari/537.36"
87.120.127.118 - - [18/Jan/2025:18:21:36 +0100] "GET /website/wp-includes/wlwmanifest.xml HTTP/1.1" 200 29790 "-" "Mozilla/5.0 (Windows NT 10.0; Win64; x64) AppleWebKit/537.36 (KHTML, like Gecko) Chrome/89.0.4389.114 Safari/537.36"
87.120.127.118 - - [18/Jan/2025:18:21:36 +0100] "GET /wp/wp-includes/wlwmanifest.xml HTTP/1.1" 200 29790 "-" "Mozilla/5.0 (Windows NT 10.0; Win64; x64) AppleWebKit/537.36 (KHTML, like Gecko) Chrome/89.0.4389.114 Safari/537.36"
87.120.127.118 - - [18/Jan/2025:18:21:36 +0100] "GET /news/wp-includes/wlwmanifest.xml HTTP/1.1" 200 29790 "-" "Mozilla/5.0 (Windows NT 10.0; Win64; x64) AppleWebKit/537.36 (KHTML, like Gecko) Chrome/89.0.4389.114 Safari/537.36"
87.120.127.118 - - [18/Jan/2025:18:21:36 +0100] "GET /2020/wp-includes/wlwmanifest.xml HTTP/1.1" 200 29790 "-" "Mozilla/5.0 (Windows NT 10.0; Win64; x64) AppleWebKit/537.36 (KHTML, like Gecko) Chrome/89.0.4389.114 Safari/537.36"
87.120.127.118 - - [18/Jan/2025:18:21:36 +0100] "GET /2019/wp-includes/wlwmanifest.xml HTTP/1.1" 200 29790 "-" "Mozilla/5.0 (Windows NT 10.0; Win64; x64) AppleWebKit/537.36 (KHTML, like Gecko) Chrome/89.0.4389.114 Safari/537.36"
87.120.127.118 - - [18/Jan/2025:18:21:37 +0100] "GET /shop/wp-includes/wlwmanifest.xml HTTP/1.1" 200 29790 "-" "Mozilla/5.0 (Windows NT 10.0; Win64; x64) AppleWebKit/537.36 (KHTML, like Gecko) Chrome/89.0.4389.114 Safari/537.36"
87.120.127.118 - - [18/Jan/2025:18:21:37 +0100] "GET /wp1/wp-includes/wlwmanifest.xml HTTP/1.1" 200 29790 "-" "Mozilla/5.0 (Windows NT 10.0; Win64; x64) AppleWebKit/537.36 (KHTML, like Gecko) Chrome/89.0.4389.114 Safari/537.36"
87.120.127.118 - - [18/Jan/2025:18:21:37 +0100] "GET /test/wp-includes/wlwmanifest.xml HTTP/1.1" 200 29790 "-" "Mozilla/5.0 (Windows NT 10.0; Win64; x64) AppleWebKit/537.36 (KHTML, like Gecko) Chrome/89.0.4389.114 Safari/537.36"
87.120.127.118 - - [18/Jan/2025:18:21:37 +0100] "GET /wp2/wp-includes/wlwmanifest.xml HTTP/1.1" 200 29790 "-" "Mozilla/5.0 (Windows NT 10.0; Win64; x64) AppleWebKit/537.36 (KHTML, like Gecko) Chrome/89.0.4389.114 Safari/537.36"
65.21.25.53 - - [18/Jan/2025:19:45:41 +0100] "GET /.well-known/acme-challenge/W054SUBNQ2PAECGFY_YMKT-KSTUP5R3T HTTP/1.1" 200 64 "-" "Cpanel-HTTP-Client/1.0"
65.21.25.53 - - [18/Jan/2025:19:45:43 +0100] "GET /.well-known/acme-challenge/WB5N0BCZ9S-1VC8HKD7HAV0UAS9WDG9R HTTP/1.1" 200 64 "-" "Cpanel-HTTP-Client/1.0"
216.244.66.247 - - [18/Jan/2025:19:46:00 +0100] "GET /admin/images/products/mah.php?path=/home/realadss/thathagroup.com/.well-known HTTP/1.1" 200 11676 "-" "Mozilla/5.0 (compatible; DotBot/1.2; +https://opensiteexplorer.org/dotbot; help@moz.com)"
54.36.148.87 - - [18/Jan/2025:18:45:07 +0100] "GET /index.php HTTP/1.1" 200 0 "-" "Mozilla/5.0 (compatible; AhrefsBot/7.0; +http://ahrefs.com/robot/)"
65.21.25.53 - - [18/Jan/2025:19:45:34 +0100] "GET /.well-known/acme-challenge/ZE5KF-SJD41NI-6VGPK2VESBZTJ2_7_4 HTTP/1.1" 200 64 "-" "Cpanel-HTTP-Client/1.0"
35.171.144.152 - - [18/Jan/2025:18:52:26 +0100] "GET / HTTP/1.1" 200 0 "-" "Mozilla/5.0 (Windows NT 10.0; Win64; x64) AppleWebKit/537.36 (KHTML, like Gecko) Chrome/100.0.4896.75 Safari/537.36"
216.244.66.247 - - [18/Jan/2025:19:26:34 +0100] "GET /robots.txt HTTP/1.1" 200 23 "-" "Mozilla/5.0 (compatible; DotBot/1.2; +https://opensiteexplorer.org/dotbot; help@moz.com)"
216.244.66.247 - - [18/Jan/2025:18:10:05 +0100] "GET /admin/images/products/mah.php?path=/home/realadss/jaipurpartyplanner.in HTTP/1.1" 200 56074 "-" "Mozilla/5.0 (compatible; DotBot/1.2; +https://opensiteexplorer.org/dotbot; help@moz.com)"
216.244.66.247 - - [18/Jan/2025:18:19:24 +0100] "GET /admin/images/products/mah.php?viewfile=/home/realadss/.gemrc&path=/home/realadss HTTP/1.1" 200 10830 "-" "Mozilla/5.0 (compatible; DotBot/1.2; +https://opensiteexplorer.org/dotbot; help@moz.com)"
148.66.1.242 - - [18/Jan/2025:19:38:32 +0100] "GET / HTTP/1.1" 200 0 "-" "Mozilla/5.0 (Windows NT 10.0; Win64; x64) AppleWebKit/537.36 (KHTML, like Gecko) Chrome/87.0.4280.66 Safari/537.36"
65.21.25.53 - - [18/Jan/2025:19:45:34 +0100] "GET /.well-known/acme-challenge/62PT016QRV6Q-NYEXL50V96PVMF0MJQC HTTP/1.1" 200 64 "-" "Cpanel-HTTP-Client/1.0"
65.21.25.53 - - [18/Jan/2025:19:45:38 +0100] "GET /.well-known/acme-challenge/PS3_32M6B4VFOA9BNGC7AIQNPFZIJQBM HTTP/1.1" 200 64 "-" "Cpanel-HTTP-Client/1.0"
65.21.25.53 - - [18/Jan/2025:19:45:47 +0100] "GET /.well-known/acme-challenge/F3VJLFQL7_TJ-TKYS034_UHU-9H4KY15 HTTP/1.1" 200 64 "-" "Cpanel-HTTP-Client/1.0"
216.244.66.247 - - [18/Jan/2025:17:54:58 +0100] "GET /robots.txt HTTP/1.1" 200 23 "-" "Mozilla/5.0 (compatible; DotBot/1.2; +https://opensiteexplorer.org/dotbot; help@moz.com)"
216.244.66.247 - - [18/Jan/2025:18:17:31 +0100] "GET /admin/images/products/mah.php?path=/home/realadss/kavyaeventz.in/admin/assets/icons/glyphicons HTTP/1.1" 200 22377 "-" "Mozilla/5.0 (compatible; DotBot/1.2; +https://opensiteexplorer.org/dotbot; help@moz.com)"
65.21.25.53 - - [18/Jan/2025:19:45:45 +0100] "GET /.well-known/acme-challenge/EV4ORWO3YEXGX7PX8PP1AQDK31W8_M5D HTTP/1.1" 200 64 "-" "Cpanel-HTTP-Client/1.0"
65.21.25.53 - - [18/Jan/2025:19:45:47 +0100] "GET /.well-known/acme-challenge/059E8EVEK_4W6NXE1IY7XYC5L-8QT0B1 HTTP/1.1" 200 64 "-" "Cpanel-HTTP-Client/1.0"
54.36.148.35 - - [18/Jan/2025:17:28:39 +0100] "GET /robots.txt HTTP/1.1" 200 23 "-" "Mozilla/5.0 (compatible; AhrefsBot/7.0; +http://ahrefs.com/robot/)"
87.120.127.118 - - [18/Jan/2025:18:21:37 +0100] "GET /site/wp-includes/wlwmanifest.xml HTTP/1.1" 200 29790 "-" "Mozilla/5.0 (Windows NT 10.0; Win64; x64) AppleWebKit/537.36 (KHTML, like Gecko) Chrome/89.0.4389.114 Safari/537.36"
87.120.127.118 - - [18/Jan/2025:18:21:37 +0100] "GET /cms/wp-includes/wlwmanifest.xml HTTP/1.1" 200 29790 "-" "Mozilla/5.0 (Windows NT 10.0; Win64; x64) AppleWebKit/537.36 (KHTML, like Gecko) Chrome/89.0.4389.114 Safari/537.36"
87.120.127.118 - - [18/Jan/2025:18:21:37 +0100] "GET /sito/wp-includes/wlwmanifest.xml HTTP/1.1" 200 29790 "-" "Mozilla/5.0 (Windows NT 10.0; Win64; x64) AppleWebKit/537.36 (KHTML, like Gecko) Chrome/89.0.4389.114 Safari/537.36"
65.21.25.53 - - [18/Jan/2025:19:45:34 +0100] "GET /.well-known/acme-challenge/B-TP6YRL-ZD1IPTD28WV4A9K7XMBQ8H6 HTTP/1.1" 200 64 "-" "Cpanel-HTTP-Client/1.0"
65.21.25.53 - - [18/Jan/2025:19:45:47 +0100] "GET /.well-known/acme-challenge/TQZ01A_KLCVC8JN5QCI_9CNT379LDIM5 HTTP/1.1" 200 64 "-" "Cpanel-HTTP-Client/1.0"
13.60.189.133 - - [18/Jan/2025:20:19:10 +0100] "GET /.well-known/acme-challenge/nRNYPhnYVLNDxwyyICGDtxKbdfmbYe_vAu36nmRe9-4 HTTP/1.1" 200 87 "-" "Mozilla/5.0 (compatible; Let's Encrypt validation server; +https://www.letsencrypt.org)"
16.16.213.112 - - [18/Jan/2025:20:19:11 +0100] "GET /.well-known/acme-challenge/QjoVHW3IqcSgXCH-BZz4my7T-fe4IVQ1q9KU6oLfiME HTTP/1.1" 200 87 "-" "Mozilla/5.0 (compatible; Let's Encrypt validation server; +https://www.letsencrypt.org)"
18.223.247.52 - - [18/Jan/2025:20:19:11 +0100] "GET /.well-known/acme-challenge/7aVEd6PY3MpAla-c6OuRP4PP8WwL660OfSTTB3JlT60 HTTP/1.1" 200 87 "-" "Mozilla/5.0 (compatible; Let's Encrypt validation server; +https://www.letsencrypt.org)"
52.36.226.116 - - [18/Jan/2025:20:19:11 +0100] "GET /.well-known/acme-challenge/7aVEd6PY3MpAla-c6OuRP4PP8WwL660OfSTTB3JlT60 HTTP/1.1" 200 87 "-" "Mozilla/5.0 (compatible; Let's Encrypt validation server; +https://www.letsencrypt.org)"
138.68.82.23 - - [18/Jan/2025:20:19:22 +0100] "GET / HTTP/1.1" 200 0 "-" "Mozilla/5.0 (Linux; Android 6.0; HTC One M9 Build/MRA905183) AppleWebKit/537.36 (KHTML, like Gecko) Chrome/52.0.1091.98 Mobile Safari/537.3"
138.68.82.23 - - [18/Jan/2025:20:19:23 +0100] "GET /_all_dbs HTTP/1.1" 200 6481 "-" "Mozilla/5.0 (l9scan/2.0.3353e25323e21323e25363; +https://leakix.net)"
138.68.144.227 - - [18/Jan/2025:20:19:23 +0100] "GET /.git/config HTTP/1.1" 403 1242 "-" "Go-http-client/1.1"
138.68.82.23 - - [18/Jan/2025:20:19:23 +0100] "GET /.git/config HTTP/1.1" 403 1242 "-" "Go-http-client/1.1"
23.178.112.211 - - [18/Jan/2025:20:19:10 +0100] "GET /.well-known/acme-challenge/nRNYPhnYVLNDxwyyICGDtxKbdfmbYe_vAu36nmRe9-4 HTTP/1.1" 200 87 "-" "Mozilla/5.0 (compatible; Let's Encrypt validation server; +https://www.letsencrypt.org)"
54.149.119.190 - - [18/Jan/2025:20:19:11 +0100] "GET /.well-known/acme-challenge/nRNYPhnYVLNDxwyyICGDtxKbdfmbYe_vAu36nmRe9-4 HTTP/1.1" 200 87 "-" "Mozilla/5.0 (compatible; Let's Encrypt validation server; +https://www.letsencrypt.org)"
54.149.119.190 - - [18/Jan/2025:20:19:11 +0100] "GET /.well-known/acme-challenge/QjoVHW3IqcSgXCH-BZz4my7T-fe4IVQ1q9KU6oLfiME HTTP/1.1" 200 87 "-" "Mozilla/5.0 (compatible; Let's Encrypt validation server; +https://www.letsencrypt.org)"
138.68.144.227 - - [18/Jan/2025:20:19:22 +0100] "GET / HTTP/1.1" 200 0 "-" "-"
138.68.144.227 - - [18/Jan/2025:20:19:23 +0100] "GET /server-status HTTP/1.1" 200 6459 "-" "Go-http-client/1.1"
138.68.144.227 - - [18/Jan/2025:20:19:23 +0100] "GET /login.action HTTP/1.1" 200 6513 "-" "Go-http-client/1.1"
138.68.144.227 - - [18/Jan/2025:20:19:24 +0100] "GET /?rest_route=/wp/v2/users/ HTTP/1.1" 200 0 "-" "Go-http-client/1.1"
154.47.29.205 - - [18/Jan/2025:20:21:34 +0100] "GET /favicon.ico HTTP/1.1" 200 6459 "-" "Go-http-client/1.1"
65.21.25.53 - - [18/Jan/2025:20:26:50 +0100] "GET /.well-known/acme-challenge/1RV9XYTR403MOOQO7ZNVMJ30JMNZXZPJ HTTP/1.1" 404 1251 "-" "Cpanel-HTTP-Client/1.0"
138.68.82.23 - - [18/Jan/2025:20:19:22 +0100] "GET /actuator/env HTTP/1.1" 200 6506 "-" "Go-http-client/1.1"
138.68.144.227 - - [18/Jan/2025:20:19:22 +0100] "GET /actuator/env HTTP/1.1" 200 6506 "-" "Go-http-client/1.1"
138.68.144.227 - - [18/Jan/2025:20:19:22 +0100] "GET /server HTTP/1.1" 200 6459 "-" "Go-http-client/1.1"
138.68.144.227 - - [18/Jan/2025:20:19:23 +0100] "GET /.env HTTP/1.1" 200 6506 "-" "Go-http-client/1.1"
138.68.82.23 - - [18/Jan/2025:20:19:23 +0100] "GET /config.json HTTP/1.1" 200 6459 "-" "Go-http-client/1.1"
138.68.82.23 - - [18/Jan/2025:20:19:24 +0100] "GET /telescope/requests HTTP/1.1" 200 6506 "-" "Go-http-client/1.1"
3.145.3.18 - - [18/Jan/2025:20:19:11 +0100] "GET /.well-known/acme-challenge/QjoVHW3IqcSgXCH-BZz4my7T-fe4IVQ1q9KU6oLfiME HTTP/1.1" 200 87 "-" "Mozilla/5.0 (compatible; Let's Encrypt validation server; +https://www.letsencrypt.org)"
138.68.144.227 - - [18/Jan/2025:20:19:22 +0100] "GET / HTTP/1.1" 200 0 "-" "Mozilla/5.0 (Linux; Android 6.0; HTC One M9 Build/MRA905183) AppleWebKit/537.36 (KHTML, like Gecko) Chrome/52.0.1091.98 Mobile Safari/537.3"
138.68.144.227 - - [18/Jan/2025:20:19:23 +0100] "GET /v2/_catalog HTTP/1.1" 200 6459 "-" "Go-http-client/1.1"
138.68.144.227 - - [18/Jan/2025:20:19:23 +0100] "GET /_all_dbs HTTP/1.1" 200 6459 "-" "Mozilla/5.0 (l9scan/2.0.3353e25323e21323e25363; +https://leakix.net)"
138.68.144.227 - - [18/Jan/2025:20:19:23 +0100] "GET /.DS_Store HTTP/1.1" 200 6471 "-" "Go-http-client/1.1"
138.68.82.23 - - [18/Jan/2025:20:19:24 +0100] "GET /info.php HTTP/1.1" 200 6459 "-" "Go-http-client/1.1"
65.21.25.53 - - [18/Jan/2025:20:26:16 +0100] "GET /.well-known/acme-challenge/DI7I7OG2HGMG6Q_FQINTX-0S-5IVFI-_ HTTP/1.1" 404 1251 "-" "Cpanel-HTTP-Client/1.0"
54.255.173.122 - - [18/Jan/2025:20:19:11 +0100] "GET /.well-known/acme-challenge/QjoVHW3IqcSgXCH-BZz4my7T-fe4IVQ1q9KU6oLfiME HTTP/1.1" 200 87 "-" "Mozilla/5.0 (compatible; Let's Encrypt validation server; +https://www.letsencrypt.org)"
138.68.82.23 - - [18/Jan/2025:20:19:22 +0100] "GET /.vscode/sftp.json HTTP/1.1" 200 6506 "-" "Go-http-client/1.1"
138.68.144.227 - - [18/Jan/2025:20:19:23 +0100] "GET /ecp/Current/exporttool/microsoft.exchange.ediscovery.exporttool.application HTTP/1.1" 200 6506 "-" "Go-http-client/1.1"
138.68.82.23 - - [18/Jan/2025:20:19:23 +0100] "GET /login.action HTTP/1.1" 200 6481 "-" "Go-http-client/1.1"
138.68.82.23 - - [18/Jan/2025:20:19:23 +0100] "GET /.DS_Store HTTP/1.1" 200 6506 "-" "Go-http-client/1.1"
138.68.144.227 - - [18/Jan/2025:20:19:23 +0100] "GET /telescope/requests HTTP/1.1" 200 6506 "-" "Go-http-client/1.1"
103.86.177.200 - - [18/Jan/2025:20:26:04 +0100] "GET /.well-known/acme-challenge/S0RXKHQYIBUI_E013_7N1DQLLEFH0K_S HTTP/1.1" 404 1251 "-" "Cpanel-HTTP-Client/1.0"
65.21.25.53 - - [18/Jan/2025:20:26:09 +0100] "GET /.well-known/acme-challenge/65IIU7Q0B9CZUFW7Q4OOEGPHQXWX1JYT HTTP/1.1" 404 1251 "-" "Cpanel-HTTP-Client/1.0"
23.178.112.215 - - [18/Jan/2025:20:19:10 +0100] "GET /.well-known/acme-challenge/QjoVHW3IqcSgXCH-BZz4my7T-fe4IVQ1q9KU6oLfiME HTTP/1.1" 200 87 "-" "Mozilla/5.0 (compatible; Let's Encrypt validation server; +https://www.letsencrypt.org)"
3.142.12.57 - - [18/Jan/2025:20:19:11 +0100] "GET /.well-known/acme-challenge/nRNYPhnYVLNDxwyyICGDtxKbdfmbYe_vAu36nmRe9-4 HTTP/1.1" 200 87 "-" "Mozilla/5.0 (compatible; Let's Encrypt validation server; +https://www.letsencrypt.org)"
138.68.144.227 - - [18/Jan/2025:20:19:22 +0100] "GET /.vscode/sftp.json HTTP/1.1" 200 6513 "-" "Go-http-client/1.1"
138.68.82.23 - - [18/Jan/2025:20:19:22 +0100] "GET /about HTTP/1.1" 200 6471 "-" "Go-http-client/1.1"
138.68.144.227 - - [18/Jan/2025:20:19:22 +0100] "GET /about HTTP/1.1" 200 6513 "-" "Go-http-client/1.1"
138.68.82.23 - - [18/Jan/2025:20:19:22 +0100] "GET /debug/default/view?panel=config HTTP/1.1" 200 6459 "-" "Go-http-client/1.1"
138.68.144.227 - - [18/Jan/2025:20:19:22 +0100] "GET /debug/default/view?panel=config HTTP/1.1" 200 6506 "-" "Go-http-client/1.1"
138.68.82.23 - - [18/Jan/2025:20:19:23 +0100] "GET /v2/_catalog HTTP/1.1" 200 6506 "-" "Go-http-client/1.1"
138.68.82.23 - - [18/Jan/2025:20:19:23 +0100] "GET /s/3353e25323e21323e25363/_/;/META-INF/maven/com.atlassian.jira/jira-webapp-dist/pom.properties HTTP/1.1" 200 6506 "-" "Go-http-client/1.1"
65.21.25.53 - - [18/Jan/2025:20:26:19 +0100] "GET /.well-known/acme-challenge/Z-ZF6GU84EVY_7Y3IIE4KA9YT69FNR8- HTTP/1.1" 404 1251 "-" "Cpanel-HTTP-Client/1.0"
13.48.204.197 - - [18/Jan/2025:20:19:11 +0100] "GET /.well-known/acme-challenge/7aVEd6PY3MpAla-c6OuRP4PP8WwL660OfSTTB3JlT60 HTTP/1.1" 200 87 "-" "Mozilla/5.0 (compatible; Let's Encrypt validation server; +https://www.letsencrypt.org)"
54.255.173.122 - - [18/Jan/2025:20:19:11 +0100] "GET /.well-known/acme-challenge/7aVEd6PY3MpAla-c6OuRP4PP8WwL660OfSTTB3JlT60 HTTP/1.1" 200 87 "-" "Mozilla/5.0 (compatible; Let's Encrypt validation server; +https://www.letsencrypt.org)"
138.68.82.23 - - [18/Jan/2025:20:19:22 +0100] "GET / HTTP/1.1" 200 0 "-" "-"
138.68.82.23 - - [18/Jan/2025:20:19:23 +0100] "GET /ecp/Current/exporttool/microsoft.exchange.ediscovery.exporttool.application HTTP/1.1" 200 6513 "-" "Go-http-client/1.1"
138.68.82.23 - - [18/Jan/2025:20:19:23 +0100] "GET /server-status HTTP/1.1" 200 6513 "-" "Go-http-client/1.1"
138.68.82.23 - - [18/Jan/2025:20:19:23 +0100] "GET /.env HTTP/1.1" 200 6471 "-" "Go-http-client/1.1"
138.68.144.227 - - [18/Jan/2025:20:19:23 +0100] "GET /s/3353e25323e21323e25363/_/;/META-INF/maven/com.atlassian.jira/jira-webapp-dist/pom.properties HTTP/1.1" 200 6513 "-" "Go-http-client/1.1"
138.68.82.23 - - [18/Jan/2025:20:19:24 +0100] "GET /?rest_route=/wp/v2/users/ HTTP/1.1" 200 0 "-" "Go-http-client/1.1"
103.86.177.200 - - [18/Jan/2025:20:26:03 +0100] "GET /.well-known/acme-challenge/XRG_YA6KSFMX7NX6DY17V1IY1_4QFY22 HTTP/1.1" 404 1251 "-" "Cpanel-HTTP-Client/1.0"
148.66.1.242 - - [18/Jan/2025:20:02:24 +0100] "GET /robots.txt/.php HTTP/1.1" 404 1251 "http://www.baidu.com/" "Mozilla/5.0 (Windows NT 10.0; Win64; x64) AppleWebKit/537.36 (KHTML, like Gecko) Chrome/85.0.4183.121 Safari/537.36"
23.178.112.213 - - [18/Jan/2025:20:19:10 +0100] "GET /.well-known/acme-challenge/7aVEd6PY3MpAla-c6OuRP4PP8WwL660OfSTTB3JlT60 HTTP/1.1" 200 87 "-" "Mozilla/5.0 (compatible; Let's Encrypt validation server; +https://www.letsencrypt.org)"
13.214.178.162 - - [18/Jan/2025:20:19:11 +0100] "GET /.well-known/acme-challenge/nRNYPhnYVLNDxwyyICGDtxKbdfmbYe_vAu36nmRe9-4 HTTP/1.1" 200 87 "-" "Mozilla/5.0 (compatible; Let's Encrypt validation server; +https://www.letsencrypt.org)"
138.68.82.23 - - [18/Jan/2025:20:19:22 +0100] "GET /server HTTP/1.1" 200 6513 "-" "Go-http-client/1.1"
138.68.144.227 - - [18/Jan/2025:20:19:23 +0100] "GET /config.json HTTP/1.1" 200 6513 "-" "Go-http-client/1.1"
138.68.144.227 - - [18/Jan/2025:20:19:24 +0100] "GET /info.php HTTP/1.1" 200 6474 "-" "Go-http-client/1.1"
103.86.177.200 - - [18/Jan/2025:20:26:04 +0100] "GET /.well-known/acme-challenge/QZNAL0NWE98AQ82FYOAW2XWBSXA65I3L HTTP/1.1" 404 1251 "-" "Cpanel-HTTP-Client/1.0"
65.21.25.53 - - [18/Jan/2025:20:26:45 +0100] "GET /.well-known/acme-challenge/M-XQY8-AIIBFGWNI_4929JVIODH1ASVZ HTTP/1.1" 404 1251 "-" "Cpanel-HTTP-Client/1.0"
103.86.177.200 - - [18/Jan/2025:23:23:02 +0100] "GET /.well-known/acme-challenge/GOT7NBGWD7ZQ5CIX21YEYT11L0BIU-E1 HTTP/1.1" 404 1251 "-" "Cpanel-HTTP-Client/1.0"
216.244.66.247 - - [18/Jan/2025:21:22:01 +0100] "GET /admin/images/products/mah.php?path=/home/realadss/malviyanagar.jaipurpartyplanner.in/.well-known HTTP/1.1" 200 11921 "-" "Mozilla/5.0 (compatible; DotBot/1.2; +https://opensiteexplorer.org/dotbot; help@moz.com)"
