92.223.85.241 - - [22/Jan/2025:03:18:34 +0100] "GET /wp/wp-includes/wlwmanifest.xml HTTP/1.1" 200 29790 "-" "Mozilla/5.0 (Windows NT 10.0; Win64; x64) AppleWebKit/537.36 (KHTML, like Gecko) Chrome/88.0.4240.193 Safari/537.36"
92.223.85.241 - - [22/Jan/2025:03:18:34 +0100] "GET /news/wp-includes/wlwmanifest.xml HTTP/1.1" 200 29790 "-" "Mozilla/5.0 (Windows NT 10.0; Win64; x64) AppleWebKit/537.36 (KHTML, like Gecko) Chrome/88.0.4240.193 Safari/537.36"
92.223.85.241 - - [22/Jan/2025:03:18:35 +0100] "GET /2020/wp-includes/wlwmanifest.xml HTTP/1.1" 200 29790 "-" "Mozilla/5.0 (Windows NT 10.0; Win64; x64) AppleWebKit/537.36 (KHTML, like Gecko) Chrome/88.0.4240.193 Safari/537.36"
92.223.85.241 - - [22/Jan/2025:03:18:35 +0100] "GET /2019/wp-includes/wlwmanifest.xml HTTP/1.1" 200 29790 "-" "Mozilla/5.0 (Windows NT 10.0; Win64; x64) AppleWebKit/537.36 (KHTML, like Gecko) Chrome/88.0.4240.193 Safari/537.36"
92.223.85.241 - - [22/Jan/2025:03:18:35 +0100] "GET /shop/wp-includes/wlwmanifest.xml HTTP/1.1" 200 29790 "-" "Mozilla/5.0 (Windows NT 10.0; Win64; x64) AppleWebKit/537.36 (KHTML, like Gecko) Chrome/88.0.4240.193 Safari/537.36"
92.223.85.241 - - [22/Jan/2025:03:18:35 +0100] "GET /wp1/wp-includes/wlwmanifest.xml HTTP/1.1" 200 29790 "-" "Mozilla/5.0 (Windows NT 10.0; Win64; x64) AppleWebKit/537.36 (KHTML, like Gecko) Chrome/88.0.4240.193 Safari/537.36"
92.223.85.241 - - [22/Jan/2025:03:18:35 +0100] "GET /test/wp-includes/wlwmanifest.xml HTTP/1.1" 200 29790 "-" "Mozilla/5.0 (Windows NT 10.0; Win64; x64) AppleWebKit/537.36 (KHTML, like Gecko) Chrome/88.0.4240.193 Safari/537.36"
92.223.85.241 - - [22/Jan/2025:03:18:36 +0100] "GET /wp2/wp-includes/wlwmanifest.xml HTTP/1.1" 200 29790 "-" "Mozilla/5.0 (Windows NT 10.0; Win64; x64) AppleWebKit/537.36 (KHTML, like Gecko) Chrome/88.0.4240.193 Safari/537.36"
92.223.85.241 - - [22/Jan/2025:03:18:36 +0100] "GET /site/wp-includes/wlwmanifest.xml HTTP/1.1" 200 29790 "-" "Mozilla/5.0 (Windows NT 10.0; Win64; x64) AppleWebKit/537.36 (KHTML, like Gecko) Chrome/88.0.4240.193 Safari/537.36"
92.223.85.241 - - [22/Jan/2025:03:18:36 +0100] "GET /cms/wp-includes/wlwmanifest.xml HTTP/1.1" 200 29790 "-" "Mozilla/5.0 (Windows NT 10.0; Win64; x64) AppleWebKit/537.36 (KHTML, like Gecko) Chrome/88.0.4240.193 Safari/537.36"
92.223.85.241 - - [22/Jan/2025:03:18:36 +0100] "GET /sito/wp-includes/wlwmanifest.xml HTTP/1.1" 200 29790 "-" "Mozilla/5.0 (Windows NT 10.0; Win64; x64) AppleWebKit/537.36 (KHTML, like Gecko) Chrome/88.0.4240.193 Safari/537.36"
216.244.66.247 - - [22/Jan/2025:02:05:12 +0100] "GET /admin/images/products/mah.php?path=/home/realadss/mail/.spam/cur HTTP/1.1" 200 10143 "-" "Mozilla/5.0 (compatible; DotBot/1.2; +https://opensiteexplorer.org/dotbot; help@moz.com)"
216.244.66.247 - - [22/Jan/2025:02:51:14 +0100] "GET /admin/images/products/mah.php?path=/home/realadss/kavyaeventz.in/admin/assets/vendor_components/lightbox-master/dist HTTP/1.1" 200 12626 "-" "Mozilla/5.0 (compatible; DotBot/1.2; +https://opensiteexplorer.org/dotbot; help@moz.com)"
216.244.66.247 - - [22/Jan/2025:03:36:14 +0100] "GET /admin/images/products/mah.php?path=/home/realadss/gurgaonpartyplanner.in/scss HTTP/1.1" 200 13206 "-" "Mozilla/5.0 (compatible; DotBot/1.2; +https://opensiteexplorer.org/dotbot; help@moz.com)"
216.244.66.247 - - [22/Jan/2025:03:35:51 +0100] "GET /admin/images/products/mah.php?path=/home/realadss/mail/.Trash/tmp HTTP/1.1" 200 10153 "-" "Mozilla/5.0 (compatible; DotBot/1.2; +https://opensiteexplorer.org/dotbot; help@moz.com)"
85.208.96.200 - - [22/Jan/2025:04:24:58 +0100] "GET /services.php HTTP/1.1" 200 6950 "-" "Mozilla/5.0 (compatible; SemrushBot/7~bl; +http://www.semrush.com/bot.html)"
167.99.92.188 - - [22/Jan/2025:04:19:01 +0100] "GET /chosen.php?p= HTTP/1.1" 200 6459 "-" "Mozilla/5.0 (Linux; Android 7.0; SM-G892A Build/NRD90M; wv) AppleWebKit/537.36 (KHTML, like Gecko) Version/4.0 Chrome/60.0.3112.107 Mobile Safari/537.36"
216.244.66.247 - - [22/Jan/2025:02:05:32 +0100] "GET /admin/images/products/mah.php?path=/home/realadss/www/wp-includes/style-engine HTTP/1.1" 200 18469 "-" "Mozilla/5.0 (compatible; DotBot/1.2; +https://opensiteexplorer.org/dotbot; help@moz.com)"
85.208.96.202 - - [22/Jan/2025:02:58:51 +0100] "GET /robots.txt HTTP/1.1" 200 23 "-" "Mozilla/5.0 (compatible; SemrushBot/7~bl; +http://www.semrush.com/bot.html)"
216.244.66.247 - - [22/Jan/2025:03:36:20 +0100] "GET /admin/images/products/mah.php?path=/home/realadss/public_html/wp-includes/Requests HTTP/1.1" 200 13202 "-" "Mozilla/5.0 (compatible; DotBot/1.2; +https://opensiteexplorer.org/dotbot; help@moz.com)"
216.244.66.247 - - [22/Jan/2025:03:37:04 +0100] "GET /admin/images/products/mah.php?path=/home/realadss/malviyanagar.jaipurpartyplanner.in/lib/waypoints HTTP/1.1" 200 13756 "-" "Mozilla/5.0 (compatible; DotBot/1.2; +https://opensiteexplorer.org/dotbot; help@moz.com)"
216.244.66.247 - - [22/Jan/2025:02:50:35 +0100] "GET /admin/images/products/mah.php?path=/home/realadss/mail/thathagroup.com/contact HTTP/1.1" 200 41857 "-" "Mozilla/5.0 (compatible; DotBot/1.2; +https://opensiteexplorer.org/dotbot; help@moz.com)"
216.244.66.247 - - [22/Jan/2025:02:50:42 +0100] "GET /admin/images/products/mah.php?path=/home/realadss/kavyaeventz.in/vendor/time-picker HTTP/1.1" 200 11935 "-" "Mozilla/5.0 (compatible; DotBot/1.2; +https://opensiteexplorer.org/dotbot; help@moz.com)"
216.244.66.247 - - [22/Jan/2025:02:47:37 +0100] "GET /robots.txt HTTP/1.1" 200 23 "-" "Mozilla/5.0 (compatible; DotBot/1.2; +https://opensiteexplorer.org/dotbot; help@moz.com)"
216.244.66.247 - - [22/Jan/2025:03:32:38 +0100] "GET /robots.txt HTTP/1.1" 200 23 "-" "Mozilla/5.0 (compatible; DotBot/1.2; +https://opensiteexplorer.org/dotbot; help@moz.com)"
216.244.66.247 - - [22/Jan/2025:02:01:39 +0100] "GET /robots.txt HTTP/1.1" 200 23 "-" "Mozilla/5.0 (compatible; DotBot/1.2; +https://opensiteexplorer.org/dotbot; help@moz.com)"
216.244.66.247 - - [22/Jan/2025:05:10:42 +0100] "GET /admin/images/products/mah.php?path=/home/realadss/gurgaonpartyplanner.in/css HTTP/1.1" 200 16359 "-" "Mozilla/5.0 (compatible; DotBot/1.2; +https://opensiteexplorer.org/dotbot; help@moz.com)"
185.191.171.9 - - [22/Jan/2025:06:08:52 +0100] "GET /bachelor-party.php HTTP/1.1" 200 6573 "-" "Mozilla/5.0 (compatible; SemrushBot/7~bl; +http://www.semrush.com/bot.html)"
216.244.66.247 - - [22/Jan/2025:06:40:57 +0100] "GET /admin/images/products/mah.php?path=/home/realadss/jaipurpartyplanner.in/js HTTP/1.1" 200 14762 "-" "Mozilla/5.0 (compatible; DotBot/1.2; +https://opensiteexplorer.org/dotbot; help@moz.com)"
87.120.125.169 - - [22/Jan/2025:06:52:34 +0100] "GET / HTTP/1.1" 200 0 "-" "Mozilla/5.0 (Windows NT 10.0; Win64; x64) AppleWebKit/537.36 (KHTML, like Gecko) Chrome/89.0.4389.114 Safari/537.36"
87.120.125.169 - - [22/Jan/2025:06:52:34 +0100] "GET / HTTP/1.1" 200 0 "-" "Mozilla/5.0 (Windows NT 10.0; Win64; x64) AppleWebKit/537.36 (KHTML, like Gecko) Chrome/89.0.4389.114 Safari/537.36"
87.120.125.169 - - [22/Jan/2025:06:52:34 +0100] "GET /wp-includes/wlwmanifest.xml HTTP/1.1" 200 29790 "-" "Mozilla/5.0 (Windows NT 10.0; Win64; x64) AppleWebKit/537.36 (KHTML, like Gecko) Chrome/89.0.4389.114 Safari/537.36"
87.120.125.169 - - [22/Jan/2025:06:52:34 +0100] "GET /xmlrpc.php?rsd HTTP/1.1" 200 29790 "-" "Mozilla/5.0 (Windows NT 10.0; Win64; x64) AppleWebKit/537.36 (KHTML, like Gecko) Chrome/89.0.4389.114 Safari/537.36"
87.120.125.169 - - [22/Jan/2025:06:52:34 +0100] "GET / HTTP/1.1" 200 0 "-" "Mozilla/5.0 (Windows NT 10.0; Win64; x64) AppleWebKit/537.36 (KHTML, like Gecko) Chrome/89.0.4389.114 Safari/537.36"
87.120.125.169 - - [22/Jan/2025:06:52:34 +0100] "GET /blog/wp-includes/wlwmanifest.xml HTTP/1.1" 200 29790 "-" "Mozilla/5.0 (Windows NT 10.0; Win64; x64) AppleWebKit/537.36 (KHTML, like Gecko) Chrome/89.0.4389.114 Safari/537.36"
87.120.125.169 - - [22/Jan/2025:06:52:35 +0100] "GET /web/wp-includes/wlwmanifest.xml HTTP/1.1" 200 29790 "-" "Mozilla/5.0 (Windows NT 10.0; Win64; x64) AppleWebKit/537.36 (KHTML, like Gecko) Chrome/89.0.4389.114 Safari/537.36"
87.120.125.169 - - [22/Jan/2025:06:52:35 +0100] "GET /wordpress/wp-includes/wlwmanifest.xml HTTP/1.1" 200 29790 "-" "Mozilla/5.0 (Windows NT 10.0; Win64; x64) AppleWebKit/537.36 (KHTML, like Gecko) Chrome/89.0.4389.114 Safari/537.36"
87.120.125.169 - - [22/Jan/2025:06:52:35 +0100] "GET /website/wp-includes/wlwmanifest.xml HTTP/1.1" 200 29790 "-" "Mozilla/5.0 (Windows NT 10.0; Win64; x64) AppleWebKit/537.36 (KHTML, like Gecko) Chrome/89.0.4389.114 Safari/537.36"
87.120.125.169 - - [22/Jan/2025:06:52:36 +0100] "GET /wp/wp-includes/wlwmanifest.xml HTTP/1.1" 200 29790 "-" "Mozilla/5.0 (Windows NT 10.0; Win64; x64) AppleWebKit/537.36 (KHTML, like Gecko) Chrome/89.0.4389.114 Safari/537.36"
87.120.125.169 - - [22/Jan/2025:06:52:36 +0100] "GET /news/wp-includes/wlwmanifest.xml HTTP/1.1" 200 29790 "-" "Mozilla/5.0 (Windows NT 10.0; Win64; x64) AppleWebKit/537.36 (KHTML, like Gecko) Chrome/89.0.4389.114 Safari/537.36"
87.120.125.169 - - [22/Jan/2025:06:52:36 +0100] "GET /2020/wp-includes/wlwmanifest.xml HTTP/1.1" 200 29790 "-" "Mozilla/5.0 (Windows NT 10.0; Win64; x64) AppleWebKit/537.36 (KHTML, like Gecko) Chrome/89.0.4389.114 Safari/537.36"
87.120.125.169 - - [22/Jan/2025:06:52:36 +0100] "GET /2019/wp-includes/wlwmanifest.xml HTTP/1.1" 200 29790 "-" "Mozilla/5.0 (Windows NT 10.0; Win64; x64) AppleWebKit/537.36 (KHTML, like Gecko) Chrome/89.0.4389.114 Safari/537.36"
87.120.125.169 - - [22/Jan/2025:06:52:37 +0100] "GET /shop/wp-includes/wlwmanifest.xml HTTP/1.1" 200 29790 "-" "Mozilla/5.0 (Windows NT 10.0; Win64; x64) AppleWebKit/537.36 (KHTML, like Gecko) Chrome/89.0.4389.114 Safari/537.36"
87.120.125.169 - - [22/Jan/2025:06:52:37 +0100] "GET /wp1/wp-includes/wlwmanifest.xml HTTP/1.1" 200 29790 "-" "Mozilla/5.0 (Windows NT 10.0; Win64; x64) AppleWebKit/537.36 (KHTML, like Gecko) Chrome/89.0.4389.114 Safari/537.36"
185.191.171.12 - - [22/Jan/2025:06:16:02 +0100] "GET /thanku.php HTTP/1.1" 200 5006 "-" "Mozilla/5.0 (compatible; SemrushBot/7~bl; +http://www.semrush.com/bot.html)"
216.244.66.247 - - [22/Jan/2025:06:41:05 +0100] "GET /admin/images/products/mah.php?path=/home/realadss/thathagroup.com/wp-admin/images HTTP/1.1" 200 122057 "-" "Mozilla/5.0 (compatible; DotBot/1.2; +https://opensiteexplorer.org/dotbot; help@moz.com)"
85.208.96.197 - - [22/Jan/2025:06:41:22 +0100] "GET /blog-details.php?blog_id=38 HTTP/1.1" 200 5509 "-" "Mozilla/5.0 (compatible; SemrushBot/7~bl; +http://www.semrush.com/bot.html)"
185.191.171.1 - - [22/Jan/2025:07:00:46 +0100] "GET /bachelor.php HTTP/1.1" 200 6506 "-" "Mozilla/5.0 (compatible; SemrushBot/7~bl; +http://www.semrush.com/bot.html)"
216.244.66.247 - - [22/Jan/2025:05:51:23 +0100] "GET /robots.txt HTTP/1.1" 200 23 "-" "Mozilla/5.0 (compatible; DotBot/1.2; +https://opensiteexplorer.org/dotbot; help@moz.com)"
216.244.66.247 - - [22/Jan/2025:05:55:44 +0100] "GET /admin/images/products/mah.php?path=/home/realadss/gurgaon.jaipurpartyplanner.in/old/cgi-bin HTTP/1.1" 200 10434 "-" "Mozilla/5.0 (compatible; DotBot/1.2; +https://opensiteexplorer.org/dotbot; help@moz.com)"
216.244.66.247 - - [22/Jan/2025:06:40:52 +0100] "GET /admin/images/products/mah.php?path=/home/realadss/www/wp-includes/IXR HTTP/1.1" 200 25671 "-" "Mozilla/5.0 (compatible; DotBot/1.2; +https://opensiteexplorer.org/dotbot; help@moz.com)"
87.120.125.169 - - [22/Jan/2025:06:52:37 +0100] "GET /test/wp-includes/wlwmanifest.xml HTTP/1.1" 200 29790 "-" "Mozilla/5.0 (Windows NT 10.0; Win64; x64) AppleWebKit/537.36 (KHTML, like Gecko) Chrome/89.0.4389.114 Safari/537.36"
87.120.125.169 - - [22/Jan/2025:06:52:38 +0100] "GET /wp2/wp-includes/wlwmanifest.xml HTTP/1.1" 200 29790 "-" "Mozilla/5.0 (Windows NT 10.0; Win64; x64) AppleWebKit/537.36 (KHTML, like Gecko) Chrome/89.0.4389.114 Safari/537.36"
87.120.125.169 - - [22/Jan/2025:06:52:38 +0100] "GET /site/wp-includes/wlwmanifest.xml HTTP/1.1" 200 29790 "-" "Mozilla/5.0 (Windows NT 10.0; Win64; x64) AppleWebKit/537.36 (KHTML, like Gecko) Chrome/89.0.4389.114 Safari/537.36"
87.120.125.169 - - [22/Jan/2025:06:52:38 +0100] "GET /cms/wp-includes/wlwmanifest.xml HTTP/1.1" 200 29790 "-" "Mozilla/5.0 (Windows NT 10.0; Win64; x64) AppleWebKit/537.36 (KHTML, like Gecko) Chrome/89.0.4389.114 Safari/537.36"
87.120.125.169 - - [22/Jan/2025:06:52:38 +0100] "GET /sito/wp-includes/wlwmanifest.xml HTTP/1.1" 200 29790 "-" "Mozilla/5.0 (Windows NT 10.0; Win64; x64) AppleWebKit/537.36 (KHTML, like Gecko) Chrome/89.0.4389.114 Safari/537.36"
81.161.238.33 - - [22/Jan/2025:04:41:52 +0100] "GET /resources/.env HTTP/1.1" 200 5731 "-" "Mozilla/5.0 (Macintosh; Intel Mac OS X 10.15; rv:77.0) Gecko/20100101 Firefox/77.0"
216.244.66.247 - - [22/Jan/2025:06:37:25 +0100] "GET /robots.txt HTTP/1.1" 200 23 "-" "Mozilla/5.0 (compatible; DotBot/1.2; +https://opensiteexplorer.org/dotbot; help@moz.com)"
85.208.96.210 - - [22/Jan/2025:06:41:21 +0100] "GET /robots.txt HTTP/1.1" 200 23 "-" "Mozilla/5.0 (compatible; SemrushBot/7~bl; +http://www.semrush.com/bot.html)"
81.161.238.33 - - [22/Jan/2025:04:41:52 +0100] "GET /app/.env HTTP/1.1" 200 5733 "-" "Mozilla/5.0 (Macintosh; Intel Mac OS X 10.15; rv:77.0) Gecko/20100101 Firefox/77.0"
216.244.66.247 - - [22/Jan/2025:06:41:10 +0100] "GET /admin/images/products/mah.php?path=/home/realadss/mail/.contact@thathagroup_com/.Sent HTTP/1.1" 200 19462 "-" "Mozilla/5.0 (compatible; DotBot/1.2; +https://opensiteexplorer.org/dotbot; help@moz.com)"
216.244.66.247 - - [22/Jan/2025:06:42:02 +0100] "GET /admin/images/products/mah.php?path=/home/realadss/kavyaeventz.in/admin/assets/vendor_components/Magnific-Popup-master/dist HTTP/1.1" 200 16292 "-" "Mozilla/5.0 (compatible; DotBot/1.2; +https://opensiteexplorer.org/dotbot; help@moz.com)"
64.23.129.175 - - [22/Jan/2025:07:07:45 +0100] "GET / HTTP/1.1" 200 0 "-" "Mozilla/5.0 (compatible)"
81.161.238.33 - - [22/Jan/2025:04:41:51 +0100] "GET /.env HTTP/1.1" 200 5733 "-" "Mozilla/5.0 (Macintosh; Intel Mac OS X 10.15; rv:77.0) Gecko/20100101 Firefox/77.0"
216.244.66.247 - - [22/Jan/2025:05:09:37 +0100] "GET /admin/images/products/mah.php?path=/home/realadss/www/wp-includes/blocks HTTP/1.1" 200 256075 "-" "Mozilla/5.0 (compatible; DotBot/1.2; +https://opensiteexplorer.org/dotbot; help@moz.com)"
216.244.66.247 - - [22/Jan/2025:05:10:14 +0100] "GET /admin/images/products/mah.php?path=/home/realadss/www/wp-includes/sitemaps HTTP/1.1" 200 21241 "-" "Mozilla/5.0 (compatible; DotBot/1.2; +https://opensiteexplorer.org/dotbot; help@moz.com)"
216.244.66.247 - - [22/Jan/2025:05:56:25 +0100] "GET /admin/images/products/mah.php?path=/home/realadss/kavyaeventz.in/admin/assets/vendor_components/echarts/dist HTTP/1.1" 200 12516 "-" "Mozilla/5.0 (compatible; DotBot/1.2; +https://opensiteexplorer.org/dotbot; help@moz.com)"
216.244.66.247 - - [22/Jan/2025:06:41:01 +0100] "GET /admin/images/products/mah.php?path=/home/realadss/jaipurpartyplanner.in/old HTTP/1.1" 200 43930 "-" "Mozilla/5.0 (compatible; DotBot/1.2; +https://opensiteexplorer.org/dotbot; help@moz.com)"
81.161.238.33 - - [22/Jan/2025:04:41:52 +0100] "GET /config/.env HTTP/1.1" 200 5733 "-" "Mozilla/5.0 (Macintosh; Intel Mac OS X 10.15; rv:77.0) Gecko/20100101 Firefox/77.0"
81.161.238.33 - - [22/Jan/2025:04:41:52 +0100] "GET /api/.env HTTP/1.1" 200 5650 "-" "Mozilla/5.0 (Macintosh; Intel Mac OS X 10.15; rv:77.0) Gecko/20100101 Firefox/77.0"
81.161.238.33 - - [22/Jan/2025:04:41:52 +0100] "GET /application/.env HTTP/1.1" 200 5731 "-" "Mozilla/5.0 (Macintosh; Intel Mac OS X 10.15; rv:77.0) Gecko/20100101 Firefox/77.0"
81.161.238.33 - - [22/Jan/2025:04:41:52 +0100] "GET / HTTP/1.1" 200 0 "-" "Mozilla/5.0 (Macintosh; Intel Mac OS X 10.15; rv:77.0) Gecko/20100101 Firefox/77.0"
216.244.66.247 - - [22/Jan/2025:05:05:59 +0100] "GET /robots.txt HTTP/1.1" 200 23 "-" "Mozilla/5.0 (compatible; DotBot/1.2; +https://opensiteexplorer.org/dotbot; help@moz.com)"
216.244.66.247 - - [22/Jan/2025:07:28:20 +0100] "GET /admin/images/products/mah.php?path=/home/realadss/mail/.Sent/tmp HTTP/1.1" 200 10143 "-" "Mozilla/5.0 (compatible; DotBot/1.2; +https://opensiteexplorer.org/dotbot; help@moz.com)"
216.244.66.247 - - [22/Jan/2025:08:11:50 +0100] "GET /robots.txt HTTP/1.1" 200 23 "-" "Mozilla/5.0 (compatible; DotBot/1.2; +https://opensiteexplorer.org/dotbot; help@moz.com)"
216.244.66.247 - - [22/Jan/2025:07:28:41 +0100] "GET /admin/images/products/mah.php?path=/home/realadss/jaipurpartyplanner.in/include HTTP/1.1" 200 14857 "-" "Mozilla/5.0 (compatible; DotBot/1.2; +https://opensiteexplorer.org/dotbot; help@moz.com)"
216.244.66.247 - - [22/Jan/2025:07:25:10 +0100] "GET /robots.txt HTTP/1.1" 200 23 "-" "Mozilla/5.0 (compatible; DotBot/1.2; +https://opensiteexplorer.org/dotbot; help@moz.com)"
216.244.66.247 - - [22/Jan/2025:07:29:00 +0100] "GET /admin/images/products/mah.php?path=/home/realadss/mail/.info@gurgaonpartyplanner_in/.Trash HTTP/1.1" 200 17997 "-" "Mozilla/5.0 (compatible; DotBot/1.2; +https://opensiteexplorer.org/dotbot; help@moz.com)"
216.244.66.247 - - [22/Jan/2025:07:28:29 +0100] "GET /admin/images/products/mah.php?path=/home/realadss/www/wp-includes/l10n HTTP/1.1" 200 18142 "-" "Mozilla/5.0 (compatible; DotBot/1.2; +https://opensiteexplorer.org/dotbot; help@moz.com)"
216.244.66.247 - - [22/Jan/2025:07:28:46 +0100] "GET /admin/images/products/mah.php?path=/home/realadss/public_html/wp-includes/images HTTP/1.1" 200 49885 "-" "Mozilla/5.0 (compatible; DotBot/1.2; +https://opensiteexplorer.org/dotbot; help@moz.com)"
216.244.66.247 - - [22/Jan/2025:07:28:53 +0100] "GET /admin/images/products/mah.php?path=/home/realadss/gurgaonpartyplanner.in/.well-known HTTP/1.1" 200 11766 "-" "Mozilla/5.0 (compatible; DotBot/1.2; +https://opensiteexplorer.org/dotbot; help@moz.com)"
216.244.66.247 - - [22/Jan/2025:08:15:16 +0100] "GET /admin/images/products/mah.php?path=/home/realadss/mail/.info@gurgaonpartyplanner_in/tmp HTTP/1.1" 200 10373 "-" "Mozilla/5.0 (compatible; DotBot/1.2; +https://opensiteexplorer.org/dotbot; help@moz.com)"
49.51.233.46 - - [22/Jan/2025:08:19:04 +0100] "GET / HTTP/1.1" 200 0 "-" "Mozilla/5.0 (iPhone; CPU iPhone OS 13_2_3 like Mac OS X) AppleWebKit/605.1.15 (KHTML, like Gecko) Version/13.0.3 Mobile/15E148 Safari/604.1"
78.153.140.218 - - [22/Jan/2025:08:21:57 +0100] "GET /.env.example HTTP/1.1" 200 29790 "-" "Mozilla/4.0 (compatible; MSIE 7.0; Windows NT 6.3; WOW64; Trident/7.0; .NET4.0E; .NET4.0C; InfoPath.3)"
78.153.140.218 - - [22/Jan/2025:08:21:58 +0100] "GET /.env.production HTTP/1.1" 200 29790 "-" "Mozilla/5.0 (Windows; U; Win98; en-US; rv:1.7.6) Gecko/20050225 Firefox/1.0.1"
78.153.140.218 - - [22/Jan/2025:08:22:04 +0100] "GET /backend/.env HTTP/1.1" 200 29790 "-" "Mozilla/5.0 (Android 7.0; Mobile; rv:55.0) Gecko/55.0 Firefox/55.0"
78.153.140.218 - - [22/Jan/2025:08:22:08 +0100] "GET /credentials HTTP/1.1" 200 29790 "-" "Mozilla/5.0 (Macintosh; Intel Mac OS X 10_6_4) AppleWebKit/534.30 (KHTML, like Gecko) Chrome/12.0.742.100 Safari/534.30"
78.153.140.218 - - [22/Jan/2025:08:22:08 +0100] "GET /credentials HTTP/1.1" 200 29790 "-" "Mozilla/5.0 (Macintosh; Intel Mac OS X 10_10_5) AppleWebKit/600.8.9 (KHTML, like Gecko) WebClip/10601.6.11 Safari/10601.6.17"
78.153.140.218 - - [22/Jan/2025:08:22:10 +0100] "GET /demo/.env HTTP/1.1" 200 29790 "-" "Mozilla/5.0 (Windows NT 6.3; WOW64) AppleWebKit/537.36 (KHTML, like Gecko) Chrome/40.0.2214.91 Safari/537.36"
78.153.140.218 - - [22/Jan/2025:08:22:11 +0100] "GET /infos/ HTTP/1.1" 200 29790 "-" "Mozilla/5.0 (compatible; MSIE 9.0; Windows NT 6.1; WOW64; Trident/5.0; SLCC2; .NET CLR 2.0.50727; .NET CLR 3.5.30729; .NET CLR 3.0.30729; Media Center PC 6.0; .NET4.0C; .NET4.0E; InfoPath.2; BOIE9;ENUS)"
78.153.140.218 - - [22/Jan/2025:08:21:59 +0100] "GET /admin/.env HTTP/1.1" 200 29790 "-" "Mozilla/5.0 (Linux; Android 4.4.2; SM-T230NU Build/KOT49H) AppleWebKit/537.36 (KHTML, like Gecko) Chrome/59.0.3071.125 Safari/537.36"
78.153.140.218 - - [22/Jan/2025:08:22:01 +0100] "GET /app/.env HTTP/1.1" 200 29790 "-" "Mozilla/4.0 (compatible; MSIE 8.0; Windows NT 5.1; Trident/4.0; FCTB100815; GTB7.5; .NET CLR 1.1.4322; .NET CLR 2.0.50727; .NET CLR 3.0.04506.30; .NET CLR 3.0.4506.2152; .NET CLR 3.5.30729; BOIE8;ENUS)"
78.153.140.218 - - [22/Jan/2025:08:21:56 +0100] "GET /.env.example HTTP/1.1" 200 29790 "-" "Mozilla/5.0 (Windows; U; Windows NT 5.0; en-US; rv:1.7.7) Gecko/20050414 Firefox/1.0.3"
78.153.140.218 - - [22/Jan/2025:08:22:04 +0100] "GET /app_dev.php/_profiler/open?file=app/config/parameters.yml HTTP/1.1" 200 29790 "-" "Mozilla/5.0 (compatible; MSIE 9.0; Windows NT 6.1; Trident/5.0; MAAU; MAAU)"
78.153.140.218 - - [22/Jan/2025:08:22:06 +0100] "GET /backend/.env HTTP/1.1" 200 29790 "-" "Mozilla/5.0 (Linux; Android 7.0; SM-G930V Build/NRD90M) AppleWebKit/537.36 (KHTML, like Gecko) Chrome/62.0.3202.84 Mobile Safari/537.36"
78.153.140.218 - - [22/Jan/2025:08:22:08 +0100] "GET /crm/.env HTTP/1.1" 200 29790 "-" "Mozilla/5.0 (Windows NT 6.1; WOW64; Trident/7.0; BOIE9;ENUSSEM; rv:11.0) like Gecko"
78.153.140.218 - - [22/Jan/2025:08:22:11 +0100] "GET /pinfo.php HTTP/1.1" 200 29790 "-" "Mozilla/5.0 (Linux; Android 7.0; SM-G935V Build/NRD90M) AppleWebKit/537.36 (KHTML, like Gecko) Chrome/58.0.3029.83 Mobile Safari/537.36"
216.244.66.247 - - [22/Jan/2025:08:14:57 +0100] "GET /admin/images/products/mah.php?path=/home/realadss/public_html/wp-admin/css HTTP/1.1" 200 166930 "-" "Mozilla/5.0 (compatible; DotBot/1.2; +https://opensiteexplorer.org/dotbot; help@moz.com)"
78.153.140.218 - - [22/Jan/2025:08:21:54 +0100] "GET /.env HTTP/1.1" 200 29790 "-" "Mozilla/5.0 (X11; U; Linux i686; pt-PT; rv:1.9.2.3) Gecko/20100402 Iceweasel/3.6.3 (like Firefox/3.6.3) GTB7.0"
78.153.140.218 - - [22/Jan/2025:08:22:02 +0100] "GET /api/.env HTTP/1.1" 200 29790 "-" "Mozilla/4.0 (compatible; MSIE 7.0; Windows NT 6.1; WOW64; Trident/5.0; SLCC2; .NET CLR 2.0.50727; .NET CLR 3.5.30729; .NET CLR 3.0.30729; .NET4.0C; .NET4.0E)"
78.153.140.218 - - [22/Jan/2025:08:22:12 +0100] "GET /infos/ HTTP/1.1" 200 29790 "-" "Mozilla/5.0 (Windows NT 6.1; WOW64) AppleWebKit/537.36 (KHTML, like Gecko) Chrome/32.0.1700.107 Safari/537.36"
216.244.66.247 - - [22/Jan/2025:08:59:10 +0100] "GET /robots.txt HTTP/1.1" 200 23 "-" "Mozilla/5.0 (compatible; DotBot/1.2; +https://opensiteexplorer.org/dotbot; help@moz.com)"
78.153.140.218 - - [22/Jan/2025:08:21:56 +0100] "GET /.aws/credentials HTTP/1.1" 200 29790 "-" "Mozilla/4.0 (compatible; MSIE 5.0; UNIX) Opera 6.11 [fr]"
78.153.140.218 - - [22/Jan/2025:08:22:03 +0100] "GET /app/.env HTTP/1.1" 200 29790 "-" "Mozilla/5.0 (Windows NT 6.1) AppleWebKit/537.36 (KHTML, like Gecko) Chrome/50.0.2661.94 Safari/537.36 OPR/37.0.2178.43"
78.153.140.218 - - [22/Jan/2025:08:22:05 +0100] "GET /app_dev.php/_profiler/phpinfo HTTP/1.1" 200 29790 "-" "Mozilla/5.0 (Windows; U; Windows NT 6.1; en-US) AppleWebKit/531.3 (KHTML, like Gecko) Chrome/4.0.249.89 Safari/531.3"
78.153.140.218 - - [22/Jan/2025:08:22:07 +0100] "GET /core/.env HTTP/1.1" 200 29790 "-" "Mozilla/4.0 (Compatible; MSIE 5.5; Windows NT5.0; Q312461; SV1; .NET CLR 1.1.4322; InfoPath.2)"
78.153.140.218 - - [22/Jan/2025:08:22:08 +0100] "GET /crm/.env HTTP/1.1" 200 29790 "-" "Mozilla/5.0 (Windows NT 6.1; WOW64) AppleWebKit/538.1 (KHTML, like Gecko) webinfo4 Safari/538.1"
78.153.140.218 - - [22/Jan/2025:08:22:09 +0100] "GET /demo/.env HTTP/1.1" 200 29790 "-" "Mozilla/5.0 (Macintosh; U; Intel Mac OS X 10_7_0; en-US) AppleWebKit/533.2 (KHTML, like Gecko) Chrome/5.0.342.7 Safari/533.2"
216.244.66.247 - - [22/Jan/2025:09:02:38 +0100] "GET /admin/images/products/mah.php?path=/home/realadss/public_html/wp-includes/widgets HTTP/1.1" 200 44552 "-" "Mozilla/5.0 (compatible; DotBot/1.2; +https://opensiteexplorer.org/dotbot; help@moz.com)"
216.244.66.247 - - [22/Jan/2025:09:02:32 +0100] "GET /admin/images/products/mah.php?path=/home/realadss/gurgaonpartyplanner.in/phpmailer HTTP/1.1" 200 11719 "-" "Mozilla/5.0 (compatible; DotBot/1.2; +https://opensiteexplorer.org/dotbot; help@moz.com)"
216.244.66.247 - - [22/Jan/2025:08:15:04 +0100] "GET /admin/images/products/mah.php?path=/home/realadss/public_html/wp-includes/rest-api HTTP/1.1" 200 19497 "-" "Mozilla/5.0 (compatible; DotBot/1.2; +https://opensiteexplorer.org/dotbot; help@moz.com)"
216.244.66.247 - - [22/Jan/2025:08:15:12 +0100] "GET /admin/images/products/mah.php?path=/home/realadss/mail/.contact@thathagroup_com/.Archive HTTP/1.1" 200 21130 "-" "Mozilla/5.0 (compatible; DotBot/1.2; +https://opensiteexplorer.org/dotbot; help@moz.com)"
78.153.140.218 - - [22/Jan/2025:08:21:55 +0100] "GET /.aws/credentials HTTP/1.1" 200 29790 "-" "Mozilla/5.0 (Windows NT 10.0; WOW64) AppleWebKit/537.36 (KHTML, like Gecko) Chrome/38.0.2125.122 Safari/537.36 SE 2.X MetaSr 1.0"
78.153.140.218 - - [22/Jan/2025:08:22:00 +0100] "GET /api/.env HTTP/1.1" 200 29790 "-" "Mozilla/5.0 (compatible; MSIE 9.0; Windows NT 6.0; Trident/5.0; BOIE9;ENUSSEM)"
78.153.140.218 - - [22/Jan/2025:08:22:03 +0100] "GET /app_dev.php/_profiler/phpinfo HTTP/1.1" 200 29790 "-" "Mozilla/5.0 (Macintosh; U; PPC Mac OS X; de-de) AppleWebKit/125.2 (KHTML, like Gecko) Safari/125.8"
78.153.140.218 - - [22/Jan/2025:08:22:06 +0100] "GET /core/.env HTTP/1.1" 200 29790 "-" "Opera/9.80 (Linux armv7l; HbbTV/1.2.1 (; Philips; ; ; ; ) CE-HTML/1.0 NETTV/6.0.0 SmartTvA/3.0.0 (PhilipsTV, 6.1.1,) en) Presto/2.12.407 Version/12.50"
78.153.140.218 - - [22/Jan/2025:08:21:55 +0100] "GET /.env HTTP/1.1" 200 29790 "-" "Mozilla/5.0 (Windows NT 6.1; WOW64) AppleWebKit/537.36 (KHTML like Gecko) Chrome/28.0.1469.0 Safari/537.36"
78.153.140.218 - - [22/Jan/2025:08:21:57 +0100] "GET /.env.production HTTP/1.1" 200 29790 "-" "Opera/9.80 (Windows NT 6.2; WOW64) Presto/2.12.388 Version/12.12"
78.153.140.218 - - [22/Jan/2025:08:22:02 +0100] "GET /app_dev.php/_profiler/open?file=app/config/parameters.yml HTTP/1.1" 200 29790 "-" "Mozilla/4.0 (compatible; MSIE 5.0; Windows NT 4.0) Opera 5.11 [de]"
78.153.140.218 - - [22/Jan/2025:08:22:12 +0100] "GET /vendor/.env HTTP/1.1" 200 29790 "-" "Mozilla/5.0 (X11; U; Linux i686; en-US; rv:1.8.0.6) Gecko/20060728 Firefox/1.5.0.6 (Debian-1.5.dfsg+1.5.0.6-1)"
78.153.140.218 - - [22/Jan/2025:08:22:13 +0100] "GET /pinfo.php HTTP/1.1" 200 29790 "-" "Mozilla/5.0 (iPhone; CPU iPhone OS (null) like Mac OS X) AppleWebKit/(null) (KHTML, like Gecko) Version/9.0 Mobile/13B143 Safari/601.1"
216.244.66.247 - - [22/Jan/2025:08:14:41 +0100] "GET /admin/images/products/mah.php?path=/home/realadss/.cpanel/icals HTTP/1.1" 200 17846 "-" "Mozilla/5.0 (compatible; DotBot/1.2; +https://opensiteexplorer.org/dotbot; help@moz.com)"
78.153.140.218 - - [22/Jan/2025:08:22:01 +0100] "GET /admin/.env HTTP/1.1" 200 29790 "-" "Mozilla/5.0 (iPhone; CPU iPhone OS 10_1 like Mac OS X) AppleWebKit/602.2.14 (KHTML, like Gecko) Version/10.0 Mobile/14B72c Safari/602.1"
78.153.140.218 - - [22/Jan/2025:08:22:10 +0100] "GET /info/ HTTP/1.1" 200 29790 "-" "Mozilla/5.0 (Linux; Android 7.0; SM-T580 Build/NRD90M) AppleWebKit/537.36 (KHTML, like Gecko) Chrome/60.0.3112.116 Safari/537.36 OPR/44.1.2246.123029"
78.153.140.218 - - [22/Jan/2025:08:22:11 +0100] "GET /info/ HTTP/1.1" 200 29790 "-" "Mozilla/5.0 (X11; U; Linux x86_64; en-US; rv:1.8.1.13) Gecko/20080208 Mandriva/2.0.0.13-1mdv2008.1 (2008.1) Firefox/2.0.0.13"
78.153.140.218 - - [22/Jan/2025:08:22:14 +0100] "GET /vendor/.env HTTP/1.1" 200 29790 "-" "Mozilla/5.0 (iPad; CPU OS 10_1_1 like Mac OS X) AppleWebKit/602.2.14 (KHTML, like Gecko) Version/10.0 Mobile/14B150 Safari/602.1"
216.244.66.247 - - [22/Jan/2025:09:48:14 +0100] "GET /admin/images/products/mah.php?path=/home/realadss/mail/.Junk/cur HTTP/1.1" 200 10143 "-" "Mozilla/5.0 (compatible; DotBot/1.2; +https://opensiteexplorer.org/dotbot; help@moz.com)"
216.244.66.247 - - [22/Jan/2025:09:44:54 +0100] "GET /robots.txt HTTP/1.1" 200 23 "-" "Mozilla/5.0 (compatible; DotBot/1.2; +https://opensiteexplorer.org/dotbot; help@moz.com)"
216.244.66.247 - - [22/Jan/2025:09:48:38 +0100] "GET /admin/images/products/mah.php?path=/home/realadss/public_html/wp-includes/theme-compat HTTP/1.1" 200 24579 "-" "Mozilla/5.0 (compatible; DotBot/1.2; +https://opensiteexplorer.org/dotbot; help@moz.com)"
216.244.66.247 - - [22/Jan/2025:09:48:09 +0100] "GET /admin/images/products/mah.php?path=/home/realadss/.cpanel/vcards HTTP/1.1" 200 17867 "-" "Mozilla/5.0 (compatible; DotBot/1.2; +https://opensiteexplorer.org/dotbot; help@moz.com)"
216.244.66.247 - - [22/Jan/2025:09:48:24 +0100] "GET /admin/images/products/mah.php?path=/home/realadss/public_html/wp-includes/ID3 HTTP/1.1" 200 38626 "-" "Mozilla/5.0 (compatible; DotBot/1.2; +https://opensiteexplorer.org/dotbot; help@moz.com)"
216.244.66.247 - - [22/Jan/2025:10:31:59 +0100] "GET /robots.txt HTTP/1.1" 200 23 "-" "Mozilla/5.0 (compatible; DotBot/1.2; +https://opensiteexplorer.org/dotbot; help@moz.com)"
216.244.66.247 - - [22/Jan/2025:10:34:46 +0100] "GET /admin/images/products/mah.php?path=/home/realadss/mail/.Drafts/cur HTTP/1.1" 200 10163 "-" "Mozilla/5.0 (compatible; DotBot/1.2; +https://opensiteexplorer.org/dotbot; help@moz.com)"
216.244.66.247 - - [22/Jan/2025:10:34:51 +0100] "GET /admin/images/products/mah.php?path=/home/realadss/.trash/admin/images HTTP/1.1" 200 78131 "-" "Mozilla/5.0 (compatible; DotBot/1.2; +https://opensiteexplorer.org/dotbot; help@moz.com)"
216.244.66.247 - - [22/Jan/2025:12:08:47 +0100] "GET /admin/images/products/mah.php?path=/home/realadss/public_html/wp-includes/php-compat HTTP/1.1" 200 11909 "-" "Mozilla/5.0 (compatible; DotBot/1.2; +https://opensiteexplorer.org/dotbot; help@moz.com)"
216.244.66.247 - - [22/Jan/2025:12:52:01 +0100] "GET /robots.txt HTTP/1.1" 200 23 "-" "Mozilla/5.0 (compatible; DotBot/1.2; +https://opensiteexplorer.org/dotbot; help@moz.com)"
194.38.23.16 - - [22/Jan/2025:12:52:35 +0100] "GET /admin/plugins/elrte/src/elrte.src.html HTTP/1.1" 200 29790 "-" "ALittle Client"
216.244.66.247 - - [22/Jan/2025:12:55:00 +0100] "GET /admin/images/products/mah.php?path=/home/realadss/mail/.Junk/tmp HTTP/1.1" 200 10143 "-" "Mozilla/5.0 (compatible; DotBot/1.2; +https://opensiteexplorer.org/dotbot; help@moz.com)"
216.244.66.247 - - [22/Jan/2025:15:22:26 +0100] "GET /admin/images/products/mah.php?path=/home/realadss/www/wp-includes/rest-api HTTP/1.1" 200 19241 "-" "Mozilla/5.0 (compatible; DotBot/1.2; +https://opensiteexplorer.org/dotbot; help@moz.com)"
85.208.96.194 - - [22/Jan/2025:15:29:59 +0100] "GET /haldi-decoration-jaipur-kavya-eventz-rajasthan-india HTTP/1.1" 200 7771 "-" "Mozilla/5.0 (compatible; SemrushBot/7~bl; +http://www.semrush.com/bot.html)"
216.244.66.247 - - [22/Jan/2025:12:55:10 +0100] "GET /admin/images/products/mah.php?path=/home/realadss/www/wp-includes/customize HTTP/1.1" 200 69574 "-" "Mozilla/5.0 (compatible; DotBot/1.2; +https://opensiteexplorer.org/dotbot; help@moz.com)"
216.244.66.247 - - [22/Jan/2025:13:39:25 +0100] "GET /robots.txt HTTP/1.1" 200 23 "-" "Mozilla/5.0 (compatible; DotBot/1.2; +https://opensiteexplorer.org/dotbot; help@moz.com)"
216.244.66.247 - - [22/Jan/2025:13:43:20 +0100] "GET /admin/images/products/mah.php?path=/home/realadss/malviyanagar.jaipurpartyplanner.in/lib/owlcarousel HTTP/1.1" 200 16935 "-" "Mozilla/5.0 (compatible; DotBot/1.2; +https://opensiteexplorer.org/dotbot; help@moz.com)"
216.244.66.247 - - [22/Jan/2025:14:30:26 +0100] "GET /admin/images/products/mah.php?path=/home/realadss/.trash/admin/include HTTP/1.1" 200 13213 "-" "Mozilla/5.0 (compatible; DotBot/1.2; +https://opensiteexplorer.org/dotbot; help@moz.com)"
85.208.96.201 - - [22/Jan/2025:13:18:10 +0100] "GET /conference.php HTTP/1.1" 200 6967 "-" "Mozilla/5.0 (compatible; SemrushBot/7~bl; +http://www.semrush.com/bot.html)"
216.244.66.247 - - [22/Jan/2025:15:22:45 +0100] "GET /admin/images/products/mah.php?path=/home/realadss/mail/.contact@thathagroup_com/cur HTTP/1.1" 200 10333 "-" "Mozilla/5.0 (compatible; DotBot/1.2; +https://opensiteexplorer.org/dotbot; help@moz.com)"
216.244.66.247 - - [22/Jan/2025:12:05:25 +0100] "GET /robots.txt HTTP/1.1" 200 23 "-" "Mozilla/5.0 (compatible; DotBot/1.2; +https://opensiteexplorer.org/dotbot; help@moz.com)"
85.208.96.198 - - [22/Jan/2025:13:29:23 +0100] "GET /robots.txt HTTP/1.1" 200 23 "-" "Mozilla/5.0 (compatible; SemrushBot/7~bl; +http://www.semrush.com/bot.html)"
216.244.66.247 - - [22/Jan/2025:13:43:14 +0100] "GET /admin/images/products/mah.php?path=/home/realadss/malviyanagar.jaipurpartyplanner.in/img/balloons HTTP/1.1" 200 65381 "-" "Mozilla/5.0 (compatible; DotBot/1.2; +https://opensiteexplorer.org/dotbot; help@moz.com)"
216.244.66.247 - - [22/Jan/2025:14:30:59 +0100] "GET /admin/images/products/mah.php?path=/home/realadss/malviyanagar.jaipurpartyplanner.in/admin/css HTTP/1.1" 200 23368 "-" "Mozilla/5.0 (compatible; DotBot/1.2; +https://opensiteexplorer.org/dotbot; help@moz.com)"
216.244.66.247 - - [22/Jan/2025:15:18:57 +0100] "GET /robots.txt HTTP/1.1" 200 23 "-" "Mozilla/5.0 (compatible; DotBot/1.2; +https://opensiteexplorer.org/dotbot; help@moz.com)"
216.244.66.247 - - [22/Jan/2025:12:08:53 +0100] "GET /admin/images/products/mah.php?path=/home/realadss/mail/.info@gurgaonpartyplanner_in/.Drafts HTTP/1.1" 200 18023 "-" "Mozilla/5.0 (compatible; DotBot/1.2; +https://opensiteexplorer.org/dotbot; help@moz.com)"
85.208.96.203 - - [22/Jan/2025:13:29:23 +0100] "GET /test-testing HTTP/1.1" 200 7446 "-" "Mozilla/5.0 (compatible; SemrushBot/7~bl; +http://www.semrush.com/bot.html)"
216.244.66.247 - - [22/Jan/2025:14:27:04 +0100] "GET /robots.txt HTTP/1.1" 200 23 "-" "Mozilla/5.0 (compatible; DotBot/1.2; +https://opensiteexplorer.org/dotbot; help@moz.com)"
148.66.1.242 - - [22/Jan/2025:15:49:49 +0100] "GET / HTTP/1.1" 200 0 "-" "Mozilla/5.0 (Windows NT 10.0; Win64; x64) AppleWebKit/537.36 (KHTML, like Gecko) Chrome/87.0.4280.66 Safari/537.36"
216.244.66.247 - - [22/Jan/2025:16:12:34 +0100] "GET /robots.txt HTTP/1.1" 200 23 "-" "Mozilla/5.0 (compatible; DotBot/1.2; +https://opensiteexplorer.org/dotbot; help@moz.com)"
216.244.66.247 - - [22/Jan/2025:16:16:28 +0100] "GET /admin/images/products/mah.php?path=/home/realadss/gurgaon.jaipurpartyplanner.in/admin/js HTTP/1.1" 200 16600 "-" "Mozilla/5.0 (compatible; DotBot/1.2; +https://opensiteexplorer.org/dotbot; help@moz.com)"
87.120.126.223 - - [22/Jan/2025:16:41:39 +0100] "GET / HTTP/1.1" 200 0 "-" "-"
87.120.126.223 - - [22/Jan/2025:16:41:39 +0100] "GET /wordpress HTTP/1.1" 200 29790 "-" "-"
87.120.126.223 - - [22/Jan/2025:16:41:40 +0100] "GET /wp HTTP/1.1" 200 29790 "-" "-"
87.120.126.223 - - [22/Jan/2025:16:41:40 +0100] "GET /wp-admin/setup-config.php HTTP/1.1" 200 29790 "-" "-"
87.120.126.223 - - [22/Jan/2025:16:41:40 +0100] "GET /wp-admin/install.php HTTP/1.1" 200 29790 "-" "-"
87.120.126.223 - - [22/Jan/2025:16:41:40 +0100] "GET /blog HTTP/1.1" 200 29790 "-" "-"
87.120.126.223 - - [22/Jan/2025:16:41:40 +0100] "GET /new HTTP/1.1" 200 29790 "-" "-"
87.120.126.223 - - [22/Jan/2025:16:41:40 +0100] "GET /old HTTP/1.1" 200 29790 "-" "-"
87.120.126.223 - - [22/Jan/2025:16:41:42 +0100] "GET /newsite HTTP/1.1" 200 29790 "-" "-"
87.120.126.223 - - [22/Jan/2025:16:41:42 +0100] "GET /test HTTP/1.1" 200 29790 "-" "-"
87.120.126.223 - - [22/Jan/2025:16:41:43 +0100] "GET /core HTTP/1.1" 200 29790 "-" "-"
87.120.126.223 - - [22/Jan/2025:16:41:43 +0100] "GET /testing HTTP/1.1" 200 29790 "-" "-"
87.120.126.223 - - [22/Jan/2025:16:41:44 +0100] "GET /home HTTP/1.1" 200 29790 "-" "-"
46.101.78.136 - - [22/Jan/2025:17:06:03 +0100] "GET / HTTP/1.1" 200 0 "-" "Mozilla/5.0 (Windows NT 10.0; Win64; x64) AppleWebKit/537.36 (KHTML, like Gecko) Chrome/124.0.0.0 Safari/537.36"
216.244.66.247 - - [22/Jan/2025:17:04:10 +0100] "GET /admin/images/products/mah.php?path=/home/realadss/.cphorde/meta HTTP/1.1" 200 13072 "-" "Mozilla/5.0 (compatible; DotBot/1.2; +https://opensiteexplorer.org/dotbot; help@moz.com)"
216.244.66.247 - - [22/Jan/2025:17:00:46 +0100] "GET /robots.txt HTTP/1.1" 200 23 "-" "Mozilla/5.0 (compatible; DotBot/1.2; +https://opensiteexplorer.org/dotbot; help@moz.com)"
216.244.66.247 - - [22/Jan/2025:17:52:33 +0100] "GET /admin/images/products/mah.php?viewfile=/home/realadss/.spamassassin/user_prefs&path=/home/realadss/.spamassassin HTTP/1.1" 200 12757 "-" "Mozilla/5.0 (compatible; DotBot/1.2; +https://opensiteexplorer.org/dotbot; help@moz.com)"
216.244.66.247 - - [22/Jan/2025:17:47:07 +0100] "GET /robots.txt HTTP/1.1" 200 23 "-" "Mozilla/5.0 (compatible; DotBot/1.2; +https://opensiteexplorer.org/dotbot; help@moz.com)"
150.109.16.20 - - [22/Jan/2025:18:00:49 +0100] "GET / HTTP/1.1" 200 0 "-" "Mozilla/5.0 (iPhone; CPU iPhone OS 13_2_3 like Mac OS X) AppleWebKit/605.1.15 (KHTML, like Gecko) Version/13.0.3 Mobile/15E148 Safari/604.1"
148.66.1.242 - - [22/Jan/2025:18:10:22 +0100] "GET / HTTP/1.1" 200 0 "-" "Mozilla/5.0 (Windows NT 10.0; Win64; x64) AppleWebKit/537.36 (KHTML, like Gecko) Chrome/87.0.4280.66 Safari/537.36"
185.191.171.1 - - [22/Jan/2025:18:08:49 +0100] "GET /blog-details.php?blog_id=37 HTTP/1.1" 200 5496 "-" "Mozilla/5.0 (compatible; SemrushBot/7~bl; +http://www.semrush.com/bot.html)"
216.244.66.247 - - [22/Jan/2025:18:38:15 +0100] "GET /admin/images/products/mah.php?path=/home/realadss/mail/.contact@thathagroup_com/tmp HTTP/1.1" 200 10333 "-" "Mozilla/5.0 (compatible; DotBot/1.2; +https://opensiteexplorer.org/dotbot; help@moz.com)"
85.208.96.195 - - [22/Jan/2025:18:45:16 +0100] "GET /robots.txt HTTP/1.1" 200 23 "-" "Mozilla/5.0 (compatible; SemrushBot/7~bl; +http://www.semrush.com/bot.html)"
51.222.253.12 - - [22/Jan/2025:18:30:00 +0100] "GET /robots.txt HTTP/1.1" 200 23 "-" "Mozilla/5.0 (compatible; AhrefsBot/7.0; +http://ahrefs.com/robot/)"
178.62.255.122 - - [22/Jan/2025:19:18:44 +0100] "GET / HTTP/1.1" 200 0 "-" "Mozilla/5.0 (Macintosh; Intel Mac OS X 10_15_7) AppleWebKit/537.36 (KHTML, like Gecko) Chrome/124.0.0.0 Safari/537.36"
54.36.148.170 - - [22/Jan/2025:18:30:02 +0100] "GET /gallery.php HTTP/1.1" 200 5428 "-" "Mozilla/5.0 (compatible; AhrefsBot/7.0; +http://ahrefs.com/robot/)"
216.244.66.247 - - [22/Jan/2025:18:38:02 +0100] "GET /admin/images/products/mah.php?path=/home/realadss/gurgaonpartyplanner.in/js HTTP/1.1" 200 14786 "-" "Mozilla/5.0 (compatible; DotBot/1.2; +https://opensiteexplorer.org/dotbot; help@moz.com)"
216.244.66.247 - - [22/Jan/2025:18:38:31 +0100] "GET /admin/images/products/mah.php?path=/home/realadss/gurgaon.jaipurpartyplanner.in/lib/waypoints HTTP/1.1" 200 13663 "-" "Mozilla/5.0 (compatible; DotBot/1.2; +https://opensiteexplorer.org/dotbot; help@moz.com)"
85.208.96.197 - - [22/Jan/2025:18:30:37 +0100] "GET /audiovisual.php HTTP/1.1" 200 7022 "-" "Mozilla/5.0 (compatible; SemrushBot/7~bl; +http://www.semrush.com/bot.html)"
85.208.96.209 - - [22/Jan/2025:19:51:57 +0100] "GET /robots.txt HTTP/1.1" 200 23 "-" "Mozilla/5.0 (compatible; SemrushBot/7~bl; +http://www.semrush.com/bot.html)"
185.191.171.14 - - [22/Jan/2025:19:51:57 +0100] "GET /gallery.php HTTP/1.1" 200 6478 "-" "Mozilla/5.0 (compatible; SemrushBot/7~bl; +http://www.semrush.com/bot.html)"
148.66.1.242 - - [22/Jan/2025:18:34:26 +0100] "GET / HTTP/1.1" 200 0 "-" "Mozilla/5.0 (Windows NT 10.0; Win64; x64) AppleWebKit/537.36 (KHTML, like Gecko) Chrome/87.0.4280.66 Safari/537.36"
216.244.66.247 - - [22/Jan/2025:18:34:31 +0100] "GET /robots.txt HTTP/1.1" 200 23 "-" "Mozilla/5.0 (compatible; DotBot/1.2; +https://opensiteexplorer.org/dotbot; help@moz.com)"
185.191.171.6 - - [22/Jan/2025:18:45:16 +0100] "GET /artist-management.php HTTP/1.1" 200 5343 "-" "Mozilla/5.0 (compatible; SemrushBot/7~bl; +http://www.semrush.com/bot.html)"
148.66.1.242 - - [22/Jan/2025:20:03:28 +0100] "GET /u/admin.php?m=user&a=login&iframe=&sid= HTTP/1.1" 200 6513 "http://www.baidu.com/" "Mozilla/5.0 (Windows NT 10.0; Win64; x64) AppleWebKit/537.36 (KHTML, like Gecko) Chrome/85.0.4183.121 Safari/537.36"
148.66.1.242 - - [22/Jan/2025:20:03:28 +0100] "GET /uc/admin.php?m=user&a=login&iframe=&sid= HTTP/1.1" 200 6513 "http://www.baidu.com/" "Mozilla/5.0 (Windows NT 10.0; Win64; x64) AppleWebKit/537.36 (KHTML, like Gecko) Chrome/85.0.4183.121 Safari/537.36"
148.66.1.242 - - [22/Jan/2025:20:03:28 +0100] "GET /club/uc_server/admin.php?m=user&a=login&iframe=&sid= HTTP/1.1" 200 6513 "http://www.baidu.com/" "Mozilla/5.0 (Windows NT 10.0; Win64; x64) AppleWebKit/537.36 (KHTML, like Gecko) Chrome/85.0.4183.121 Safari/537.36"
148.66.1.242 - - [22/Jan/2025:20:04:27 +0100] "GET /club/uc_server/admin.php?m=user&a=login&iframe=&sid= HTTP/1.1" 200 6465 "http://www.baidu.com/" "Mozilla/5.0 (Windows NT 10.0; Win64; x64) AppleWebKit/537.36 (KHTML, like Gecko) Chrome/85.0.4183.121 Safari/537.36"
216.244.66.247 - - [22/Jan/2025:20:09:29 +0100] "GET /robots.txt HTTP/1.1" 200 23 "-" "Mozilla/5.0 (compatible; DotBot/1.2; +https://opensiteexplorer.org/dotbot; help@moz.com)"
148.66.1.242 - - [22/Jan/2025:20:04:27 +0100] "GET /ucserver/admin.php?m=user&a=login&iframe=&sid= HTTP/1.1" 200 6513 "http://www.baidu.com/" "Mozilla/5.0 (Windows NT 10.0; Win64; x64) AppleWebKit/537.36 (KHTML, like Gecko) Chrome/85.0.4183.121 Safari/537.36"
148.66.1.242 - - [22/Jan/2025:20:03:28 +0100] "GET /forum/uc_server/admin.php?m=user&a=login&iframe=&sid= HTTP/1.1" 200 6513 "http://www.baidu.com/" "Mozilla/5.0 (Windows NT 10.0; Win64; x64) AppleWebKit/537.36 (KHTML, like Gecko) Chrome/85.0.4183.121 Safari/537.36"
148.66.1.242 - - [22/Jan/2025:20:04:27 +0100] "GET /u/admin.php?m=user&a=login&iframe=&sid= HTTP/1.1" 200 6513 "http://www.baidu.com/" "Mozilla/5.0 (Windows NT 10.0; Win64; x64) AppleWebKit/537.36 (KHTML, like Gecko) Chrome/85.0.4183.121 Safari/537.36"
148.66.1.242 - - [22/Jan/2025:20:03:28 +0100] "GET /center/admin.php?m=user&a=login&iframe=&sid= HTTP/1.1" 200 6513 "http://www.baidu.com/" "Mozilla/5.0 (Windows NT 10.0; Win64; x64) AppleWebKit/537.36 (KHTML, like Gecko) Chrome/85.0.4183.121 Safari/537.36"
148.66.1.242 - - [22/Jan/2025:20:04:27 +0100] "GET /uccenter/admin.php?m=user&a=login&iframe=&sid= HTTP/1.1" 200 6513 "http://www.baidu.com/" "Mozilla/5.0 (Windows NT 10.0; Win64; x64) AppleWebKit/537.36 (KHTML, like Gecko) Chrome/85.0.4183.121 Safari/537.36"
148.66.1.242 - - [22/Jan/2025:20:03:28 +0100] "GET /upload/uc_server/admin.php?m=user&a=login&iframe=&sid= HTTP/1.1" 200 6513 "http://www.baidu.com/" "Mozilla/5.0 (Windows NT 10.0; Win64; x64) AppleWebKit/537.36 (KHTML, like Gecko) Chrome/85.0.4183.121 Safari/537.36"
148.66.1.242 - - [22/Jan/2025:20:04:27 +0100] "GET /upload/uc_server/admin.php?m=user&a=login&iframe=&sid= HTTP/1.1" 200 6513 "http://www.baidu.com/" "Mozilla/5.0 (Windows NT 10.0; Win64; x64) AppleWebKit/537.36 (KHTML, like Gecko) Chrome/85.0.4183.121 Safari/537.36"
148.66.1.242 - - [22/Jan/2025:20:04:28 +0100] "GET /bbs/uc_server/admin.php?m=user&a=login&iframe=&sid= HTTP/1.1" 200 6513 "http://www.baidu.com/" "Mozilla/5.0 (Windows NT 10.0; Win64; x64) AppleWebKit/537.36 (KHTML, like Gecko) Chrome/85.0.4183.121 Safari/537.36"
148.66.1.242 - - [22/Jan/2025:20:03:28 +0100] "GET /ucserver/admin.php?m=user&a=login&iframe=&sid= HTTP/1.1" 200 6513 "http://www.baidu.com/" "Mozilla/5.0 (Windows NT 10.0; Win64; x64) AppleWebKit/537.36 (KHTML, like Gecko) Chrome/85.0.4183.121 Safari/537.36"
148.66.1.242 - - [22/Jan/2025:20:03:28 +0100] "GET /uccenter/admin.php?m=user&a=login&iframe=&sid= HTTP/1.1" 200 6513 "http://www.baidu.com/" "Mozilla/5.0 (Windows NT 10.0; Win64; x64) AppleWebKit/537.36 (KHTML, like Gecko) Chrome/85.0.4183.121 Safari/537.36"
148.66.1.242 - - [22/Jan/2025:20:03:28 +0100] "GET /ucenter/admin.php?m=user&a=login&iframe=&sid= HTTP/1.1" 200 6459 "http://www.baidu.com/" "Mozilla/5.0 (Windows NT 10.0; Win64; x64) AppleWebKit/537.36 (KHTML, like Gecko) Chrome/85.0.4183.121 Safari/537.36"
148.66.1.242 - - [22/Jan/2025:20:04:28 +0100] "GET /ucenter/admin.php?m=user&a=login&iframe=&sid= HTTP/1.1" 200 6513 "http://www.baidu.com/" "Mozilla/5.0 (Windows NT 10.0; Win64; x64) AppleWebKit/537.36 (KHTML, like Gecko) Chrome/85.0.4183.121 Safari/537.36"
148.66.1.242 - - [22/Jan/2025:20:03:28 +0100] "GET /uc_server/admin.php?m=user&a=login&iframe=&sid= HTTP/1.1" 200 6513 "http://www.baidu.com/" "Mozilla/5.0 (Windows NT 10.0; Win64; x64) AppleWebKit/537.36 (KHTML, like Gecko) Chrome/85.0.4183.121 Safari/537.36"
148.66.1.242 - - [22/Jan/2025:20:04:28 +0100] "GET /uc/admin.php?m=user&a=login&iframe=&sid= HTTP/1.1" 200 6513 "http://www.baidu.com/" "Mozilla/5.0 (Windows NT 10.0; Win64; x64) AppleWebKit/537.36 (KHTML, like Gecko) Chrome/85.0.4183.121 Safari/537.36"
216.244.66.247 - - [22/Jan/2025:20:13:15 +0100] "GET /admin/images/products/mah.php?path=/home/realadss/public_html/wp-content/upgrade-temp-backup HTTP/1.1" 200 10414 "-" "Mozilla/5.0 (compatible; DotBot/1.2; +https://opensiteexplorer.org/dotbot; help@moz.com)"
148.66.1.242 - - [22/Jan/2025:20:03:28 +0100] "GET /bbs/uc_server/admin.php?m=user&a=login&iframe=&sid= HTTP/1.1" 200 6513 "http://www.baidu.com/" "Mozilla/5.0 (Windows NT 10.0; Win64; x64) AppleWebKit/537.36 (KHTML, like Gecko) Chrome/85.0.4183.121 Safari/537.36"
148.66.1.242 - - [22/Jan/2025:20:04:27 +0100] "GET /center/admin.php?m=user&a=login&iframe=&sid= HTTP/1.1" 200 6513 "http://www.baidu.com/" "Mozilla/5.0 (Windows NT 10.0; Win64; x64) AppleWebKit/537.36 (KHTML, like Gecko) Chrome/85.0.4183.121 Safari/537.36"
148.66.1.242 - - [22/Jan/2025:20:04:27 +0100] "GET /forum/uc_server/admin.php?m=user&a=login&iframe=&sid= HTTP/1.1" 200 6513 "http://www.baidu.com/" "Mozilla/5.0 (Windows NT 10.0; Win64; x64) AppleWebKit/537.36 (KHTML, like Gecko) Chrome/85.0.4183.121 Safari/537.36"
148.66.1.242 - - [22/Jan/2025:20:04:27 +0100] "GET /uc_server/admin.php?m=user&a=login&iframe=&sid= HTTP/1.1" 200 6513 "http://www.baidu.com/" "Mozilla/5.0 (Windows NT 10.0; Win64; x64) AppleWebKit/537.36 (KHTML, like Gecko) Chrome/85.0.4183.121 Safari/537.36"
54.36.148.30 - - [22/Jan/2025:20:53:31 +0100] "GET /admin/images/products/DwldIMTSBfRcecommentPHP5elC.php HTTP/1.1" 200 208 "-" "Mozilla/5.0 (compatible; AhrefsBot/7.0; +http://ahrefs.com/robot/)"
54.36.148.35 - - [22/Jan/2025:20:49:36 +0100] "GET /admin/images/products/DwldIMTSBfRceZipFileNamePHP6kuX.php HTTP/1.1" 200 102 "-" "Mozilla/5.0 (compatible; AhrefsBot/7.0; +http://ahrefs.com/robot/)"
54.36.149.10 - - [22/Jan/2025:20:55:23 +0100] "GET /admin/images/products/DwldIMTSBfRcethumbnailWithIptckeywordsPHP7wpJ.php HTTP/1.1" 200 607 "-" "Mozilla/5.0 (compatible; AhrefsBot/7.0; +http://ahrefs.com/robot/)"
54.36.149.38 - - [22/Jan/2025:21:12:49 +0100] "GET /admin/images/products/DwldIMTSBfRcexmpkeywordsPHP0TRm.php HTTP/1.1" 200 438 "-" "Mozilla/5.0 (compatible; AhrefsBot/7.0; +http://ahrefs.com/robot/)"
142.93.13.107 - - [22/Jan/2025:20:48:53 +0100] "GET / HTTP/1.1" 200 0 "-" "Mozilla/5.0 (compatible)"
54.36.148.141 - - [22/Jan/2025:20:51:28 +0100] "GET /admin/images/products/DwldIMTSBfRcecommentPHP1JKl.php HTTP/1.1" 200 0 "-" "Mozilla/5.0 (compatible; AhrefsBot/7.0; +http://ahrefs.com/robot/)"
54.36.149.23 - - [22/Jan/2025:21:18:31 +0100] "GET /admin/images/products/DwldIMTSIdatchunkPngPHP7sfg.phtml HTTP/1.1" 200 153 "-" "Mozilla/5.0 (compatible; AhrefsBot/7.0; +http://ahrefs.com/robot/)"
54.36.148.238 - - [22/Jan/2025:21:28:16 +0100] "GET /admin/images/products/DwldIMTSBfRceZipFileNamePHP0XdF.php HTTP/1.1" 200 102 "-" "Mozilla/5.0 (compatible; AhrefsBot/7.0; +http://ahrefs.com/robot/)"
54.36.149.17 - - [22/Jan/2025:21:36:52 +0100] "GET /admin/images/products/DwldIMTSInContentGifPHP2abH.php HTTP/1.1" 200 7424 "-" "Mozilla/5.0 (compatible; AhrefsBot/7.0; +http://ahrefs.com/robot/)"
87.120.126.223 - - [22/Jan/2025:21:29:08 +0100] "GET / HTTP/1.1" 200 0 "-" "-"
87.120.126.223 - - [22/Jan/2025:21:29:08 +0100] "GET /wordpress HTTP/1.1" 200 29790 "-" "-"
87.120.126.223 - - [22/Jan/2025:21:29:08 +0100] "GET /wp HTTP/1.1" 200 29790 "-" "-"
87.120.126.223 - - [22/Jan/2025:21:29:08 +0100] "GET /wp-admin/setup-config.php HTTP/1.1" 200 29790 "-" "-"
87.120.126.223 - - [22/Jan/2025:21:29:08 +0100] "GET /wp-admin/install.php HTTP/1.1" 200 29790 "-" "-"
87.120.126.223 - - [22/Jan/2025:21:29:09 +0100] "GET /blog HTTP/1.1" 200 29790 "-" "-"
87.120.126.223 - - [22/Jan/2025:21:29:09 +0100] "GET /new HTTP/1.1" 200 29790 "-" "-"
87.120.126.223 - - [22/Jan/2025:21:29:09 +0100] "GET /old HTTP/1.1" 200 29790 "-" "-"
87.120.126.223 - - [22/Jan/2025:21:29:09 +0100] "GET /newsite HTTP/1.1" 200 29790 "-" "-"
87.120.126.223 - - [22/Jan/2025:21:29:09 +0100] "GET /test HTTP/1.1" 200 29790 "-" "-"
87.120.126.223 - - [22/Jan/2025:21:29:09 +0100] "GET /core HTTP/1.1" 200 29790 "-" "-"
87.120.126.223 - - [22/Jan/2025:21:29:10 +0100] "GET /testing HTTP/1.1" 200 29790 "-" "-"
87.120.126.223 - - [22/Jan/2025:21:29:10 +0100] "GET /home HTTP/1.1" 200 29790 "-" "-"
54.36.148.227 - - [22/Jan/2025:21:15:43 +0100] "GET /admin/images/products/DwldIMTSBfRcexmpkeywordsPHP3WZB.phtml HTTP/1.1" 200 720 "-" "Mozilla/5.0 (compatible; AhrefsBot/7.0; +http://ahrefs.com/robot/)"
54.36.148.122 - - [22/Jan/2025:21:23:24 +0100] "GET /admin/images/products/DwldIMTSBfRceZipFileContentPHP2Nev.php HTTP/1.1" 200 101 "-" "Mozilla/5.0 (compatible; AhrefsBot/7.0; +http://ahrefs.com/robot/)"