146.59.126.232 - - [18/Jan/2025:21:52:09 +0100] "GET / HTTP/1.1" 200 0 "-" "Mozilla/5.0 (Macintosh; Intel Mac OS X 10_15_7) AppleWebKit/537.36 (KHTML, like Gecko) Chrome/125.0.0.0 Safari/537.36"
51.195.166.174 - - [18/Jan/2025:21:52:11 +0100] "GET /favicon.ico HTTP/1.1" 200 6513 "-" "Mozilla/5.0 (Macintosh; Intel Mac OS X 10_15_7) AppleWebKit/537.36 (KHTML, like Gecko) Chrome/125.0.0.0 Safari/537.36"
54.36.148.87 - - [18/Jan/2025:20:43:04 +0100] "GET /admin/images/?SA HTTP/1.1" 200 2528 "-" "Mozilla/5.0 (compatible; AhrefsBot/7.0; +http://ahrefs.com/robot/)"
216.244.66.247 - - [18/Jan/2025:21:20:30 +0100] "GET /admin/images/products/mah.php?path=/home/realadss/malviyanagar.jaipurpartyplanner.in/old HTTP/1.1" 200 45090 "-" "Mozilla/5.0 (compatible; DotBot/1.2; +https://opensiteexplorer.org/dotbot; help@moz.com)"
185.212.149.57 - - [18/Jan/2025:21:52:09 +0100] "GET / HTTP/1.1" 200 0 "-" "Mozilla/5.0 (Linux; Android 10; K) AppleWebKit/537.36 (KHTML, like Gecko) Chrome/128.0.0.0 Mobile Safari/537.36"
216.244.66.247 - - [18/Jan/2025:21:57:16 +0100] "GET /robots.txt HTTP/1.1" 200 23 "-" "Mozilla/5.0 (compatible; DotBot/1.2; +https://opensiteexplorer.org/dotbot; help@moz.com)"
216.244.66.247 - - [18/Jan/2025:22:43:24 +0100] "GET /robots.txt HTTP/1.1" 200 23 "-" "Mozilla/5.0 (compatible; DotBot/1.2; +https://opensiteexplorer.org/dotbot; help@moz.com)"
216.244.66.247 - - [18/Jan/2025:22:10:34 +0100] "GET /admin/images/products/mah.php?path=/home/realadss/.trash/public_html HTTP/1.1" 200 11555 "-" "Mozilla/5.0 (compatible; DotBot/1.2; +https://opensiteexplorer.org/dotbot; help@moz.com)"
216.244.66.247 - - [18/Jan/2025:23:02:16 +0100] "GET /admin/images/products/mah.php?path=/home/realadss/kavyaeventz.in/images/gradient HTTP/1.1" 200 13388 "-" "Mozilla/5.0 (compatible; DotBot/1.2; +https://opensiteexplorer.org/dotbot; help@moz.com)"
65.21.25.53 - - [18/Jan/2025:23:23:37 +0100] "GET /.well-known/acme-challenge/06X9L73ZZC-DCPCC05W3S8CQSKGDQ6W3 HTTP/1.1" 404 1251 "-" "Cpanel-HTTP-Client/1.0"
65.21.25.53 - - [18/Jan/2025:23:23:13 +0100] "GET /.well-known/acme-challenge/2N3GHL_RSZWX48T-2ZJTWIEQHV2I1K2A HTTP/1.1" 404 1251 "-" "Cpanel-HTTP-Client/1.0"
65.21.25.53 - - [18/Jan/2025:23:23:40 +0100] "GET /.well-known/acme-challenge/15I81AZ7Z5CGJ7AFG2Y2L5WT4SOM2M57 HTTP/1.1" 404 1251 "-" "Cpanel-HTTP-Client/1.0"
216.244.66.247 - - [18/Jan/2025:21:16:10 +0100] "GET /admin/images/products/mah.php?path=/home/realadss/thathagroup.com/backup HTTP/1.1" 200 11699 "-" "Mozilla/5.0 (compatible; DotBot/1.2; +https://opensiteexplorer.org/dotbot; help@moz.com)"
154.213.185.183 - - [18/Jan/2025:21:52:09 +0100] "GET / HTTP/1.1" 200 0 "-" "Mozilla/5.0 (Macintosh; Intel Mac OS X 10.15; rv:125.0) Gecko/20100101 Firefox/125.0"
103.86.177.200 - - [18/Jan/2025:23:23:01 +0100] "GET /.well-known/acme-challenge/UHGPA95L13AGISG3RR4-AYJMYD84KACM HTTP/1.1" 404 1251 "-" "Cpanel-HTTP-Client/1.0"
103.86.177.200 - - [18/Jan/2025:23:23:03 +0100] "GET /.well-known/acme-challenge/9CHSEYLWQXD78CGKCKW3N9Q110ZA1TF- HTTP/1.1" 404 1251 "-" "Cpanel-HTTP-Client/1.0"
216.244.66.247 - - [18/Jan/2025:21:24:02 +0100] "GET /admin/images/products/mah.php?path=/home/realadss/kavyaeventz.in/admin/assets/vendor_components/date-paginator HTTP/1.1" 200 14170 "-" "Mozilla/5.0 (compatible; DotBot/1.2; +https://opensiteexplorer.org/dotbot; help@moz.com)"
216.244.66.247 - - [18/Jan/2025:21:24:47 +0100] "GET /admin/images/products/mah.php?path=/home/realadss/kavyaeventz.in/admin/assets/vendor_components/chart.js-master HTTP/1.1" 200 12434 "-" "Mozilla/5.0 (compatible; DotBot/1.2; +https://opensiteexplorer.org/dotbot; help@moz.com)"
216.244.66.247 - - [18/Jan/2025:22:20:54 +0100] "GET /admin/images/products/mah.php?path=/home/realadss/kavyaeventz.in/admin/assets/vendor_components/datatable HTTP/1.1" 200 14049 "-" "Mozilla/5.0 (compatible; DotBot/1.2; +https://opensiteexplorer.org/dotbot; help@moz.com)"
216.244.66.247 - - [18/Jan/2025:23:06:54 +0100] "GET /admin/images/products/mah.php?path=/home/realadss/malviyanagar.jaipurpartyplanner.in/phpmailer HTTP/1.1" 200 11874 "-" "Mozilla/5.0 (compatible; DotBot/1.2; +https://opensiteexplorer.org/dotbot; help@moz.com)"
65.21.25.53 - - [18/Jan/2025:23:23:07 +0100] "GET /.well-known/acme-challenge/JWI99661D8EUNL3D2SFGC40EAUK7OXH9 HTTP/1.1" 404 1251 "-" "Cpanel-HTTP-Client/1.0"
54.36.148.202 - - [18/Jan/2025:20:35:36 +0100] "GET /admin/images/?MA HTTP/1.1" 200 2532 "-" "Mozilla/5.0 (compatible; AhrefsBot/7.0; +http://ahrefs.com/robot/)"
216.244.66.247 - - [18/Jan/2025:20:58:49 +0100] "GET /robots.txt HTTP/1.1" 200 23 "-" "Mozilla/5.0 (compatible; DotBot/1.2; +https://opensiteexplorer.org/dotbot; help@moz.com)"
65.21.25.53 - - [18/Jan/2025:23:23:16 +0100] "GET /.well-known/acme-challenge/IHAIBQVJPOUHVVT181MYZ6LN2AWD69D0 HTTP/1.1" 404 1251 "-" "Cpanel-HTTP-Client/1.0"
216.244.66.247 - - [18/Jan/2025:23:54:14 +0100] "GET /admin/images/products/mah.php?path=/home/realadss/kavyaeventz.in/admin/assets/icons/weather-icons HTTP/1.1" 200 12093 "-" "Mozilla/5.0 (compatible; DotBot/1.2; +https://opensiteexplorer.org/dotbot; help@moz.com)"
216.244.66.247 - - [18/Jan/2025:23:47:16 +0100] "GET /admin/images/products/mah.php?path=/home/realadss/thathagroup.com/wp-admin HTTP/1.1" 200 163367 "-" "Mozilla/5.0 (compatible; DotBot/1.2; +https://opensiteexplorer.org/dotbot; help@moz.com)"
216.244.66.247 - - [18/Jan/2025:23:55:25 +0100] "GET /admin/images/products/mah.php?path=/home/realadss/kavyaeventz.in/admin/assets/vendor_components/sweetalert HTTP/1.1" 200 15777 "-" "Mozilla/5.0 (compatible; DotBot/1.2; +https://opensiteexplorer.org/dotbot; help@moz.com)"
216.244.66.247 - - [18/Jan/2025:23:29:01 +0100] "GET /robots.txt HTTP/1.1" 200 23 "-" "Mozilla/5.0 (compatible; DotBot/1.2; +https://opensiteexplorer.org/dotbot; help@moz.com)"
216.244.66.247 - - [19/Jan/2025:00:15:09 +0100] "GET /robots.txt HTTP/1.1" 200 23 "-" "Mozilla/5.0 (compatible; DotBot/1.2; +https://opensiteexplorer.org/dotbot; help@moz.com)"
185.242.177.19 - - [19/Jan/2025:01:30:23 +0100] "GET / HTTP/1.1" 200 0 "-" "python-requests/2.32.3"
216.244.66.247 - - [19/Jan/2025:01:19:51 +0100] "GET /admin/images/products/mah.php?path=/home/realadss/kavyaeventz.in/admin/assets/vendor_components/fullcalendar HTTP/1.1" 200 17312 "-" "Mozilla/5.0 (compatible; DotBot/1.2; +https://opensiteexplorer.org/dotbot; help@moz.com)"
62.182.85.138 - - [19/Jan/2025:01:12:27 +0100] "GET /sites/all/libraries/plupload/examples/upload.php HTTP/1.1" 200 29790 "-" "ALittle Client"
216.244.66.247 - - [19/Jan/2025:00:27:08 +0100] "GET /admin/images/products/mah.php?path=/home/realadss/logs/roundcube HTTP/1.1" 200 14549 "-" "Mozilla/5.0 (compatible; DotBot/1.2; +https://opensiteexplorer.org/dotbot; help@moz.com)"
216.244.66.247 - - [19/Jan/2025:00:34:04 +0100] "GET /admin/images/products/mah.php?path=/home/realadss/kavyaeventz.in/images/resource HTTP/1.1" 200 97956 "-" "Mozilla/5.0 (compatible; DotBot/1.2; +https://opensiteexplorer.org/dotbot; help@moz.com)"
185.242.177.19 - - [19/Jan/2025:01:30:23 +0100] "GET / HTTP/1.1" 200 0 "-" "python-requests/2.32.3"
216.244.66.247 - - [19/Jan/2025:01:14:03 +0100] "GET /admin/images/products/mah.php?path=/home/realadss/malviyanagar.jaipurpartyplanner.in/img HTTP/1.1" 200 60265 "-" "Mozilla/5.0 (compatible; DotBot/1.2; +https://opensiteexplorer.org/dotbot; help@moz.com)"
216.244.66.247 - - [19/Jan/2025:01:01:27 +0100] "GET /robots.txt HTTP/1.1" 200 23 "-" "Mozilla/5.0 (compatible; DotBot/1.2; +https://opensiteexplorer.org/dotbot; help@moz.com)"
216.244.66.247 - - [19/Jan/2025:01:47:46 +0100] "GET /robots.txt HTTP/1.1" 200 23 "-" "Mozilla/5.0 (compatible; DotBot/1.2; +https://opensiteexplorer.org/dotbot; help@moz.com)"
216.244.66.247 - - [19/Jan/2025:01:53:27 +0100] "GET /admin/images/products/mah.php?path=/home/realadss/gurgaon.jaipurpartyplanner.in/img HTTP/1.1" 200 59555 "-" "Mozilla/5.0 (compatible; DotBot/1.2; +https://opensiteexplorer.org/dotbot; help@moz.com)"
54.36.149.5 - - [19/Jan/2025:01:55:41 +0100] "GET /baby-shower.php HTTP/1.1" 200 6188 "-" "Mozilla/5.0 (compatible; AhrefsBot/7.0; +http://ahrefs.com/robot/)"
54.36.148.71 - - [19/Jan/2025:02:01:52 +0100] "GET /girls-theme.php HTTP/1.1" 200 6243 "-" "Mozilla/5.0 (compatible; AhrefsBot/7.0; +http://ahrefs.com/robot/)"
54.36.148.196 - - [19/Jan/2025:02:13:17 +0100] "GET /birthday.php HTTP/1.1" 200 6149 "-" "Mozilla/5.0 (compatible; AhrefsBot/7.0; +http://ahrefs.com/robot/)"
103.86.177.200 - - [19/Jan/2025:02:24:07 +0100] "GET /.well-known/acme-challenge/1Z0Q0K4BVBPQWLZ65Q_MKF9CQT-9L8KO HTTP/1.1" 404 1251 "-" "Cpanel-HTTP-Client/1.0"
65.21.25.53 - - [19/Jan/2025:02:24:16 +0100] "GET /.well-known/acme-challenge/U2KNO-MX7FKVFZB-ZFGBW3ZAOGDMR4YN HTTP/1.1" 404 1251 "-" "Cpanel-HTTP-Client/1.0"
65.21.25.53 - - [19/Jan/2025:02:24:40 +0100] "GET /.well-known/acme-challenge/9IBXZJBZRFT9EX-RK2TTOY5G7Q7RZQFA HTTP/1.1" 404 1251 "-" "Cpanel-HTTP-Client/1.0"
54.36.148.35 - - [19/Jan/2025:02:35:04 +0100] "GET /return-gift.php HTTP/1.1" 200 6157 "-" "Mozilla/5.0 (compatible; AhrefsBot/7.0; +http://ahrefs.com/robot/)"
103.86.177.200 - - [19/Jan/2025:02:24:06 +0100] "GET /.well-known/acme-challenge/3B8M6ZYQ5E90KYZH_BAHHG0SM-XKAI-P HTTP/1.1" 404 1251 "-" "Cpanel-HTTP-Client/1.0"
54.36.148.89 - - [19/Jan/2025:02:29:35 +0100] "GET /boys-theme.php HTTP/1.1" 200 6200 "-" "Mozilla/5.0 (compatible; AhrefsBot/7.0; +http://ahrefs.com/robot/)"
216.244.66.247 - - [19/Jan/2025:03:32:47 +0100] "GET /admin/images/products/mah.php?path=/home/realadss/kavyaeventz.in/admin/assets/icons/iconsmind HTTP/1.1" 200 20250 "-" "Mozilla/5.0 (compatible; DotBot/1.2; +https://opensiteexplorer.org/dotbot; help@moz.com)"
216.244.66.247 - - [19/Jan/2025:02:40:23 +0100] "GET /admin/images/products/mah.php?path=/home/realadss/mail/thathagroup.com HTTP/1.1" 200 11549 "-" "Mozilla/5.0 (compatible; DotBot/1.2; +https://opensiteexplorer.org/dotbot; help@moz.com)"
216.244.66.247 - - [19/Jan/2025:03:31:44 +0100] "GET /admin/images/products/mah.php?path=/home/realadss/kavyaeventz.in/images/fancybox HTTP/1.1" 200 18842 "-" "Mozilla/5.0 (compatible; DotBot/1.2; +https://opensiteexplorer.org/dotbot; help@moz.com)"
103.86.177.200 - - [19/Jan/2025:02:24:08 +0100] "GET /.well-known/acme-challenge/97O4N93DTMZ2TB73LJFF1F_RT7JFJ_SZ HTTP/1.1" 404 1251 "-" "Cpanel-HTTP-Client/1.0"
65.21.25.53 - - [19/Jan/2025:02:24:12 +0100] "GET /.well-known/acme-challenge/UNILAJ126YVA98N4YUBQUCYQULQPR-MG HTTP/1.1" 404 1251 "-" "Cpanel-HTTP-Client/1.0"
216.244.66.247 - - [19/Jan/2025:03:25:26 +0100] "GET /robots.txt HTTP/1.1" 200 23 "-" "Mozilla/5.0 (compatible; DotBot/1.2; +https://opensiteexplorer.org/dotbot; help@moz.com)"
65.21.25.53 - - [19/Jan/2025:02:24:37 +0100] "GET /.well-known/acme-challenge/WUFIUEPEZN6--X-92_GTS8_5U04S6USX HTTP/1.1" 404 1251 "-" "Cpanel-HTTP-Client/1.0"
216.244.66.247 - - [19/Jan/2025:02:35:25 +0100] "GET /robots.txt HTTP/1.1" 200 23 "-" "Mozilla/5.0 (compatible; DotBot/1.2; +https://opensiteexplorer.org/dotbot; help@moz.com)"
49.51.38.193 - - [19/Jan/2025:03:19:40 +0100] "GET / HTTP/1.1" 200 0 "-" "Mozilla/5.0 (iPhone; CPU iPhone OS 13_2_3 like Mac OS X) AppleWebKit/605.1.15 (KHTML, like Gecko) Version/13.0.3 Mobile/15E148 Safari/604.1"
65.21.25.53 - - [19/Jan/2025:02:24:18 +0100] "GET /.well-known/acme-challenge/6IIX4_5N7QTWMPOXR2LNPGHUL-BKRGVC HTTP/1.1" 404 1251 "-" "Cpanel-HTTP-Client/1.0"
216.244.66.247 - - [19/Jan/2025:04:24:45 +0100] "GET /admin/images/products/mah.php?path=/home/realadss/kavyaeventz.in/admin/assets/vendor_components/bootstrap-tagsinput HTTP/1.1" 200 12325 "-" "Mozilla/5.0 (compatible; DotBot/1.2; +https://opensiteexplorer.org/dotbot; help@moz.com)"
216.244.66.247 - - [19/Jan/2025:04:23:50 +0100] "GET /admin/images/products/mah.php?path=/home/realadss/malviyanagar.jaipurpartyplanner.in/include HTTP/1.1" 200 15137 "-" "Mozilla/5.0 (compatible; DotBot/1.2; +https://opensiteexplorer.org/dotbot; help@moz.com)"
216.244.66.247 - - [19/Jan/2025:04:18:20 +0100] "GET /robots.txt HTTP/1.1" 200 23 "-" "Mozilla/5.0 (compatible; DotBot/1.2; +https://opensiteexplorer.org/dotbot; help@moz.com)"
132.145.29.111 - - [19/Jan/2025:04:40:54 +0100] "GET / HTTP/1.1" 200 0 "-" "Mozilla/5.0 (Windows NT 10.0; Win64; x64) AppleWebKit/537.36 (KHTML, like Gecko) Chrome/95.0.4638.69 Safari/537.36"
132.145.29.111 - - [19/Jan/2025:04:40:54 +0100] "GET /wp-includes/ID3/license.txt HTTP/1.1" 200 29790 "-" "Mozilla/5.0 (Windows NT 10.0; Win64; x64) AppleWebKit/537.36 (KHTML, like Gecko) Chrome/95.0.4638.69 Safari/537.36"
132.145.29.111 - - [19/Jan/2025:04:40:54 +0100] "GET /feed/ HTTP/1.1" 200 29790 "-" "Mozilla/5.0 (Windows NT 10.0; Win64; x64) AppleWebKit/537.36 (KHTML, like Gecko) Chrome/95.0.4638.69 Safari/537.36"
132.145.29.111 - - [19/Jan/2025:04:40:54 +0100] "GET /xmlrpc.php?rsd HTTP/1.1" 200 29790 "-" "Mozilla/5.0 (Windows NT 10.0; Win64; x64) AppleWebKit/537.36 (KHTML, like Gecko) Chrome/95.0.4638.69 Safari/537.36"
132.145.29.111 - - [19/Jan/2025:04:40:54 +0100] "GET /blog/wp-includes/wlwmanifest.xml HTTP/1.1" 200 29790 "-" "Mozilla/5.0 (Windows NT 10.0; Win64; x64) AppleWebKit/537.36 (KHTML, like Gecko) Chrome/95.0.4638.69 Safari/537.36"
132.145.29.111 - - [19/Jan/2025:04:40:54 +0100] "GET /web/wp-includes/wlwmanifest.xml HTTP/1.1" 200 29790 "-" "Mozilla/5.0 (Windows NT 10.0; Win64; x64) AppleWebKit/537.36 (KHTML, like Gecko) Chrome/95.0.4638.69 Safari/537.36"
132.145.29.111 - - [19/Jan/2025:04:40:54 +0100] "GET /wordpress/wp-includes/wlwmanifest.xml HTTP/1.1" 200 29790 "-" "Mozilla/5.0 (Windows NT 10.0; Win64; x64) AppleWebKit/537.36 (KHTML, like Gecko) Chrome/95.0.4638.69 Safari/537.36"
132.145.29.111 - - [19/Jan/2025:04:40:55 +0100] "GET /wp/wp-includes/wlwmanifest.xml HTTP/1.1" 200 29790 "-" "Mozilla/5.0 (Windows NT 10.0; Win64; x64) AppleWebKit/537.36 (KHTML, like Gecko) Chrome/95.0.4638.69 Safari/537.36"
132.145.29.111 - - [19/Jan/2025:04:40:55 +0100] "GET /2020/wp-includes/wlwmanifest.xml HTTP/1.1" 200 29790 "-" "Mozilla/5.0 (Windows NT 10.0; Win64; x64) AppleWebKit/537.36 (KHTML, like Gecko) Chrome/95.0.4638.69 Safari/537.36"
132.145.29.111 - - [19/Jan/2025:04:40:55 +0100] "GET /2019/wp-includes/wlwmanifest.xml HTTP/1.1" 200 29790 "-" "Mozilla/5.0 (Windows NT 10.0; Win64; x64) AppleWebKit/537.36 (KHTML, like Gecko) Chrome/95.0.4638.69 Safari/537.36"
132.145.29.111 - - [19/Jan/2025:04:40:55 +0100] "GET /2021/wp-includes/wlwmanifest.xml HTTP/1.1" 200 29790 "-" "Mozilla/5.0 (Windows NT 10.0; Win64; x64) AppleWebKit/537.36 (KHTML, like Gecko) Chrome/95.0.4638.69 Safari/537.36"
132.145.29.111 - - [19/Jan/2025:04:40:55 +0100] "GET /shop/wp-includes/wlwmanifest.xml HTTP/1.1" 200 29790 "-" "Mozilla/5.0 (Windows NT 10.0; Win64; x64) AppleWebKit/537.36 (KHTML, like Gecko) Chrome/95.0.4638.69 Safari/537.36"
132.145.29.111 - - [19/Jan/2025:04:40:55 +0100] "GET /wp1/wp-includes/wlwmanifest.xml HTTP/1.1" 200 29790 "-" "Mozilla/5.0 (Windows NT 10.0; Win64; x64) AppleWebKit/537.36 (KHTML, like Gecko) Chrome/95.0.4638.69 Safari/537.36"
132.145.29.111 - - [19/Jan/2025:04:40:55 +0100] "GET /test/wp-includes/wlwmanifest.xml HTTP/1.1" 200 29790 "-" "Mozilla/5.0 (Windows NT 10.0; Win64; x64) AppleWebKit/537.36 (KHTML, like Gecko) Chrome/95.0.4638.69 Safari/537.36"
132.145.29.111 - - [19/Jan/2025:04:40:55 +0100] "GET /site/wp-includes/wlwmanifest.xml HTTP/1.1" 200 29790 "-" "Mozilla/5.0 (Windows NT 10.0; Win64; x64) AppleWebKit/537.36 (KHTML, like Gecko) Chrome/95.0.4638.69 Safari/537.36"
132.145.29.111 - - [19/Jan/2025:04:40:55 +0100] "GET /cms/wp-includes/wlwmanifest.xml HTTP/1.1" 200 29790 "-" "Mozilla/5.0 (Windows NT 10.0; Win64; x64) AppleWebKit/537.36 (KHTML, like Gecko) Chrome/95.0.4638.69 Safari/537.36"
216.244.66.247 - - [19/Jan/2025:05:09:07 +0100] "GET /admin/images/products/mah.php?path=/home/realadss/www/wp-content HTTP/1.1" 200 34173 "-" "Mozilla/5.0 (compatible; DotBot/1.2; +https://opensiteexplorer.org/dotbot; help@moz.com)"
216.244.66.247 - - [19/Jan/2025:05:09:52 +0100] "GET /admin/images/products/mah.php?path=/home/realadss/gurgaon.jaipurpartyplanner.in/lib HTTP/1.1" 200 17530 "-" "Mozilla/5.0 (compatible; DotBot/1.2; +https://opensiteexplorer.org/dotbot; help@moz.com)"
132.145.29.111 - - [19/Jan/2025:04:40:54 +0100] "GET / HTTP/1.1" 200 0 "-" "Mozilla/5.0 (Windows NT 10.0; Win64; x64) AppleWebKit/537.36 (KHTML, like Gecko) Chrome/95.0.4638.69 Safari/537.36"
132.145.29.111 - - [19/Jan/2025:04:40:54 +0100] "GET /wp-includes/ID3/license.txt HTTP/1.1" 200 29790 "-" "Mozilla/5.0 (Windows NT 10.0; Win64; x64) AppleWebKit/537.36 (KHTML, like Gecko) Chrome/95.0.4638.69 Safari/537.36"
132.145.29.111 - - [19/Jan/2025:04:40:54 +0100] "GET /feed/ HTTP/1.1" 200 29790 "-" "Mozilla/5.0 (Windows NT 10.0; Win64; x64) AppleWebKit/537.36 (KHTML, like Gecko) Chrome/95.0.4638.69 Safari/537.36"
132.145.29.111 - - [19/Jan/2025:04:40:54 +0100] "GET /xmlrpc.php?rsd HTTP/1.1" 200 29790 "-" "Mozilla/5.0 (Windows NT 10.0; Win64; x64) AppleWebKit/537.36 (KHTML, like Gecko) Chrome/95.0.4638.69 Safari/537.36"
132.145.29.111 - - [19/Jan/2025:04:40:54 +0100] "GET /blog/wp-includes/wlwmanifest.xml HTTP/1.1" 200 29790 "-" "Mozilla/5.0 (Windows NT 10.0; Win64; x64) AppleWebKit/537.36 (KHTML, like Gecko) Chrome/95.0.4638.69 Safari/537.36"
132.145.29.111 - - [19/Jan/2025:04:40:54 +0100] "GET /web/wp-includes/wlwmanifest.xml HTTP/1.1" 200 29790 "-" "Mozilla/5.0 (Windows NT 10.0; Win64; x64) AppleWebKit/537.36 (KHTML, like Gecko) Chrome/95.0.4638.69 Safari/537.36"
132.145.29.111 - - [19/Jan/2025:04:40:54 +0100] "GET /wordpress/wp-includes/wlwmanifest.xml HTTP/1.1" 200 29790 "-" "Mozilla/5.0 (Windows NT 10.0; Win64; x64) AppleWebKit/537.36 (KHTML, like Gecko) Chrome/95.0.4638.69 Safari/537.36"
132.145.29.111 - - [19/Jan/2025:04:40:54 +0100] "GET /wp/wp-includes/wlwmanifest.xml HTTP/1.1" 200 29790 "-" "Mozilla/5.0 (Windows NT 10.0; Win64; x64) AppleWebKit/537.36 (KHTML, like Gecko) Chrome/95.0.4638.69 Safari/537.36"
132.145.29.111 - - [19/Jan/2025:04:40:55 +0100] "GET /2020/wp-includes/wlwmanifest.xml HTTP/1.1" 200 29790 "-" "Mozilla/5.0 (Windows NT 10.0; Win64; x64) AppleWebKit/537.36 (KHTML, like Gecko) Chrome/95.0.4638.69 Safari/537.36"
132.145.29.111 - - [19/Jan/2025:04:40:55 +0100] "GET /2019/wp-includes/wlwmanifest.xml HTTP/1.1" 200 29790 "-" "Mozilla/5.0 (Windows NT 10.0; Win64; x64) AppleWebKit/537.36 (KHTML, like Gecko) Chrome/95.0.4638.69 Safari/537.36"
132.145.29.111 - - [19/Jan/2025:04:40:55 +0100] "GET /2021/wp-includes/wlwmanifest.xml HTTP/1.1" 200 29790 "-" "Mozilla/5.0 (Windows NT 10.0; Win64; x64) AppleWebKit/537.36 (KHTML, like Gecko) Chrome/95.0.4638.69 Safari/537.36"
132.145.29.111 - - [19/Jan/2025:04:40:55 +0100] "GET /shop/wp-includes/wlwmanifest.xml HTTP/1.1" 200 29790 "-" "Mozilla/5.0 (Windows NT 10.0; Win64; x64) AppleWebKit/537.36 (KHTML, like Gecko) Chrome/95.0.4638.69 Safari/537.36"
132.145.29.111 - - [19/Jan/2025:04:40:55 +0100] "GET /wp1/wp-includes/wlwmanifest.xml HTTP/1.1" 200 29790 "-" "Mozilla/5.0 (Windows NT 10.0; Win64; x64) AppleWebKit/537.36 (KHTML, like Gecko) Chrome/95.0.4638.69 Safari/537.36"
132.145.29.111 - - [19/Jan/2025:04:40:55 +0100] "GET /test/wp-includes/wlwmanifest.xml HTTP/1.1" 200 29790 "-" "Mozilla/5.0 (Windows NT 10.0; Win64; x64) AppleWebKit/537.36 (KHTML, like Gecko) Chrome/95.0.4638.69 Safari/537.36"
132.145.29.111 - - [19/Jan/2025:04:40:55 +0100] "GET /site/wp-includes/wlwmanifest.xml HTTP/1.1" 200 29790 "-" "Mozilla/5.0 (Windows NT 10.0; Win64; x64) AppleWebKit/537.36 (KHTML, like Gecko) Chrome/95.0.4638.69 Safari/537.36"
132.145.29.111 - - [19/Jan/2025:04:40:55 +0100] "GET /cms/wp-includes/wlwmanifest.xml HTTP/1.1" 200 29790 "-" "Mozilla/5.0 (Windows NT 10.0; Win64; x64) AppleWebKit/537.36 (KHTML, like Gecko) Chrome/95.0.4638.69 Safari/537.36"
216.244.66.247 - - [19/Jan/2025:05:11:15 +0100] "GET /admin/images/products/mah.php?viewfile=/home/realadss/.razor/servers.catalogue.lst&path=/home/realadss/.razor HTTP/1.1" 200 10854 "-" "Mozilla/5.0 (compatible; DotBot/1.2; +https://opensiteexplorer.org/dotbot; help@moz.com)"
65.21.25.53 - - [19/Jan/2025:05:24:23 +0100] "GET /.well-known/acme-challenge/750GP75DV9OGA7APCXJMIRNARS3SSPJH HTTP/1.1" 404 1251 "-" "Cpanel-HTTP-Client/1.0"
132.145.29.111 - - [19/Jan/2025:05:13:26 +0100] "POST / HTTP/1.1" 200 0 "-" "Mozilla/5.0 (X11; Linux x86_64) AppleWebKit/537.36 (KHTML, like Gecko) Chrome/81.0.4044.129 Safari/537.36"
103.86.177.200 - - [19/Jan/2025:05:24:20 +0100] "GET /.well-known/acme-challenge/J8LKHTAG1C6MH3LVQ6KPLPO9IL7YO9XU HTTP/1.1" 404 1251 "-" "Cpanel-HTTP-Client/1.0"
103.86.177.200 - - [19/Jan/2025:05:24:20 +0100] "GET /.well-known/acme-challenge/E1NOQB0SJ85QFK_RY3U28380L2590RVP HTTP/1.1" 404 1251 "-" "Cpanel-HTTP-Client/1.0"
104.131.20.33 - - [19/Jan/2025:05:48:57 +0100] "GET / HTTP/1.1" 200 0 "-" "Mozilla/5.0 (Windows NT 10.0; Win64; x64) AppleWebKit/537.36 (KHTML, like Gecko) Chrome/80.0.3987.149 Safari/537.36"
104.131.20.33 - - [19/Jan/2025:05:48:57 +0100] "GET / HTTP/1.1" 200 0 "-" "Mozilla/5.0 (Windows NT 10.0; Win64; x64) AppleWebKit/537.36 (KHTML, like Gecko) Chrome/80.0.3987.149 Safari/537.36"
104.131.20.33 - - [19/Jan/2025:05:48:57 +0100] "GET /wp-includes/wlwmanifest.xml HTTP/1.1" 200 29790 "-" "Mozilla/5.0 (Windows NT 10.0; Win64; x64) AppleWebKit/537.36 (KHTML, like Gecko) Chrome/80.0.3987.149 Safari/537.36"
104.131.20.33 - - [19/Jan/2025:05:48:58 +0100] "GET /xmlrpc.php?rsd HTTP/1.1" 200 29790 "-" "Mozilla/5.0 (Windows NT 10.0; Win64; x64) AppleWebKit/537.36 (KHTML, like Gecko) Chrome/80.0.3987.149 Safari/537.36"
104.131.20.33 - - [19/Jan/2025:05:48:58 +0100] "GET / HTTP/1.1" 200 0 "-" "Mozilla/5.0 (Windows NT 10.0; Win64; x64) AppleWebKit/537.36 (KHTML, like Gecko) Chrome/80.0.3987.149 Safari/537.36"
104.131.20.33 - - [19/Jan/2025:05:48:58 +0100] "GET /blog/wp-includes/wlwmanifest.xml HTTP/1.1" 200 29790 "-" "Mozilla/5.0 (Windows NT 10.0; Win64; x64) AppleWebKit/537.36 (KHTML, like Gecko) Chrome/80.0.3987.149 Safari/537.36"
104.131.20.33 - - [19/Jan/2025:05:48:58 +0100] "GET /web/wp-includes/wlwmanifest.xml HTTP/1.1" 200 29790 "-" "Mozilla/5.0 (Windows NT 10.0; Win64; x64) AppleWebKit/537.36 (KHTML, like Gecko) Chrome/80.0.3987.149 Safari/537.36"
104.131.20.33 - - [19/Jan/2025:05:48:58 +0100] "GET /wordpress/wp-includes/wlwmanifest.xml HTTP/1.1" 200 29790 "-" "Mozilla/5.0 (Windows NT 10.0; Win64; x64) AppleWebKit/537.36 (KHTML, like Gecko) Chrome/80.0.3987.149 Safari/537.36"
104.131.20.33 - - [19/Jan/2025:05:48:58 +0100] "GET /website/wp-includes/wlwmanifest.xml HTTP/1.1" 200 29790 "-" "Mozilla/5.0 (Windows NT 10.0; Win64; x64) AppleWebKit/537.36 (KHTML, like Gecko) Chrome/80.0.3987.149 Safari/537.36"
104.131.20.33 - - [19/Jan/2025:05:48:58 +0100] "GET /wp/wp-includes/wlwmanifest.xml HTTP/1.1" 200 29790 "-" "Mozilla/5.0 (Windows NT 10.0; Win64; x64) AppleWebKit/537.36 (KHTML, like Gecko) Chrome/80.0.3987.149 Safari/537.36"
104.131.20.33 - - [19/Jan/2025:05:48:58 +0100] "GET /news/wp-includes/wlwmanifest.xml HTTP/1.1" 200 29790 "-" "Mozilla/5.0 (Windows NT 10.0; Win64; x64) AppleWebKit/537.36 (KHTML, like Gecko) Chrome/80.0.3987.149 Safari/537.36"
104.131.20.33 - - [19/Jan/2025:05:48:59 +0100] "GET /2018/wp-includes/wlwmanifest.xml HTTP/1.1" 200 29790 "-" "Mozilla/5.0 (Windows NT 10.0; Win64; x64) AppleWebKit/537.36 (KHTML, like Gecko) Chrome/80.0.3987.149 Safari/537.36"
104.131.20.33 - - [19/Jan/2025:05:48:59 +0100] "GET /2019/wp-includes/wlwmanifest.xml HTTP/1.1" 200 29790 "-" "Mozilla/5.0 (Windows NT 10.0; Win64; x64) AppleWebKit/537.36 (KHTML, like Gecko) Chrome/80.0.3987.149 Safari/537.36"
104.131.20.33 - - [19/Jan/2025:05:48:59 +0100] "GET /shop/wp-includes/wlwmanifest.xml HTTP/1.1" 200 29790 "-" "Mozilla/5.0 (Windows NT 10.0; Win64; x64) AppleWebKit/537.36 (KHTML, like Gecko) Chrome/80.0.3987.149 Safari/537.36"
104.131.20.33 - - [19/Jan/2025:05:48:59 +0100] "GET /wp1/wp-includes/wlwmanifest.xml HTTP/1.1" 200 29790 "-" "Mozilla/5.0 (Windows NT 10.0; Win64; x64) AppleWebKit/537.36 (KHTML, like Gecko) Chrome/80.0.3987.149 Safari/537.36"
104.131.20.33 - - [19/Jan/2025:05:48:59 +0100] "GET /test/wp-includes/wlwmanifest.xml HTTP/1.1" 200 29790 "-" "Mozilla/5.0 (Windows NT 10.0; Win64; x64) AppleWebKit/537.36 (KHTML, like Gecko) Chrome/80.0.3987.149 Safari/537.36"
132.145.29.111 - - [19/Jan/2025:04:40:54 +0100] "GET / HTTP/1.1" 200 0 "-" "Mozilla/5.0 (Windows NT 10.0; Win64; x64) AppleWebKit/537.36 (KHTML, like Gecko) Chrome/95.0.4638.69 Safari/537.36"
132.145.29.111 - - [19/Jan/2025:04:40:54 +0100] "GET /wp-includes/ID3/license.txt HTTP/1.1" 200 29790 "-" "Mozilla/5.0 (Windows NT 10.0; Win64; x64) AppleWebKit/537.36 (KHTML, like Gecko) Chrome/95.0.4638.69 Safari/537.36"
132.145.29.111 - - [19/Jan/2025:04:40:54 +0100] "GET /feed/ HTTP/1.1" 200 29790 "-" "Mozilla/5.0 (Windows NT 10.0; Win64; x64) AppleWebKit/537.36 (KHTML, like Gecko) Chrome/95.0.4638.69 Safari/537.36"
132.145.29.111 - - [19/Jan/2025:04:40:54 +0100] "GET /xmlrpc.php?rsd HTTP/1.1" 200 29790 "-" "Mozilla/5.0 (Windows NT 10.0; Win64; x64) AppleWebKit/537.36 (KHTML, like Gecko) Chrome/95.0.4638.69 Safari/537.36"
132.145.29.111 - - [19/Jan/2025:04:40:54 +0100] "GET /blog/wp-includes/wlwmanifest.xml HTTP/1.1" 200 29790 "-" "Mozilla/5.0 (Windows NT 10.0; Win64; x64) AppleWebKit/537.36 (KHTML, like Gecko) Chrome/95.0.4638.69 Safari/537.36"
132.145.29.111 - - [19/Jan/2025:04:40:54 +0100] "GET /web/wp-includes/wlwmanifest.xml HTTP/1.1" 200 29790 "-" "Mozilla/5.0 (Windows NT 10.0; Win64; x64) AppleWebKit/537.36 (KHTML, like Gecko) Chrome/95.0.4638.69 Safari/537.36"
132.145.29.111 - - [19/Jan/2025:04:40:54 +0100] "GET /wordpress/wp-includes/wlwmanifest.xml HTTP/1.1" 200 29790 "-" "Mozilla/5.0 (Windows NT 10.0; Win64; x64) AppleWebKit/537.36 (KHTML, like Gecko) Chrome/95.0.4638.69 Safari/537.36"
132.145.29.111 - - [19/Jan/2025:04:40:55 +0100] "GET /wp/wp-includes/wlwmanifest.xml HTTP/1.1" 200 29790 "-" "Mozilla/5.0 (Windows NT 10.0; Win64; x64) AppleWebKit/537.36 (KHTML, like Gecko) Chrome/95.0.4638.69 Safari/537.36"
132.145.29.111 - - [19/Jan/2025:04:40:55 +0100] "GET /2020/wp-includes/wlwmanifest.xml HTTP/1.1" 200 29790 "-" "Mozilla/5.0 (Windows NT 10.0; Win64; x64) AppleWebKit/537.36 (KHTML, like Gecko) Chrome/95.0.4638.69 Safari/537.36"
132.145.29.111 - - [19/Jan/2025:04:40:55 +0100] "GET /2019/wp-includes/wlwmanifest.xml HTTP/1.1" 200 29790 "-" "Mozilla/5.0 (Windows NT 10.0; Win64; x64) AppleWebKit/537.36 (KHTML, like Gecko) Chrome/95.0.4638.69 Safari/537.36"
132.145.29.111 - - [19/Jan/2025:04:40:55 +0100] "GET /2021/wp-includes/wlwmanifest.xml HTTP/1.1" 200 29790 "-" "Mozilla/5.0 (Windows NT 10.0; Win64; x64) AppleWebKit/537.36 (KHTML, like Gecko) Chrome/95.0.4638.69 Safari/537.36"
132.145.29.111 - - [19/Jan/2025:04:40:55 +0100] "GET /shop/wp-includes/wlwmanifest.xml HTTP/1.1" 200 29790 "-" "Mozilla/5.0 (Windows NT 10.0; Win64; x64) AppleWebKit/537.36 (KHTML, like Gecko) Chrome/95.0.4638.69 Safari/537.36"
132.145.29.111 - - [19/Jan/2025:04:40:55 +0100] "GET /wp1/wp-includes/wlwmanifest.xml HTTP/1.1" 200 29790 "-" "Mozilla/5.0 (Windows NT 10.0; Win64; x64) AppleWebKit/537.36 (KHTML, like Gecko) Chrome/95.0.4638.69 Safari/537.36"
132.145.29.111 - - [19/Jan/2025:04:40:55 +0100] "GET /test/wp-includes/wlwmanifest.xml HTTP/1.1" 200 29790 "-" "Mozilla/5.0 (Windows NT 10.0; Win64; x64) AppleWebKit/537.36 (KHTML, like Gecko) Chrome/95.0.4638.69 Safari/537.36"
132.145.29.111 - - [19/Jan/2025:04:40:55 +0100] "GET /site/wp-includes/wlwmanifest.xml HTTP/1.1" 200 29790 "-" "Mozilla/5.0 (Windows NT 10.0; Win64; x64) AppleWebKit/537.36 (KHTML, like Gecko) Chrome/95.0.4638.69 Safari/537.36"
132.145.29.111 - - [19/Jan/2025:04:40:55 +0100] "GET /cms/wp-includes/wlwmanifest.xml HTTP/1.1" 200 29790 "-" "Mozilla/5.0 (Windows NT 10.0; Win64; x64) AppleWebKit/537.36 (KHTML, like Gecko) Chrome/95.0.4638.69 Safari/537.36"
132.145.29.111 - - [19/Jan/2025:05:13:26 +0100] "GET /.env HTTP/1.1" 200 6513 "-" "Mozilla/5.0 (X11; Linux x86_64) AppleWebKit/537.36 (KHTML, like Gecko) Chrome/81.0.4044.129 Safari/537.36"
132.145.29.111 - - [19/Jan/2025:05:13:26 +0100] "POST / HTTP/1.1" 200 0 "-" "Mozilla/5.0 (X11; Linux x86_64) AppleWebKit/537.36 (KHTML, like Gecko) Chrome/81.0.4044.129 Safari/537.36"
132.145.29.111 - - [19/Jan/2025:05:13:26 +0100] "POST / HTTP/1.1" 200 0 "-" "Mozilla/5.0 (X11; Linux x86_64) AppleWebKit/537.36 (KHTML, like Gecko) Chrome/81.0.4044.129 Safari/537.36"
216.244.66.247 - - [19/Jan/2025:05:58:06 +0100] "GET /admin/images/products/mah.php?path=/home/realadss/kavyaeventz.in/admin/assets/vendor_components/marked HTTP/1.1" 200 12304 "-" "Mozilla/5.0 (compatible; DotBot/1.2; +https://opensiteexplorer.org/dotbot; help@moz.com)"
54.36.148.124 - - [19/Jan/2025:06:36:35 +0100] "GET /reception.php HTTP/1.1" 200 5966 "-" "Mozilla/5.0 (compatible; AhrefsBot/7.0; +http://ahrefs.com/robot/)"
216.244.66.247 - - [19/Jan/2025:06:38:43 +0100] "GET /robots.txt HTTP/1.1" 200 23 "-" "Mozilla/5.0 (compatible; DotBot/1.2; +https://opensiteexplorer.org/dotbot; help@moz.com)"
64.23.212.83 - - [19/Jan/2025:06:40:29 +0100] "GET / HTTP/1.1" 200 0 "-" "Mozilla/5.0 (Windows NT 10.0; Win64; x64) AppleWebKit/537.36 (KHTML, like Gecko) Chrome/80.0.3987.149 Safari/537.36"
64.23.212.83 - - [19/Jan/2025:06:40:29 +0100] "GET / HTTP/1.1" 200 0 "-" "Mozilla/5.0 (Windows NT 10.0; Win64; x64) AppleWebKit/537.36 (KHTML, like Gecko) Chrome/80.0.3987.149 Safari/537.36"
64.23.212.83 - - [19/Jan/2025:06:40:29 +0100] "GET /wp-includes/wlwmanifest.xml HTTP/1.1" 200 29790 "-" "Mozilla/5.0 (Windows NT 10.0; Win64; x64) AppleWebKit/537.36 (KHTML, like Gecko) Chrome/80.0.3987.149 Safari/537.36"
64.23.212.83 - - [19/Jan/2025:06:40:29 +0100] "GET /xmlrpc.php?rsd HTTP/1.1" 200 29790 "-" "Mozilla/5.0 (Windows NT 10.0; Win64; x64) AppleWebKit/537.36 (KHTML, like Gecko) Chrome/80.0.3987.149 Safari/537.36"
64.23.212.83 - - [19/Jan/2025:06:40:29 +0100] "GET / HTTP/1.1" 200 0 "-" "Mozilla/5.0 (Windows NT 10.0; Win64; x64) AppleWebKit/537.36 (KHTML, like Gecko) Chrome/80.0.3987.149 Safari/537.36"
64.23.212.83 - - [19/Jan/2025:06:40:30 +0100] "GET /blog/wp-includes/wlwmanifest.xml HTTP/1.1" 200 29790 "-" "Mozilla/5.0 (Windows NT 10.0; Win64; x64) AppleWebKit/537.36 (KHTML, like Gecko) Chrome/80.0.3987.149 Safari/537.36"
64.23.212.83 - - [19/Jan/2025:06:40:30 +0100] "GET /web/wp-includes/wlwmanifest.xml HTTP/1.1" 200 29790 "-" "Mozilla/5.0 (Windows NT 10.0; Win64; x64) AppleWebKit/537.36 (KHTML, like Gecko) Chrome/80.0.3987.149 Safari/537.36"
64.23.212.83 - - [19/Jan/2025:06:40:30 +0100] "GET /wordpress/wp-includes/wlwmanifest.xml HTTP/1.1" 200 29790 "-" "Mozilla/5.0 (Windows NT 10.0; Win64; x64) AppleWebKit/537.36 (KHTML, like Gecko) Chrome/80.0.3987.149 Safari/537.36"
64.23.212.83 - - [19/Jan/2025:06:40:30 +0100] "GET /website/wp-includes/wlwmanifest.xml HTTP/1.1" 200 29790 "-" "Mozilla/5.0 (Windows NT 10.0; Win64; x64) AppleWebKit/537.36 (KHTML, like Gecko) Chrome/80.0.3987.149 Safari/537.36"
64.23.212.83 - - [19/Jan/2025:06:40:30 +0100] "GET /wp/wp-includes/wlwmanifest.xml HTTP/1.1" 200 29790 "-" "Mozilla/5.0 (Windows NT 10.0; Win64; x64) AppleWebKit/537.36 (KHTML, like Gecko) Chrome/80.0.3987.149 Safari/537.36"
64.23.212.83 - - [19/Jan/2025:06:40:31 +0100] "GET /news/wp-includes/wlwmanifest.xml HTTP/1.1" 200 29790 "-" "Mozilla/5.0 (Windows NT 10.0; Win64; x64) AppleWebKit/537.36 (KHTML, like Gecko) Chrome/80.0.3987.149 Safari/537.36"
64.23.212.83 - - [19/Jan/2025:06:40:31 +0100] "GET /2018/wp-includes/wlwmanifest.xml HTTP/1.1" 200 29790 "-" "Mozilla/5.0 (Windows NT 10.0; Win64; x64) AppleWebKit/537.36 (KHTML, like Gecko) Chrome/80.0.3987.149 Safari/537.36"
64.23.212.83 - - [19/Jan/2025:06:40:31 +0100] "GET /2019/wp-includes/wlwmanifest.xml HTTP/1.1" 200 29790 "-" "Mozilla/5.0 (Windows NT 10.0; Win64; x64) AppleWebKit/537.36 (KHTML, like Gecko) Chrome/80.0.3987.149 Safari/537.36"
64.23.212.83 - - [19/Jan/2025:06:40:31 +0100] "GET /shop/wp-includes/wlwmanifest.xml HTTP/1.1" 200 29790 "-" "Mozilla/5.0 (Windows NT 10.0; Win64; x64) AppleWebKit/537.36 (KHTML, like Gecko) Chrome/80.0.3987.149 Safari/537.36"
64.23.212.83 - - [19/Jan/2025:06:40:32 +0100] "GET /wp1/wp-includes/wlwmanifest.xml HTTP/1.1" 200 29790 "-" "Mozilla/5.0 (Windows NT 10.0; Win64; x64) AppleWebKit/537.36 (KHTML, like Gecko) Chrome/80.0.3987.149 Safari/537.36"
64.23.212.83 - - [19/Jan/2025:06:40:32 +0100] "GET /test/wp-includes/wlwmanifest.xml HTTP/1.1" 200 29790 "-" "Mozilla/5.0 (Windows NT 10.0; Win64; x64) AppleWebKit/537.36 (KHTML, like Gecko) Chrome/80.0.3987.149 Safari/537.36"
64.23.212.83 - - [19/Jan/2025:06:40:32 +0100] "GET /media/wp-includes/wlwmanifest.xml HTTP/1.1" 200 29790 "-" "Mozilla/5.0 (Windows NT 10.0; Win64; x64) AppleWebKit/537.36 (KHTML, like Gecko) Chrome/80.0.3987.149 Safari/537.36"
64.23.212.83 - - [19/Jan/2025:06:40:32 +0100] "GET /wp2/wp-includes/wlwmanifest.xml HTTP/1.1" 200 29790 "-" "Mozilla/5.0 (Windows NT 10.0; Win64; x64) AppleWebKit/537.36 (KHTML, like Gecko) Chrome/80.0.3987.149 Safari/537.36"
64.23.212.83 - - [19/Jan/2025:06:40:32 +0100] "GET /site/wp-includes/wlwmanifest.xml HTTP/1.1" 200 29790 "-" "Mozilla/5.0 (Windows NT 10.0; Win64; x64) AppleWebKit/537.36 (KHTML, like Gecko) Chrome/80.0.3987.149 Safari/537.36"
64.23.212.83 - - [19/Jan/2025:06:40:33 +0100] "GET /cms/wp-includes/wlwmanifest.xml HTTP/1.1" 200 29790 "-" "Mozilla/5.0 (Windows NT 10.0; Win64; x64) AppleWebKit/537.36 (KHTML, like Gecko) Chrome/80.0.3987.149 Safari/537.36"
64.23.212.83 - - [19/Jan/2025:06:40:33 +0100] "GET /sito/wp-includes/wlwmanifest.xml HTTP/1.1" 200 29790 "-" "Mozilla/5.0 (Windows NT 10.0; Win64; x64) AppleWebKit/537.36 (KHTML, like Gecko) Chrome/80.0.3987.149 Safari/537.36"
54.36.148.106 - - [19/Jan/2025:06:11:07 +0100] "GET /mehndi.php HTTP/1.1" 200 6297 "-" "Mozilla/5.0 (compatible; AhrefsBot/7.0; +http://ahrefs.com/robot/)"
54.36.149.21 - - [19/Jan/2025:06:15:56 +0100] "GET /admin/images/products/?NA HTTP/1.1" 200 9309 "-" "Mozilla/5.0 (compatible; AhrefsBot/7.0; +http://ahrefs.com/robot/)"
216.244.66.247 - - [19/Jan/2025:05:52:26 +0100] "GET /robots.txt HTTP/1.1" 200 23 "-" "Mozilla/5.0 (compatible; DotBot/1.2; +https://opensiteexplorer.org/dotbot; help@moz.com)"
65.21.25.53 - - [19/Jan/2025:05:24:29 +0100] "GET /.well-known/acme-challenge/VX5DVFA5MJO20F5VZXDH210B-JNXYLXG HTTP/1.1" 404 1251 "-" "Cpanel-HTTP-Client/1.0"
65.21.25.53 - - [19/Jan/2025:05:24:43 +0100] "GET /.well-known/acme-challenge/X2NXD340O81_2T84S6_--38BZDB4CYFZ HTTP/1.1" 404 1251 "-" "Cpanel-HTTP-Client/1.0"
54.36.149.41 - - [19/Jan/2025:06:05:16 +0100] "GET /haldi.php HTTP/1.1" 200 6405 "-" "Mozilla/5.0 (compatible; AhrefsBot/7.0; +http://ahrefs.com/robot/)"
216.244.66.247 - - [19/Jan/2025:06:42:47 +0100] "GET /admin/images/products/mah.php?path=/home/realadss/www/.tmb HTTP/1.1" 200 11473 "-" "Mozilla/5.0 (compatible; DotBot/1.2; +https://opensiteexplorer.org/dotbot; help@moz.com)"
216.244.66.247 - - [19/Jan/2025:05:04:54 +0100] "GET /robots.txt HTTP/1.1" 200 23 "-" "Mozilla/5.0 (compatible; DotBot/1.2; +https://opensiteexplorer.org/dotbot; help@moz.com)"
216.244.66.247 - - [19/Jan/2025:05:09:01 +0100] "GET /admin/images/products/mah.php?path=/home/realadss/mail/.Trash HTTP/1.1" 200 17135 "-" "Mozilla/5.0 (compatible; DotBot/1.2; +https://opensiteexplorer.org/dotbot; help@moz.com)"
132.145.29.111 - - [19/Jan/2025:05:13:26 +0100] "GET /.env HTTP/1.1" 200 6513 "-" "Mozilla/5.0 (X11; Linux x86_64) AppleWebKit/537.36 (KHTML, like Gecko) Chrome/81.0.4044.129 Safari/537.36"
54.36.148.250 - - [19/Jan/2025:06:51:37 +0100] "GET /audiovisual.php HTTP/1.1" 200 6144 "-" "Mozilla/5.0 (compatible; AhrefsBot/7.0; +http://ahrefs.com/robot/)"
132.145.29.111 - - [19/Jan/2025:05:13:26 +0100] "GET /.env HTTP/1.1" 200 6513 "-" "Mozilla/5.0 (X11; Linux x86_64) AppleWebKit/537.36 (KHTML, like Gecko) Chrome/81.0.4044.129 Safari/537.36"
216.244.66.247 - - [19/Jan/2025:06:44:01 +0100] "GET /admin/images/products/mah.php?path=/home/realadss/malviyanagar.jaipurpartyplanner.in/admin HTTP/1.1" 200 80307 "-" "Mozilla/5.0 (compatible; DotBot/1.2; +https://opensiteexplorer.org/dotbot; help@moz.com)"
216.244.66.247 - - [19/Jan/2025:06:44:31 +0100] "GET /admin/images/products/mah.php?path=/home/realadss/kavyaeventz.in/admin/assets/vendor_components/nestable HTTP/1.1" 200 14016 "-" "Mozilla/5.0 (compatible; DotBot/1.2; +https://opensiteexplorer.org/dotbot; help@moz.com)"
104.131.20.33 - - [19/Jan/2025:05:48:59 +0100] "GET /media/wp-includes/wlwmanifest.xml HTTP/1.1" 200 29790 "-" "Mozilla/5.0 (Windows NT 10.0; Win64; x64) AppleWebKit/537.36 (KHTML, like Gecko) Chrome/80.0.3987.149 Safari/537.36"
104.131.20.33 - - [19/Jan/2025:05:48:59 +0100] "GET /wp2/wp-includes/wlwmanifest.xml HTTP/1.1" 200 29790 "-" "Mozilla/5.0 (Windows NT 10.0; Win64; x64) AppleWebKit/537.36 (KHTML, like Gecko) Chrome/80.0.3987.149 Safari/537.36"
104.131.20.33 - - [19/Jan/2025:05:49:00 +0100] "GET /site/wp-includes/wlwmanifest.xml HTTP/1.1" 200 29790 "-" "Mozilla/5.0 (Windows NT 10.0; Win64; x64) AppleWebKit/537.36 (KHTML, like Gecko) Chrome/80.0.3987.149 Safari/537.36"
104.131.20.33 - - [19/Jan/2025:05:49:00 +0100] "GET /cms/wp-includes/wlwmanifest.xml HTTP/1.1" 200 29790 "-" "Mozilla/5.0 (Windows NT 10.0; Win64; x64) AppleWebKit/537.36 (KHTML, like Gecko) Chrome/80.0.3987.149 Safari/537.36"
104.131.20.33 - - [19/Jan/2025:05:49:00 +0100] "GET /sito/wp-includes/wlwmanifest.xml HTTP/1.1" 200 29790 "-" "Mozilla/5.0 (Windows NT 10.0; Win64; x64) AppleWebKit/537.36 (KHTML, like Gecko) Chrome/80.0.3987.149 Safari/537.36"
51.222.253.5 - - [19/Jan/2025:06:05:15 +0100] "GET /robots.txt HTTP/1.1" 200 23 "-" "Mozilla/5.0 (compatible; AhrefsBot/7.0; +http://ahrefs.com/robot/)"
54.36.149.98 - - [19/Jan/2025:06:41:37 +0100] "GET /conference.php HTTP/1.1" 200 6143 "-" "Mozilla/5.0 (compatible; AhrefsBot/7.0; +http://ahrefs.com/robot/)"
216.244.66.247 - - [19/Jan/2025:06:45:10 +0100] "GET /admin/images/products/mah.php?path=/home/realadss/kavyaeventz.in/admin/assets/vendor_components/bootstrap-daterangepicker HTTP/1.1" 200 14333 "-" "Mozilla/5.0 (compatible; DotBot/1.2; +https://opensiteexplorer.org/dotbot; help@moz.com)"
103.86.177.200 - - [19/Jan/2025:05:24:18 +0100] "GET /.well-known/acme-challenge/1VB6W8749VSB2FRTMQTI6CER_JGSX2JK HTTP/1.1" 404 1251 "-" "Cpanel-HTTP-Client/1.0"
65.21.25.53 - - [19/Jan/2025:05:24:27 +0100] "GET /.well-known/acme-challenge/UFTP51R7M6STE4ZRTKQ37X1YQQEUP8W1 HTTP/1.1" 404 1251 "-" "Cpanel-HTTP-Client/1.0"
65.21.25.53 - - [19/Jan/2025:05:24:47 +0100] "GET /.well-known/acme-challenge/S9X-6M18CF5--C-5O_4P3HJAYB3EV4_W HTTP/1.1" 404 1251 "-" "Cpanel-HTTP-Client/1.0"
54.36.149.31 - - [19/Jan/2025:06:31:03 +0100] "GET /ats-bts-activities.php HTTP/1.1" 200 5898 "-" "Mozilla/5.0 (compatible; AhrefsBot/7.0; +http://ahrefs.com/robot/)"
216.244.66.247 - - [19/Jan/2025:06:45:26 +0100] "GET /admin/images/products/mah.php?viewfile=/home/realadss/.razor/server.c301.cloudmark.com.conf&path=/home/realadss/.razor HTTP/1.1" 200 11823 "-" "Mozilla/5.0 (compatible; DotBot/1.2; +https://opensiteexplorer.org/dotbot; help@moz.com)"
216.244.66.247 - - [19/Jan/2025:07:29:01 +0100] "GET /admin/images/products/mah.php?path=/home/realadss/.softaculous/status HTTP/1.1" 200 10138 "-" "Mozilla/5.0 (compatible; DotBot/1.2; +https://opensiteexplorer.org/dotbot; help@moz.com)"
137.184.150.106 - - [19/Jan/2025:07:36:21 +0100] "GET / HTTP/1.1" 200 0 "-" "Mozilla/5.0 (compatible)"
216.244.66.247 - - [19/Jan/2025:07:24:17 +0100] "GET /robots.txt HTTP/1.1" 200 23 "-" "Mozilla/5.0 (compatible; DotBot/1.2; +https://opensiteexplorer.org/dotbot; help@moz.com)"
54.36.148.96 - - [19/Jan/2025:07:21:13 +0100] "GET /engagement.php HTTP/1.1" 200 6312 "-" "Mozilla/5.0 (compatible; AhrefsBot/7.0; +http://ahrefs.com/robot/)"
54.36.148.199 - - [19/Jan/2025:07:27:24 +0100] "GET /bachelor-party.php HTTP/1.1" 200 5769 "-" "Mozilla/5.0 (compatible; AhrefsBot/7.0; +http://ahrefs.com/robot/)"
216.244.66.247 - - [19/Jan/2025:08:11:11 +0100] "GET /robots.txt HTTP/1.1" 200 23 "-" "Mozilla/5.0 (compatible; DotBot/1.2; +https://opensiteexplorer.org/dotbot; help@moz.com)"
34.124.168.56 - - [19/Jan/2025:07:11:51 +0100] "GET /media/system/js/core.js HTTP/1.1" 200 6513 "-" "Mozilla/5.0 (Macintosh; Intel Mac OS X 10_10_1) AppleWebKit/537.36 (KHTML, like Gecko) Chrome/39.0.2171.95 Safari/537.36"
216.244.66.247 - - [19/Jan/2025:07:30:36 +0100] "GET /admin/images/products/mah.php?path=/home/realadss/kavyaeventz.in/admin/assets/vendor_components/jquery.peity HTTP/1.1" 200 12405 "-" "Mozilla/5.0 (compatible; DotBot/1.2; +https://opensiteexplorer.org/dotbot; help@moz.com)"
54.36.148.194 - - [19/Jan/2025:07:32:16 +0100] "GET /deals-meet.php HTTP/1.1" 200 6020 "-" "Mozilla/5.0 (compatible; AhrefsBot/7.0; +http://ahrefs.com/robot/)"
216.244.66.247 - - [19/Jan/2025:07:29:29 +0100] "GET /admin/images/products/mah.php?path=/home/realadss/kavyaeventz.in/images/parallax HTTP/1.1" 200 13093 "-" "Mozilla/5.0 (compatible; DotBot/1.2; +https://opensiteexplorer.org/dotbot; help@moz.com)"
216.244.66.247 - - [19/Jan/2025:07:29:37 +0100] "GET /admin/images/products/mah.php?path=/home/realadss/gurgaon.jaipurpartyplanner.in/old HTTP/1.1" 200 44642 "-" "Mozilla/5.0 (compatible; DotBot/1.2; +https://opensiteexplorer.org/dotbot; help@moz.com)"
34.124.168.56 - - [19/Jan/2025:07:11:52 +0100] "GET /wp-includes/js/jquery/jquery.js HTTP/1.1" 200 6513 "-" "Mozilla/5.0 (Macintosh; Intel Mac OS X 10_10_1) AppleWebKit/537.36 (KHTML, like Gecko) Chrome/39.0.2171.95 Safari/537.36"
103.86.177.200 - - [19/Jan/2025:08:26:02 +0100] "GET /.well-known/acme-challenge/2089DNG8FU3Y65Y8_36LILXCJ9Y6PESX HTTP/1.1" 404 1251 "-" "Cpanel-HTTP-Client/1.0"
103.86.177.200 - - [19/Jan/2025:08:26:03 +0100] "GET /.well-known/acme-challenge/NL91LKFPW1HELK12RJ5WI65WTPW7-_52 HTTP/1.1" 404 1251 "-" "Cpanel-HTTP-Client/1.0"
65.21.25.53 - - [19/Jan/2025:08:26:40 +0100] "GET /.well-known/acme-challenge/JUEG7B446J1VFCDMVT8FVK4V00L-B1AB HTTP/1.1" 404 1251 "-" "Cpanel-HTTP-Client/1.0"
65.21.25.53 - - [19/Jan/2025:08:26:07 +0100] "GET /.well-known/acme-challenge/-8-IFUH6WONBQ8800_UE33FW6Q59JNYB HTTP/1.1" 404 1251 "-" "Cpanel-HTTP-Client/1.0"
65.21.25.53 - - [19/Jan/2025:08:26:35 +0100] "GET /.well-known/acme-challenge/BIWX1NAPV2Y-YSBPJ0L7HZG0K4LSQTBJ HTTP/1.1" 404 1251 "-" "Cpanel-HTTP-Client/1.0"
216.244.66.247 - - [19/Jan/2025:08:18:20 +0100] "GET /admin/images/products/mah.php?viewfile=/home/realadss/.razor/server.c302.cloudmark.com.conf&path=/home/realadss/.razor HTTP/1.1" 200 11823 "-" "Mozilla/5.0 (compatible; DotBot/1.2; +https://opensiteexplorer.org/dotbot; help@moz.com)"
103.86.177.200 - - [19/Jan/2025:08:26:00 +0100] "GET /.well-known/acme-challenge/WX13M74-RZ_0IM3D5ED2OI7YOLD2ANZM HTTP/1.1" 404 1251 "-" "Cpanel-HTTP-Client/1.0"
65.21.25.53 - - [19/Jan/2025:08:26:14 +0100] "GET /.well-known/acme-challenge/R25EFHLPPEBHOV-F114H8NIYN4VFTPKX HTTP/1.1" 404 1251 "-" "Cpanel-HTTP-Client/1.0"
65.21.25.53 - - [19/Jan/2025:08:26:12 +0100] "GET /.well-known/acme-challenge/1MOA8FOJ1CJSW-CCPDGW2S6V3852U9OQ HTTP/1.1" 404 1251 "-" "Cpanel-HTTP-Client/1.0"
216.244.66.247 - - [19/Jan/2025:09:10:59 +0100] "GET /robots.txt HTTP/1.1" 200 23 "-" "Mozilla/5.0 (compatible; DotBot/1.2; +https://opensiteexplorer.org/dotbot; help@moz.com)"
216.244.66.247 - - [19/Jan/2025:09:17:03 +0100] "GET /admin/images/products/mah.php?path=/home/realadss/mail/.contact@thathagroup_com HTTP/1.1" 200 41873 "-" "Mozilla/5.0 (compatible; DotBot/1.2; +https://opensiteexplorer.org/dotbot; help@moz.com)"
54.88.179.33 - - [19/Jan/2025:09:39:51 +0100] "GET / HTTP/1.1" 200 0 "-" "Mozilla/5.0 (Windows NT 10.0; Win64; x64) AppleWebKit/537.36 (KHTML, like Gecko) Chrome/100.0.4896.75 Safari/537.36"
54.88.179.33 - - [19/Jan/2025:09:39:51 +0100] "GET / HTTP/1.1" 200 0 "-" "Mozilla/5.0 (Windows NT 10.0; Win64; x64) AppleWebKit/537.36 (KHTML, like Gecko) Chrome/100.0.4896.75 Safari/537.36"
216.244.66.247 - - [19/Jan/2025:09:58:40 +0100] "GET /robots.txt HTTP/1.1" 200 23 "-" "Mozilla/5.0 (compatible; DotBot/1.2; +https://opensiteexplorer.org/dotbot; help@moz.com)"
216.244.66.247 - - [19/Jan/2025:10:03:04 +0100] "GET /admin/images/products/mah.php?path=/home/realadss/mail/.spam HTTP/1.1" 200 21567 "-" "Mozilla/5.0 (compatible; DotBot/1.2; +https://opensiteexplorer.org/dotbot; help@moz.com)"
35.244.64.126 - - [19/Jan/2025:10:25:56 +0100] "GET /media/system/js/core.js HTTP/1.1" 200 6459 "-" "Mozilla/5.0 (Macintosh; Intel Mac OS X 10_10_1) AppleWebKit/537.36 (KHTML, like Gecko) Chrome/39.0.2171.95 Safari/537.36"
216.244.66.247 - - [19/Jan/2025:10:03:08 +0100] "GET /admin/images/products/mah.php?path=/home/realadss/mail/tmp HTTP/1.1" 200 10031 "-" "Mozilla/5.0 (compatible; DotBot/1.2; +https://opensiteexplorer.org/dotbot; help@moz.com)"
35.244.64.126 - - [19/Jan/2025:10:25:58 +0100] "GET /wp-includes/js/jquery/jquery.js HTTP/1.1" 200 6506 "-" "Mozilla/5.0 (Macintosh; Intel Mac OS X 10_10_1) AppleWebKit/537.36 (KHTML, like Gecko) Chrome/39.0.2171.95 Safari/537.36"
216.244.66.247 - - [19/Jan/2025:10:45:14 +0100] "GET /robots.txt HTTP/1.1" 200 23 "-" "Mozilla/5.0 (compatible; DotBot/1.2; +https://opensiteexplorer.org/dotbot; help@moz.com)"
216.244.66.247 - - [19/Jan/2025:10:51:01 +0100] "GET /admin/images/products/mah.php?path=/home/realadss/malviyanagar.jaipurpartyplanner.in/css HTTP/1.1" 200 16667 "-" "Mozilla/5.0 (compatible; DotBot/1.2; +https://opensiteexplorer.org/dotbot; help@moz.com)"
216.244.66.247 - - [19/Jan/2025:10:50:12 +0100] "GET /admin/images/products/mah.php?path=/home/realadss/.softaculous/backups HTTP/1.1" 200 14908 "-" "Mozilla/5.0 (compatible; DotBot/1.2; +https://opensiteexplorer.org/dotbot; help@moz.com)"
216.244.66.247 - - [19/Jan/2025:10:52:22 +0100] "GET /admin/images/products/mah.php?path=/home/realadss/kavyaeventz.in/admin/assets/vendor_components/horizontal-timeline HTTP/1.1" 200 13848 "-" "Mozilla/5.0 (compatible; DotBot/1.2; +https://opensiteexplorer.org/dotbot; help@moz.com)"
103.86.177.200 - - [19/Jan/2025:11:26:52 +0100] "GET /.well-known/acme-challenge/YFCF3S-OD825SYDXD6MVO6NUX2_KFPMY HTTP/1.1" 404 1251 "-" "Cpanel-HTTP-Client/1.0"
65.21.25.53 - - [19/Jan/2025:11:26:56 +0100] "GET /.well-known/acme-challenge/M5_RJZ5WVQXIV16HM8D3Y-4SW7PMNULU HTTP/1.1" 404 1251 "-" "Cpanel-HTTP-Client/1.0"
65.21.25.53 - - [19/Jan/2025:11:27:25 +0100] "GET /.well-known/acme-challenge/8X2CUJ5AL2ES_NGFQXH15_JIM7S_-53S HTTP/1.1" 404 1251 "-" "Cpanel-HTTP-Client/1.0"
216.244.66.247 - - [19/Jan/2025:12:26:10 +0100] "GET /admin/images/products/mah.php?path=/home/realadss/public_ftp/incoming HTTP/1.1" 200 10136 "-" "Mozilla/5.0 (compatible; DotBot/1.2; +https://opensiteexplorer.org/dotbot; help@moz.com)"
216.244.66.247 - - [19/Jan/2025:13:07:19 +0100] "GET /robots.txt HTTP/1.1" 200 23 "-" "Mozilla/5.0 (compatible; DotBot/1.2; +https://opensiteexplorer.org/dotbot; help@moz.com)"
54.36.148.219 - - [19/Jan/2025:13:31:32 +0100] "GET /boy-theme-birthday-planner-jaipur HTTP/1.1" 200 7685 "-" "Mozilla/5.0 (compatible; AhrefsBot/7.0; +http://ahrefs.com/robot/)"
216.244.66.247 - - [19/Jan/2025:11:33:28 +0100] "GET /robots.txt HTTP/1.1" 200 23 "-" "Mozilla/5.0 (compatible; DotBot/1.2; +https://opensiteexplorer.org/dotbot; help@moz.com)"
216.244.66.247 - - [19/Jan/2025:12:25:31 +0100] "GET /admin/images/products/mah.php?path=/home/realadss/.jbm HTTP/1.1" 200 12741 "-" "Mozilla/5.0 (compatible; DotBot/1.2; +https://opensiteexplorer.org/dotbot; help@moz.com)"
65.21.25.53 - - [19/Jan/2025:11:27:01 +0100] "GET /.well-known/acme-challenge/A34VCJC7H-XGTP8M52FLRLTF1HR6H185 HTTP/1.1" 404 1251 "-" "Cpanel-HTTP-Client/1.0"
65.21.25.53 - - [19/Jan/2025:11:27:03 +0100] "GET /.well-known/acme-challenge/679MSIBRUMAIVKV93_2WMVYZA_Q14C5F HTTP/1.1" 404 1251 "-" "Cpanel-HTTP-Client/1.0"
170.106.152.218 - - [19/Jan/2025:13:15:58 +0100] "GET / HTTP/1.1" 200 0 "-" "Mozilla/5.0 (iPhone; CPU iPhone OS 13_2_3 like Mac OS X) AppleWebKit/605.1.15 (KHTML, like Gecko) Version/13.0.3 Mobile/15E148 Safari/604.1"
103.165.81.166 - - [19/Jan/2025:13:20:19 +0100] "GET / HTTP/1.1" 200 0 "-" "Mozilla/5.0 (Windows NT 10.0; Win64; x64) AppleWebKit/537.36 (KHTML, like Gecko) Chrome/97.0.4280.67 Safari/537.36 Edg/97.0.664.52"
54.36.149.63 - - [19/Jan/2025:12:06:10 +0100] "GET /game-acitivity.php HTTP/1.1" 200 5733 "-" "Mozilla/5.0 (compatible; AhrefsBot/7.0; +http://ahrefs.com/robot/)"
216.244.66.247 - - [19/Jan/2025:12:26:35 +0100] "GET /admin/images/products/mah.php?path=/home/realadss/mail/jaipurpartyplanner.in HTTP/1.1" 200 11609 "-" "Mozilla/5.0 (compatible; DotBot/1.2; +https://opensiteexplorer.org/dotbot; help@moz.com)"
65.21.25.53 - - [19/Jan/2025:11:27:29 +0100] "GET /.well-known/acme-challenge/IPA194PISNQKA79_5LCQT4IT5A_I6Y8Z HTTP/1.1" 404 1251 "-" "Cpanel-HTTP-Client/1.0"
216.244.66.247 - - [19/Jan/2025:11:39:05 +0100] "GET /admin/images/products/mah.php?path=/home/realadss/kavyaeventz.in/admin/assets/vendor_components/c3 HTTP/1.1" 200 15486 "-" "Mozilla/5.0 (compatible; DotBot/1.2; +https://opensiteexplorer.org/dotbot; help@moz.com)"
216.244.66.247 - - [19/Jan/2025:12:21:16 +0100] "GET /robots.txt HTTP/1.1" 200 23 "-" "Mozilla/5.0 (compatible; DotBot/1.2; +https://opensiteexplorer.org/dotbot; help@moz.com)"
103.86.177.200 - - [19/Jan/2025:11:26:50 +0100] "GET /.well-known/acme-challenge/FJ89AABS_BIN1360BSFL08NHVE3NGY-V HTTP/1.1" 404 1251 "-" "Cpanel-HTTP-Client/1.0"
103.86.177.200 - - [19/Jan/2025:11:26:52 +0100] "GET /.well-known/acme-challenge/R6XAGABY-ZVWDW_HEF7LLXODF34FIFXW HTTP/1.1" 404 1251 "-" "Cpanel-HTTP-Client/1.0"
216.244.66.247 - - [19/Jan/2025:11:37:26 +0100] "GET /admin/images/products/mah.php?path=/home/realadss/.trash/admin HTTP/1.1" 200 78330 "-" "Mozilla/5.0 (compatible; DotBot/1.2; +https://opensiteexplorer.org/dotbot; help@moz.com)"
216.244.66.247 - - [19/Jan/2025:13:12:12 +0100] "GET /admin/images/products/mah.php?path=/home/realadss/public_html/wp-admin HTTP/1.1" 200 164991 "-" "Mozilla/5.0 (compatible; DotBot/1.2; +https://opensiteexplorer.org/dotbot; help@moz.com)"
54.36.148.110 - - [19/Jan/2025:11:38:36 +0100] "GET /dancer.php HTTP/1.1" 200 6096 "-" "Mozilla/5.0 (compatible; AhrefsBot/7.0; +http://ahrefs.com/robot/)"
