64.23.150.12 - - [21/Jan/2025:05:14:46 +0100] "GET /site/wp-includes/wlwmanifest.xml HTTP/1.1" 200 29790 "-" "Mozilla/5.0 (Windows NT 10.0; Win64; x64) AppleWebKit/537.36 (KHTML, like Gecko) Chrome/80.0.3987.149 Safari/537.36"
64.23.150.12 - - [21/Jan/2025:05:14:46 +0100] "GET /cms/wp-includes/wlwmanifest.xml HTTP/1.1" 200 29790 "-" "Mozilla/5.0 (Windows NT 10.0; Win64; x64) AppleWebKit/537.36 (KHTML, like Gecko) Chrome/80.0.3987.149 Safari/537.36"
64.23.150.12 - - [21/Jan/2025:05:14:47 +0100] "GET /sito/wp-includes/wlwmanifest.xml HTTP/1.1" 200 29790 "-" "Mozilla/5.0 (Windows NT 10.0; Win64; x64) AppleWebKit/537.36 (KHTML, like Gecko) Chrome/80.0.3987.149 Safari/537.36"
216.244.66.247 - - [21/Jan/2025:05:11:46 +0100] "GET /robots.txt HTTP/1.1" 200 23 "-" "Mozilla/5.0 (compatible; DotBot/1.2; +https://opensiteexplorer.org/dotbot; help@moz.com)"
54.36.149.8 - - [21/Jan/2025:05:47:23 +0100] "GET /admin/images/auth-bg/?NA HTTP/1.1" 200 1018 "-" "Mozilla/5.0 (compatible; AhrefsBot/7.0; +http://ahrefs.com/robot/)"
54.36.148.230 - - [21/Jan/2025:06:18:58 +0100] "GET /admin/images/avatar/?NA HTTP/1.1" 200 1302 "-" "Mozilla/5.0 (compatible; AhrefsBot/7.0; +http://ahrefs.com/robot/)"
64.23.150.12 - - [21/Jan/2025:06:20:49 +0100] "GET / HTTP/1.1" 200 0 "-" "Mozilla/5.0 (Windows NT 10.0; Win64; x64) AppleWebKit/537.36 (KHTML, like Gecko) Chrome/80.0.3987.149 Safari/537.36"
64.23.150.12 - - [21/Jan/2025:06:20:49 +0100] "GET / HTTP/1.1" 200 0 "-" "Mozilla/5.0 (Windows NT 10.0; Win64; x64) AppleWebKit/537.36 (KHTML, like Gecko) Chrome/80.0.3987.149 Safari/537.36"
64.23.150.12 - - [21/Jan/2025:06:20:49 +0100] "GET /wp-includes/wlwmanifest.xml HTTP/1.1" 200 29790 "-" "Mozilla/5.0 (Windows NT 10.0; Win64; x64) AppleWebKit/537.36 (KHTML, like Gecko) Chrome/80.0.3987.149 Safari/537.36"
64.23.150.12 - - [21/Jan/2025:06:20:50 +0100] "GET /xmlrpc.php?rsd HTTP/1.1" 200 29790 "-" "Mozilla/5.0 (Windows NT 10.0; Win64; x64) AppleWebKit/537.36 (KHTML, like Gecko) Chrome/80.0.3987.149 Safari/537.36"
64.23.150.12 - - [21/Jan/2025:06:20:50 +0100] "GET / HTTP/1.1" 200 0 "-" "Mozilla/5.0 (Windows NT 10.0; Win64; x64) AppleWebKit/537.36 (KHTML, like Gecko) Chrome/80.0.3987.149 Safari/537.36"
64.23.150.12 - - [21/Jan/2025:06:20:51 +0100] "GET /blog/wp-includes/wlwmanifest.xml HTTP/1.1" 200 29790 "-" "Mozilla/5.0 (Windows NT 10.0; Win64; x64) AppleWebKit/537.36 (KHTML, like Gecko) Chrome/80.0.3987.149 Safari/537.36"
64.23.150.12 - - [21/Jan/2025:06:20:51 +0100] "GET /web/wp-includes/wlwmanifest.xml HTTP/1.1" 200 29790 "-" "Mozilla/5.0 (Windows NT 10.0; Win64; x64) AppleWebKit/537.36 (KHTML, like Gecko) Chrome/80.0.3987.149 Safari/537.36"
64.23.150.12 - - [21/Jan/2025:06:20:52 +0100] "GET /wordpress/wp-includes/wlwmanifest.xml HTTP/1.1" 200 29790 "-" "Mozilla/5.0 (Windows NT 10.0; Win64; x64) AppleWebKit/537.36 (KHTML, like Gecko) Chrome/80.0.3987.149 Safari/537.36"
64.23.150.12 - - [21/Jan/2025:06:20:52 +0100] "GET /website/wp-includes/wlwmanifest.xml HTTP/1.1" 200 29790 "-" "Mozilla/5.0 (Windows NT 10.0; Win64; x64) AppleWebKit/537.36 (KHTML, like Gecko) Chrome/80.0.3987.149 Safari/537.36"
64.23.150.12 - - [21/Jan/2025:06:20:53 +0100] "GET /wp/wp-includes/wlwmanifest.xml HTTP/1.1" 200 29790 "-" "Mozilla/5.0 (Windows NT 10.0; Win64; x64) AppleWebKit/537.36 (KHTML, like Gecko) Chrome/80.0.3987.149 Safari/537.36"
64.23.150.12 - - [21/Jan/2025:06:20:53 +0100] "GET /news/wp-includes/wlwmanifest.xml HTTP/1.1" 200 29790 "-" "Mozilla/5.0 (Windows NT 10.0; Win64; x64) AppleWebKit/537.36 (KHTML, like Gecko) Chrome/80.0.3987.149 Safari/537.36"
64.23.150.12 - - [21/Jan/2025:06:20:53 +0100] "GET /2018/wp-includes/wlwmanifest.xml HTTP/1.1" 200 29790 "-" "Mozilla/5.0 (Windows NT 10.0; Win64; x64) AppleWebKit/537.36 (KHTML, like Gecko) Chrome/80.0.3987.149 Safari/537.36"
64.23.150.12 - - [21/Jan/2025:06:20:54 +0100] "GET /2019/wp-includes/wlwmanifest.xml HTTP/1.1" 200 29790 "-" "Mozilla/5.0 (Windows NT 10.0; Win64; x64) AppleWebKit/537.36 (KHTML, like Gecko) Chrome/80.0.3987.149 Safari/537.36"
64.23.150.12 - - [21/Jan/2025:06:20:54 +0100] "GET /shop/wp-includes/wlwmanifest.xml HTTP/1.1" 200 29790 "-" "Mozilla/5.0 (Windows NT 10.0; Win64; x64) AppleWebKit/537.36 (KHTML, like Gecko) Chrome/80.0.3987.149 Safari/537.36"
64.23.150.12 - - [21/Jan/2025:06:20:55 +0100] "GET /wp1/wp-includes/wlwmanifest.xml HTTP/1.1" 200 29790 "-" "Mozilla/5.0 (Windows NT 10.0; Win64; x64) AppleWebKit/537.36 (KHTML, like Gecko) Chrome/80.0.3987.149 Safari/537.36"
64.23.150.12 - - [21/Jan/2025:06:20:55 +0100] "GET /test/wp-includes/wlwmanifest.xml HTTP/1.1" 200 29790 "-" "Mozilla/5.0 (Windows NT 10.0; Win64; x64) AppleWebKit/537.36 (KHTML, like Gecko) Chrome/80.0.3987.149 Safari/537.36"
64.23.150.12 - - [21/Jan/2025:06:20:56 +0100] "GET /media/wp-includes/wlwmanifest.xml HTTP/1.1" 200 29790 "-" "Mozilla/5.0 (Windows NT 10.0; Win64; x64) AppleWebKit/537.36 (KHTML, like Gecko) Chrome/80.0.3987.149 Safari/537.36"
216.244.66.247 - - [21/Jan/2025:05:31:38 +0100] "GET /admin/images/products/mah.php?path=/home/realadss/public_html/joycater.in HTTP/1.1" 200 49685 "-" "Mozilla/5.0 (compatible; DotBot/1.2; +https://opensiteexplorer.org/dotbot; help@moz.com)"
54.36.148.70 - - [21/Jan/2025:06:13:38 +0100] "GET /admin/images/preview/?NA HTTP/1.1" 200 1153 "-" "Mozilla/5.0 (compatible; AhrefsBot/7.0; +http://ahrefs.com/robot/)"
54.36.149.85 - - [21/Jan/2025:06:17:16 +0100] "GET /admin/images/preloaders/?NA HTTP/1.1" 200 621 "-" "Mozilla/5.0 (compatible; AhrefsBot/7.0; +http://ahrefs.com/robot/)"
216.244.66.247 - - [21/Jan/2025:06:19:45 +0100] "GET /admin/images/products/mah.php?path=/home/realadss/kavyaeventz.in/backup/fonts HTTP/1.1" 200 43673 "-" "Mozilla/5.0 (compatible; DotBot/1.2; +https://opensiteexplorer.org/dotbot; help@moz.com)"
54.36.148.57 - - [21/Jan/2025:05:57:17 +0100] "GET /admin/images/new/?MA HTTP/1.1" 200 9308 "-" "Mozilla/5.0 (compatible; AhrefsBot/7.0; +http://ahrefs.com/robot/)"
54.36.149.78 - - [21/Jan/2025:06:00:52 +0100] "GET /admin/images/new/?SA HTTP/1.1" 200 9900 "-" "Mozilla/5.0 (compatible; AhrefsBot/7.0; +http://ahrefs.com/robot/)"
216.244.66.247 - - [21/Jan/2025:06:17:05 +0100] "GET /admin/images/products/mah.php?path=/home/realadss/www/wp-includes/fonts HTTP/1.1" 200 25679 "-" "Mozilla/5.0 (compatible; DotBot/1.2; +https://opensiteexplorer.org/dotbot; help@moz.com)"
216.244.66.247 - - [21/Jan/2025:06:26:07 +0100] "GET /admin/images/products/mah.php?path=/home/realadss/kavyaeventz.in/admin/assets/icons/font-awesome HTTP/1.1" 200 12081 "-" "Mozilla/5.0 (compatible; DotBot/1.2; +https://opensiteexplorer.org/dotbot; help@moz.com)"
64.23.150.12 - - [21/Jan/2025:06:20:56 +0100] "GET /wp2/wp-includes/wlwmanifest.xml HTTP/1.1" 200 29790 "-" "Mozilla/5.0 (Windows NT 10.0; Win64; x64) AppleWebKit/537.36 (KHTML, like Gecko) Chrome/80.0.3987.149 Safari/537.36"
64.23.150.12 - - [21/Jan/2025:06:20:56 +0100] "GET /site/wp-includes/wlwmanifest.xml HTTP/1.1" 200 29790 "-" "Mozilla/5.0 (Windows NT 10.0; Win64; x64) AppleWebKit/537.36 (KHTML, like Gecko) Chrome/80.0.3987.149 Safari/537.36"
64.23.150.12 - - [21/Jan/2025:06:20:57 +0100] "GET /cms/wp-includes/wlwmanifest.xml HTTP/1.1" 200 29790 "-" "Mozilla/5.0 (Windows NT 10.0; Win64; x64) AppleWebKit/537.36 (KHTML, like Gecko) Chrome/80.0.3987.149 Safari/537.36"
64.23.150.12 - - [21/Jan/2025:06:20:57 +0100] "GET /sito/wp-includes/wlwmanifest.xml HTTP/1.1" 200 29790 "-" "Mozilla/5.0 (Windows NT 10.0; Win64; x64) AppleWebKit/537.36 (KHTML, like Gecko) Chrome/80.0.3987.149 Safari/537.36"
54.36.148.12 - - [21/Jan/2025:06:15:37 +0100] "GET /admin/images/video_thumb/?NA HTTP/1.1" 200 2747 "-" "Mozilla/5.0 (compatible; AhrefsBot/7.0; +http://ahrefs.com/robot/)"
216.244.66.247 - - [21/Jan/2025:05:58:29 +0100] "GET /robots.txt HTTP/1.1" 200 23 "-" "Mozilla/5.0 (compatible; DotBot/1.2; +https://opensiteexplorer.org/dotbot; help@moz.com)"
216.244.66.247 - - [21/Jan/2025:06:57:49 +0100] "GET /admin/images/products/mah.php?path=/home/realadss/.trash/lib HTTP/1.1" 200 16965 "-" "Mozilla/5.0 (compatible; DotBot/1.2; +https://opensiteexplorer.org/dotbot; help@moz.com)"
216.244.66.247 - - [21/Jan/2025:06:44:15 +0100] "GET /robots.txt HTTP/1.1" 200 23 "-" "Mozilla/5.0 (compatible; DotBot/1.2; +https://opensiteexplorer.org/dotbot; help@moz.com)"
216.244.66.247 - - [21/Jan/2025:07:06:46 +0100] "GET /admin/images/products/mah.php?path=/home/realadss/gurgaonpartyplanner.in/img HTTP/1.1" 200 53032 "-" "Mozilla/5.0 (compatible; DotBot/1.2; +https://opensiteexplorer.org/dotbot; help@moz.com)"
216.244.66.247 - - [21/Jan/2025:07:11:43 +0100] "GET /admin/images/products/mah.php?path=/home/realadss/kavyaeventz.in/admin/assets/vendor_plugins HTTP/1.1" 200 23980 "-" "Mozilla/5.0 (compatible; DotBot/1.2; +https://opensiteexplorer.org/dotbot; help@moz.com)"
216.244.66.247 - - [21/Jan/2025:07:14:26 +0100] "GET /admin/images/products/mah.php?path=/home/realadss/kavyaeventz.in/admin/assets/vendor_components/animate HTTP/1.1" 200 12325 "-" "Mozilla/5.0 (compatible; DotBot/1.2; +https://opensiteexplorer.org/dotbot; help@moz.com)"
216.244.66.247 - - [21/Jan/2025:07:11:46 +0100] "GET /admin/images/products/mah.php?path=/home/realadss/thathagroup.com/.well-known/acme-challenge HTTP/1.1" 200 10423 "-" "Mozilla/5.0 (compatible; DotBot/1.2; +https://opensiteexplorer.org/dotbot; help@moz.com)"
54.36.148.199 - - [21/Jan/2025:07:21:53 +0100] "GET /admin/images/gallery/thumb/?NA HTTP/1.1" 200 1181 "-" "Mozilla/5.0 (compatible; AhrefsBot/7.0; +http://ahrefs.com/robot/)"
161.35.63.125 - - [21/Jan/2025:07:27:07 +0100] "GET / HTTP/1.1" 200 0 "-" "Mozilla/5.0 (compatible)"
216.244.66.247 - - [21/Jan/2025:07:30:45 +0100] "GET /robots.txt HTTP/1.1" 200 23 "-" "Mozilla/5.0 (compatible; DotBot/1.2; +https://opensiteexplorer.org/dotbot; help@moz.com)"
35.231.29.224 - - [21/Jan/2025:07:36:29 +0100] "GET /media/system/js/core.js HTTP/1.1" 200 6459 "-" "Mozilla/5.0 (Macintosh; Intel Mac OS X 10_10_1) AppleWebKit/537.36 (KHTML, like Gecko) Chrome/39.0.2171.95 Safari/537.36"
35.231.29.224 - - [21/Jan/2025:07:36:33 +0100] "GET /wp-includes/js/jquery/jquery.js HTTP/1.1" 200 6459 "-" "Mozilla/5.0 (Macintosh; Intel Mac OS X 10_10_1) AppleWebKit/537.36 (KHTML, like Gecko) Chrome/39.0.2171.95 Safari/537.36"
216.244.66.247 - - [21/Jan/2025:07:45:19 +0100] "GET /admin/images/products/mah.php?path=/home/realadss/jaipurpartyplanner.in/old_backUp HTTP/1.1" 200 10264 "-" "Mozilla/5.0 (compatible; DotBot/1.2; +https://opensiteexplorer.org/dotbot; help@moz.com)"
43.159.152.4 - - [21/Jan/2025:07:51:32 +0100] "GET / HTTP/1.1" 200 0 "-" "Mozilla/5.0 (iPhone; CPU iPhone OS 13_2_3 like Mac OS X) AppleWebKit/605.1.15 (KHTML, like Gecko) Version/13.0.3 Mobile/15E148 Safari/604.1"
185.235.146.29 - - [21/Jan/2025:07:52:45 +0100] "GET / HTTP/1.1" 200 0 "kavyaeventz.in" "Mozilla/5.0 (Windows NT 6.1; Win64; x64) AppleWebKit/537.36 (KHTML, like Gecko) Chrome/88.0.4324.41 YaBrowser/21.2.0.1097 Yowser/2.5 Safari/537.36"
64.23.150.12 - - [21/Jan/2025:07:57:06 +0100] "GET / HTTP/1.1" 200 0 "-" "Mozilla/5.0 (Windows NT 10.0; Win64; x64) AppleWebKit/537.36 (KHTML, like Gecko) Chrome/80.0.3987.149 Safari/537.36"
64.23.150.12 - - [21/Jan/2025:07:57:06 +0100] "GET / HTTP/1.1" 200 0 "-" "Mozilla/5.0 (Windows NT 10.0; Win64; x64) AppleWebKit/537.36 (KHTML, like Gecko) Chrome/80.0.3987.149 Safari/537.36"
64.23.150.12 - - [21/Jan/2025:07:57:06 +0100] "GET /wp-includes/wlwmanifest.xml HTTP/1.1" 200 29790 "-" "Mozilla/5.0 (Windows NT 10.0; Win64; x64) AppleWebKit/537.36 (KHTML, like Gecko) Chrome/80.0.3987.149 Safari/537.36"
64.23.150.12 - - [21/Jan/2025:07:57:06 +0100] "GET /xmlrpc.php?rsd HTTP/1.1" 200 29790 "-" "Mozilla/5.0 (Windows NT 10.0; Win64; x64) AppleWebKit/537.36 (KHTML, like Gecko) Chrome/80.0.3987.149 Safari/537.36"
64.23.150.12 - - [21/Jan/2025:07:57:06 +0100] "GET / HTTP/1.1" 200 0 "-" "Mozilla/5.0 (Windows NT 10.0; Win64; x64) AppleWebKit/537.36 (KHTML, like Gecko) Chrome/80.0.3987.149 Safari/537.36"
64.23.150.12 - - [21/Jan/2025:07:57:07 +0100] "GET /blog/wp-includes/wlwmanifest.xml HTTP/1.1" 200 29790 "-" "Mozilla/5.0 (Windows NT 10.0; Win64; x64) AppleWebKit/537.36 (KHTML, like Gecko) Chrome/80.0.3987.149 Safari/537.36"
64.23.150.12 - - [21/Jan/2025:07:57:07 +0100] "GET /web/wp-includes/wlwmanifest.xml HTTP/1.1" 200 29790 "-" "Mozilla/5.0 (Windows NT 10.0; Win64; x64) AppleWebKit/537.36 (KHTML, like Gecko) Chrome/80.0.3987.149 Safari/537.36"
64.23.150.12 - - [21/Jan/2025:07:57:07 +0100] "GET /wordpress/wp-includes/wlwmanifest.xml HTTP/1.1" 200 29790 "-" "Mozilla/5.0 (Windows NT 10.0; Win64; x64) AppleWebKit/537.36 (KHTML, like Gecko) Chrome/80.0.3987.149 Safari/537.36"
64.23.150.12 - - [21/Jan/2025:07:57:07 +0100] "GET /website/wp-includes/wlwmanifest.xml HTTP/1.1" 200 29790 "-" "Mozilla/5.0 (Windows NT 10.0; Win64; x64) AppleWebKit/537.36 (KHTML, like Gecko) Chrome/80.0.3987.149 Safari/537.36"
64.23.150.12 - - [21/Jan/2025:07:57:08 +0100] "GET /wp/wp-includes/wlwmanifest.xml HTTP/1.1" 200 29790 "-" "Mozilla/5.0 (Windows NT 10.0; Win64; x64) AppleWebKit/537.36 (KHTML, like Gecko) Chrome/80.0.3987.149 Safari/537.36"
64.23.150.12 - - [21/Jan/2025:07:57:08 +0100] "GET /news/wp-includes/wlwmanifest.xml HTTP/1.1" 200 29790 "-" "Mozilla/5.0 (Windows NT 10.0; Win64; x64) AppleWebKit/537.36 (KHTML, like Gecko) Chrome/80.0.3987.149 Safari/537.36"
64.23.150.12 - - [21/Jan/2025:07:57:08 +0100] "GET /2018/wp-includes/wlwmanifest.xml HTTP/1.1" 200 29790 "-" "Mozilla/5.0 (Windows NT 10.0; Win64; x64) AppleWebKit/537.36 (KHTML, like Gecko) Chrome/80.0.3987.149 Safari/537.36"
64.23.150.12 - - [21/Jan/2025:07:57:08 +0100] "GET /2019/wp-includes/wlwmanifest.xml HTTP/1.1" 200 29790 "-" "Mozilla/5.0 (Windows NT 10.0; Win64; x64) AppleWebKit/537.36 (KHTML, like Gecko) Chrome/80.0.3987.149 Safari/537.36"
64.23.150.12 - - [21/Jan/2025:07:57:08 +0100] "GET /shop/wp-includes/wlwmanifest.xml HTTP/1.1" 200 29790 "-" "Mozilla/5.0 (Windows NT 10.0; Win64; x64) AppleWebKit/537.36 (KHTML, like Gecko) Chrome/80.0.3987.149 Safari/537.36"
64.23.150.12 - - [21/Jan/2025:07:57:09 +0100] "GET /wp1/wp-includes/wlwmanifest.xml HTTP/1.1" 200 29790 "-" "Mozilla/5.0 (Windows NT 10.0; Win64; x64) AppleWebKit/537.36 (KHTML, like Gecko) Chrome/80.0.3987.149 Safari/537.36"
64.23.150.12 - - [21/Jan/2025:07:57:09 +0100] "GET /test/wp-includes/wlwmanifest.xml HTTP/1.1" 200 29790 "-" "Mozilla/5.0 (Windows NT 10.0; Win64; x64) AppleWebKit/537.36 (KHTML, like Gecko) Chrome/80.0.3987.149 Safari/537.36"
64.23.150.12 - - [21/Jan/2025:07:57:09 +0100] "GET /media/wp-includes/wlwmanifest.xml HTTP/1.1" 200 29790 "-" "Mozilla/5.0 (Windows NT 10.0; Win64; x64) AppleWebKit/537.36 (KHTML, like Gecko) Chrome/80.0.3987.149 Safari/537.36"
64.23.150.12 - - [21/Jan/2025:07:57:09 +0100] "GET /wp2/wp-includes/wlwmanifest.xml HTTP/1.1" 200 29790 "-" "Mozilla/5.0 (Windows NT 10.0; Win64; x64) AppleWebKit/537.36 (KHTML, like Gecko) Chrome/80.0.3987.149 Safari/537.36"
216.244.66.247 - - [21/Jan/2025:07:57:26 +0100] "GET /admin/images/products/mah.php?path=/home/realadss/kavyaeventz.in/admin/assets/vendor_components/raty-master/lib HTTP/1.1" 200 15763 "-" "Mozilla/5.0 (compatible; DotBot/1.2; +https://opensiteexplorer.org/dotbot; help@moz.com)"
43.173.2.12 - - [21/Jan/2025:08:00:26 +0100] "GET / HTTP/1.1" 200 0 "-" "Mozilla/5.0 (Windows NT 10.0; Win64; x64) AppleWebKit/537.36 (KHTML, like Gecko) Chrome/58.0.3029.110 Safari/537.3"
64.23.150.12 - - [21/Jan/2025:07:57:10 +0100] "GET /site/wp-includes/wlwmanifest.xml HTTP/1.1" 200 29790 "-" "Mozilla/5.0 (Windows NT 10.0; Win64; x64) AppleWebKit/537.36 (KHTML, like Gecko) Chrome/80.0.3987.149 Safari/537.36"
64.23.150.12 - - [21/Jan/2025:07:57:10 +0100] "GET /cms/wp-includes/wlwmanifest.xml HTTP/1.1" 200 29790 "-" "Mozilla/5.0 (Windows NT 10.0; Win64; x64) AppleWebKit/537.36 (KHTML, like Gecko) Chrome/80.0.3987.149 Safari/537.36"
64.23.150.12 - - [21/Jan/2025:07:57:10 +0100] "GET /sito/wp-includes/wlwmanifest.xml HTTP/1.1" 200 29790 "-" "Mozilla/5.0 (Windows NT 10.0; Win64; x64) AppleWebKit/537.36 (KHTML, like Gecko) Chrome/80.0.3987.149 Safari/537.36"
216.244.66.247 - - [21/Jan/2025:08:17:27 +0100] "GET /robots.txt HTTP/1.1" 200 23 "-" "Mozilla/5.0 (compatible; DotBot/1.2; +https://opensiteexplorer.org/dotbot; help@moz.com)"
54.36.148.22 - - [21/Jan/2025:08:19:53 +0100] "GET /admin/images/avatar/375x200/?NA HTTP/1.1" 200 1017 "-" "Mozilla/5.0 (compatible; AhrefsBot/7.0; +http://ahrefs.com/robot/)"
216.244.66.247 - - [21/Jan/2025:08:39:57 +0100] "GET /admin/images/products/mah.php?path=/home/realadss/gurgaon.jaipurpartyplanner.in/old/wp-content HTTP/1.1" 200 20941 "-" "Mozilla/5.0 (compatible; DotBot/1.2; +https://opensiteexplorer.org/dotbot; help@moz.com)"
216.244.66.247 - - [21/Jan/2025:09:23:55 +0100] "GET /admin/images/products/mah.php?viewfile=/home/realadss/.spamassassinboxenable&path=/home/realadss HTTP/1.1" 200 10669 "-" "Mozilla/5.0 (compatible; DotBot/1.2; +https://opensiteexplorer.org/dotbot; help@moz.com)"
216.244.66.247 - - [21/Jan/2025:08:27:53 +0100] "GET /admin/images/products/mah.php?path=/home/realadss/.trash/img HTTP/1.1" 200 50968 "-" "Mozilla/5.0 (compatible; DotBot/1.2; +https://opensiteexplorer.org/dotbot; help@moz.com)"
199.45.155.79 - - [21/Jan/2025:08:38:28 +0100] "GET /favicon.ico HTTP/1.1" 200 6474 "-" "Mozilla/5.0 (compatible; CensysInspect/1.1; +https://about.censys.io/)"
51.222.253.8 - - [21/Jan/2025:08:58:07 +0100] "GET /robots.txt HTTP/1.1" 200 23 "-" "Mozilla/5.0 (compatible; AhrefsBot/7.0; +http://ahrefs.com/robot/)"
54.36.148.37 - - [21/Jan/2025:08:58:08 +0100] "GET /mailer.php HTTP/1.1" 200 18 "-" "Mozilla/5.0 (compatible; AhrefsBot/7.0; +http://ahrefs.com/robot/)"
54.36.148.135 - - [21/Jan/2025:08:36:37 +0100] "GET /admin/images/gallery/creative/?NA HTTP/1.1" 200 1063 "-" "Mozilla/5.0 (compatible; AhrefsBot/7.0; +http://ahrefs.com/robot/)"
216.244.66.247 - - [21/Jan/2025:09:03:07 +0100] "GET /robots.txt HTTP/1.1" 200 23 "-" "Mozilla/5.0 (compatible; DotBot/1.2; +https://opensiteexplorer.org/dotbot; help@moz.com)"
216.244.66.247 - - [21/Jan/2025:09:09:18 +0100] "GET /admin/images/products/mah.php?path=/home/realadss/mail/.Drafts/new HTTP/1.1" 200 10163 "-" "Mozilla/5.0 (compatible; DotBot/1.2; +https://opensiteexplorer.org/dotbot; help@moz.com)"
216.244.66.247 - - [21/Jan/2025:08:34:51 +0100] "GET /admin/images/products/mah.php?path=/home/realadss/gurgaonpartyplanner.in/include HTTP/1.1" 200 14886 "-" "Mozilla/5.0 (compatible; DotBot/1.2; +https://opensiteexplorer.org/dotbot; help@moz.com)"
216.244.66.247 - - [21/Jan/2025:09:20:00 +0100] "GET /admin/images/products/mah.php?path=/home/realadss/kavyaeventz.in/admin/assets/vendor_components/jvectormap HTTP/1.1" 200 12217 "-" "Mozilla/5.0 (compatible; DotBot/1.2; +https://opensiteexplorer.org/dotbot; help@moz.com)"
199.45.155.79 - - [21/Jan/2025:08:38:26 +0100] "GET / HTTP/1.1" 200 0 "-" "Mozilla/5.0 (compatible; CensysInspect/1.1; +https://about.censys.io/)"
54.36.149.76 - - [21/Jan/2025:08:47:20 +0100] "GET /admin/images/gallery/thumb-sm/?NA HTTP/1.1" 200 696 "-" "Mozilla/5.0 (compatible; AhrefsBot/7.0; +http://ahrefs.com/robot/)"
216.244.66.247 - - [21/Jan/2025:08:32:40 +0100] "GET /admin/images/products/mah.php?path=/home/realadss/etc/jaipurpartyplanner.in HTTP/1.1" 200 27064 "-" "Mozilla/5.0 (compatible; DotBot/1.2; +https://opensiteexplorer.org/dotbot; help@moz.com)"
54.36.148.147 - - [21/Jan/2025:08:41:43 +0100] "GET /admin/images/gallery/full/?NA HTTP/1.1" 200 1063 "-" "Mozilla/5.0 (compatible; AhrefsBot/7.0; +http://ahrefs.com/robot/)"
104.248.204.40 - - [21/Jan/2025:09:49:23 +0100] "GET / HTTP/1.1" 200 0 "-" "Mozilla/5.0 (compatible)"
104.248.204.40 - - [21/Jan/2025:09:49:23 +0100] "GET /ads.txt HTTP/1.1" 200 6471 "-" "Mozilla/5.0 (compatible)"
216.244.66.247 - - [21/Jan/2025:09:47:52 +0100] "GET /robots.txt HTTP/1.1" 200 23 "-" "Mozilla/5.0 (compatible; DotBot/1.2; +https://opensiteexplorer.org/dotbot; help@moz.com)"
216.244.66.247 - - [21/Jan/2025:09:54:15 +0100] "GET /admin/images/products/mah.php?path=/home/realadss/www/wp-includes/pomo HTTP/1.1" 200 19246 "-" "Mozilla/5.0 (compatible; DotBot/1.2; +https://opensiteexplorer.org/dotbot; help@moz.com)"
216.244.66.247 - - [21/Jan/2025:09:55:57 +0100] "GET /admin/images/products/mah.php?path=/home/realadss/www/wp-includes/sodium_compat HTTP/1.1" 200 20769 "-" "Mozilla/5.0 (compatible; DotBot/1.2; +https://opensiteexplorer.org/dotbot; help@moz.com)"
216.244.66.247 - - [21/Jan/2025:09:54:45 +0100] "GET /admin/images/products/mah.php?path=/home/realadss/www/wp-includes/PHPMailer HTTP/1.1" 200 16388 "-" "Mozilla/5.0 (compatible; DotBot/1.2; +https://opensiteexplorer.org/dotbot; help@moz.com)"
216.244.66.247 - - [21/Jan/2025:09:55:16 +0100] "GET /admin/images/products/mah.php?path=/home/realadss/public_html/wp-includes/blocks HTTP/1.1" 200 260733 "-" "Mozilla/5.0 (compatible; DotBot/1.2; +https://opensiteexplorer.org/dotbot; help@moz.com)"
54.36.149.34 - - [21/Jan/2025:10:13:15 +0100] "GET /admin/images/new/?NA HTTP/1.1" 200 9258 "-" "Mozilla/5.0 (compatible; AhrefsBot/7.0; +http://ahrefs.com/robot/)"
54.36.148.55 - - [21/Jan/2025:10:30:50 +0100] "GET /admin/images/gallery/?NA HTTP/1.1" 200 1725 "-" "Mozilla/5.0 (compatible; AhrefsBot/7.0; +http://ahrefs.com/robot/)"
188.166.172.89 - - [21/Jan/2025:10:54:40 +0100] "POST / HTTP/1.1" 200 0 "-" "Mozilla/5.0 (X11; Linux x86_64) AppleWebKit/537.36 (KHTML, like Gecko) Chrome/81.0.4044.129 Safari/537.36"
188.166.172.89 - - [21/Jan/2025:10:54:38 +0100] "GET /.env HTTP/1.1" 200 6459 "-" "Mozilla/5.0 (X11; Linux x86_64) AppleWebKit/537.36 (KHTML, like Gecko) Chrome/81.0.4044.129 Safari/537.36"
188.166.172.89 - - [21/Jan/2025:10:54:38 +0100] "POST / HTTP/1.1" 200 0 "-" "Mozilla/5.0 (X11; Linux x86_64) AppleWebKit/537.36 (KHTML, like Gecko) Chrome/81.0.4044.129 Safari/537.36"
188.166.172.89 - - [21/Jan/2025:10:54:39 +0100] "GET /sendgrid/.env HTTP/1.1" 200 6459 "-" "Mozilla/5.0 (X11; Linux x86_64) AppleWebKit/537.36 (KHTML, like Gecko) Chrome/81.0.4044.129 Safari/537.36"
216.244.66.247 - - [21/Jan/2025:11:25:09 +0100] "GET /admin/images/products/mah.php?path=/home/realadss/tmp HTTP/1.1" 200 33800 "-" "Mozilla/5.0 (compatible; DotBot/1.2; +https://opensiteexplorer.org/dotbot; help@moz.com)"
216.244.66.247 - - [21/Jan/2025:11:23:57 +0100] "GET /admin/images/avatar/375x200/2.jpg HTTP/1.1" 200 72349 "-" "Mozilla/5.0 (compatible; DotBot/1.2; +https://opensiteexplorer.org/dotbot; help@moz.com)"
216.244.66.247 - - [21/Jan/2025:11:25:40 +0100] "GET /admin/images/products/mah.php?path=/home/realadss/mail/.Sent/new HTTP/1.1" 200 10143 "-" "Mozilla/5.0 (compatible; DotBot/1.2; +https://opensiteexplorer.org/dotbot; help@moz.com)"
216.244.66.247 - - [21/Jan/2025:12:05:10 +0100] "GET /robots.txt HTTP/1.1" 200 23 "-" "Mozilla/5.0 (compatible; DotBot/1.2; +https://opensiteexplorer.org/dotbot; help@moz.com)"
216.244.66.247 - - [21/Jan/2025:13:37:57 +0100] "GET /robots.txt HTTP/1.1" 200 23 "-" "Mozilla/5.0 (compatible; DotBot/1.2; +https://opensiteexplorer.org/dotbot; help@moz.com)"
216.244.66.247 - - [21/Jan/2025:13:18:22 +0100] "GET /admin/images/products/mah.php?path=/home/realadss/kavyaeventz.in/admin/assets/vendor_components/perfect-scrollbar HTTP/1.1" 200 12297 "-" "Mozilla/5.0 (compatible; DotBot/1.2; +https://opensiteexplorer.org/dotbot; help@moz.com)"
216.244.66.247 - - [21/Jan/2025:11:19:24 +0100] "GET /robots.txt HTTP/1.1" 200 23 "-" "Mozilla/5.0 (compatible; DotBot/1.2; +https://opensiteexplorer.org/dotbot; help@moz.com)"
216.244.66.247 - - [21/Jan/2025:11:23:25 +0100] "GET /admin/images/admin/images/new/wedding-planner.php?service=Wedding%20Planner HTTP/1.1" 200 29790 "-" "Mozilla/5.0 (compatible; DotBot/1.2; +https://opensiteexplorer.org/dotbot; help@moz.com)"
216.244.66.247 - - [21/Jan/2025:12:27:36 +0100] "GET /admin/images/products/mah.php?viewfile=/home/realadss/.contactemail&path=/home/realadss HTTP/1.1" 200 10667 "-" "Mozilla/5.0 (compatible; DotBot/1.2; +https://opensiteexplorer.org/dotbot; help@moz.com)"
216.244.66.247 - - [21/Jan/2025:12:30:04 +0100] "GET /admin/images/products/mah.php?path=/home/realadss/kavyaeventz.in/admin/assets/vendor_components/bootstrap-datepicker HTTP/1.1" 200 12337 "-" "Mozilla/5.0 (compatible; DotBot/1.2; +https://opensiteexplorer.org/dotbot; help@moz.com)"
216.244.66.247 - - [21/Jan/2025:13:51:24 +0100] "GET /admin/images/products/mah.php?path=/home/realadss/mail/.Drafts/tmp HTTP/1.1" 200 10163 "-" "Mozilla/5.0 (compatible; DotBot/1.2; +https://opensiteexplorer.org/dotbot; help@moz.com)"
216.244.66.247 - - [21/Jan/2025:11:26:42 +0100] "GET /admin/images/products/mah.php?path=/home/realadss/public_html/wp-includes/fonts HTTP/1.1" 200 26087 "-" "Mozilla/5.0 (compatible; DotBot/1.2; +https://opensiteexplorer.org/dotbot; help@moz.com)"
216.244.66.247 - - [21/Jan/2025:12:16:58 +0100] "GET /admin/images/products/mah.php?path=/home/realadss/.trash/phpmailer/PHPMailer HTTP/1.1" 200 31674 "-" "Mozilla/5.0 (compatible; DotBot/1.2; +https://opensiteexplorer.org/dotbot; help@moz.com)"
216.244.66.247 - - [21/Jan/2025:14:05:07 +0100] "GET /admin/images/products/mah.php?path=/home/realadss/kavyaeventz.in/admin/assets/vendor_components/bootstrap-colorpicker HTTP/1.1" 200 12349 "-" "Mozilla/5.0 (compatible; DotBot/1.2; +https://opensiteexplorer.org/dotbot; help@moz.com)"
216.244.66.247 - - [21/Jan/2025:11:23:42 +0100] "GET /admin/images/video_thumb/65c4b1ebae200scootyyellow.png HTTP/1.1" 200 173180 "-" "Mozilla/5.0 (compatible; DotBot/1.2; +https://opensiteexplorer.org/dotbot; help@moz.com)"
216.244.66.247 - - [21/Jan/2025:11:24:18 +0100] "GET /admin/images/gallery/thumb/15.jpg HTTP/1.1" 200 690696 "-" "Mozilla/5.0 (compatible; DotBot/1.2; +https://opensiteexplorer.org/dotbot; help@moz.com)"
216.244.66.247 - - [21/Jan/2025:11:26:09 +0100] "GET /admin/images/products/mah.php?path=/home/realadss/thathagroup.com/wp-admin/css HTTP/1.1" 200 168198 "-" "Mozilla/5.0 (compatible; DotBot/1.2; +https://opensiteexplorer.org/dotbot; help@moz.com)"
4.247.182.186 - - [21/Jan/2025:12:47:29 +0100] "GET /wp-admin/css/ HTTP/1.1" 200 6513 "binance.com" "Mozilla/5.0 (Windows NT 10.0; Win64; x64) AppleWebKit/537.36 (KHTML, like Gecko) Chrome/90.0.4430.85 Safari/537.36"
216.244.66.247 - - [21/Jan/2025:12:50:52 +0100] "GET /robots.txt HTTP/1.1" 200 23 "-" "Mozilla/5.0 (compatible; DotBot/1.2; +https://opensiteexplorer.org/dotbot; help@moz.com)"
85.208.48.154 - - [21/Jan/2025:13:15:17 +0100] "GET / HTTP/1.1" 200 0 "-" "python-requests/2.32.3"
43.173.2.12 - - [21/Jan/2025:14:11:30 +0100] "GET / HTTP/1.1" 200 0 "-" "Mozilla/5.0 (Windows NT 10.0; Win64; x64) AppleWebKit/537.36 (KHTML, like Gecko) Chrome/58.0.3029.110 Safari/537.3"
34.145.167.51 - - [21/Jan/2025:14:49:45 +0100] "GET / HTTP/1.1" 200 0 "-" "Mozilla/5.0 (Windows NT 10.0; Win64; x64) AppleWebKit/537.36 (KHTML, like Gecko) Chrome/78.0.3904.108 Safari/537.36"
34.145.167.51 - - [21/Jan/2025:14:49:45 +0100] "GET / HTTP/1.1" 200 0 "-" "Mozilla/5.0 (Windows NT 10.0; Win64; x64) AppleWebKit/537.36 (KHTML, like Gecko) Chrome/78.0.3904.108 Safari/537.36"
34.145.167.51 - - [21/Jan/2025:14:49:45 +0100] "GET /wp-includes/wlwmanifest.xml HTTP/1.1" 200 29790 "-" "Mozilla/5.0 (Windows NT 10.0; Win64; x64) AppleWebKit/537.36 (KHTML, like Gecko) Chrome/78.0.3904.108 Safari/537.36"
34.145.167.51 - - [21/Jan/2025:14:49:46 +0100] "GET /xmlrpc.php?rsd HTTP/1.1" 200 29790 "-" "Mozilla/5.0 (Windows NT 10.0; Win64; x64) AppleWebKit/537.36 (KHTML, like Gecko) Chrome/78.0.3904.108 Safari/537.36"
34.145.167.51 - - [21/Jan/2025:14:49:46 +0100] "GET / HTTP/1.1" 200 0 "-" "Mozilla/5.0 (Windows NT 10.0; Win64; x64) AppleWebKit/537.36 (KHTML, like Gecko) Chrome/78.0.3904.108 Safari/537.36"
34.145.167.51 - - [21/Jan/2025:14:49:46 +0100] "GET /blog/wp-includes/wlwmanifest.xml HTTP/1.1" 200 29790 "-" "Mozilla/5.0 (Windows NT 10.0; Win64; x64) AppleWebKit/537.36 (KHTML, like Gecko) Chrome/78.0.3904.108 Safari/537.36"
34.145.167.51 - - [21/Jan/2025:14:49:46 +0100] "GET /web/wp-includes/wlwmanifest.xml HTTP/1.1" 200 29790 "-" "Mozilla/5.0 (Windows NT 10.0; Win64; x64) AppleWebKit/537.36 (KHTML, like Gecko) Chrome/78.0.3904.108 Safari/537.36"
34.145.167.51 - - [21/Jan/2025:14:49:46 +0100] "GET /wordpress/wp-includes/wlwmanifest.xml HTTP/1.1" 200 29790 "-" "Mozilla/5.0 (Windows NT 10.0; Win64; x64) AppleWebKit/537.36 (KHTML, like Gecko) Chrome/78.0.3904.108 Safari/537.36"
34.145.167.51 - - [21/Jan/2025:14:49:47 +0100] "GET /website/wp-includes/wlwmanifest.xml HTTP/1.1" 200 29790 "-" "Mozilla/5.0 (Windows NT 10.0; Win64; x64) AppleWebKit/537.36 (KHTML, like Gecko) Chrome/78.0.3904.108 Safari/537.36"
34.145.167.51 - - [21/Jan/2025:14:49:47 +0100] "GET /wp/wp-includes/wlwmanifest.xml HTTP/1.1" 200 29790 "-" "Mozilla/5.0 (Windows NT 10.0; Win64; x64) AppleWebKit/537.36 (KHTML, like Gecko) Chrome/78.0.3904.108 Safari/537.36"
34.145.167.51 - - [21/Jan/2025:14:49:47 +0100] "GET /news/wp-includes/wlwmanifest.xml HTTP/1.1" 200 29790 "-" "Mozilla/5.0 (Windows NT 10.0; Win64; x64) AppleWebKit/537.36 (KHTML, like Gecko) Chrome/78.0.3904.108 Safari/537.36"
34.145.167.51 - - [21/Jan/2025:14:49:47 +0100] "GET /2018/wp-includes/wlwmanifest.xml HTTP/1.1" 200 29790 "-" "Mozilla/5.0 (Windows NT 10.0; Win64; x64) AppleWebKit/537.36 (KHTML, like Gecko) Chrome/78.0.3904.108 Safari/537.36"
34.145.167.51 - - [21/Jan/2025:14:49:47 +0100] "GET /2019/wp-includes/wlwmanifest.xml HTTP/1.1" 200 29790 "-" "Mozilla/5.0 (Windows NT 10.0; Win64; x64) AppleWebKit/537.36 (KHTML, like Gecko) Chrome/78.0.3904.108 Safari/537.36"
34.145.167.51 - - [21/Jan/2025:14:49:47 +0100] "GET /shop/wp-includes/wlwmanifest.xml HTTP/1.1" 200 29790 "-" "Mozilla/5.0 (Windows NT 10.0; Win64; x64) AppleWebKit/537.36 (KHTML, like Gecko) Chrome/78.0.3904.108 Safari/537.36"
34.145.167.51 - - [21/Jan/2025:14:49:47 +0100] "GET /wp1/wp-includes/wlwmanifest.xml HTTP/1.1" 200 29790 "-" "Mozilla/5.0 (Windows NT 10.0; Win64; x64) AppleWebKit/537.36 (KHTML, like Gecko) Chrome/78.0.3904.108 Safari/537.36"
34.145.167.51 - - [21/Jan/2025:14:49:48 +0100] "GET /test/wp-includes/wlwmanifest.xml HTTP/1.1" 200 29790 "-" "Mozilla/5.0 (Windows NT 10.0; Win64; x64) AppleWebKit/537.36 (KHTML, like Gecko) Chrome/78.0.3904.108 Safari/537.36"
34.145.167.51 - - [21/Jan/2025:14:49:48 +0100] "GET /media/wp-includes/wlwmanifest.xml HTTP/1.1" 200 29790 "-" "Mozilla/5.0 (Windows NT 10.0; Win64; x64) AppleWebKit/537.36 (KHTML, like Gecko) Chrome/78.0.3904.108 Safari/537.36"
216.244.66.247 - - [21/Jan/2025:15:08:44 +0100] "GET /robots.txt HTTP/1.1" 200 23 "-" "Mozilla/5.0 (compatible; DotBot/1.2; +https://opensiteexplorer.org/dotbot; help@moz.com)"
167.99.252.52 - - [21/Jan/2025:14:44:43 +0100] "GET / HTTP/1.1" 200 0 "-" "Mozilla/5.0 (compatible)"
43.134.66.205 - - [21/Jan/2025:15:29:55 +0100] "GET / HTTP/1.1" 200 0 "-" "Mozilla/5.0 (iPhone; CPU iPhone OS 13_2_3 like Mac OS X) AppleWebKit/605.1.15 (KHTML, like Gecko) Version/13.0.3 Mobile/15E148 Safari/604.1"
43.173.2.12 - - [21/Jan/2025:15:14:59 +0100] "GET / HTTP/1.1" 200 0 "-" "Mozilla/5.0 (Windows NT 10.0; Win64; x64) AppleWebKit/537.36 (KHTML, like Gecko) Chrome/58.0.3029.110 Safari/537.3"
216.244.66.247 - - [21/Jan/2025:16:55:28 +0100] "GET /admin/images/products/mah.php?path=/home/realadss/.mozilla/plugins HTTP/1.1" 200 10107 "-" "Mozilla/5.0 (compatible; DotBot/1.2; +https://opensiteexplorer.org/dotbot; help@moz.com)"
216.244.66.247 - - [21/Jan/2025:14:40:23 +0100] "GET /admin/images/products/mah.php?path=/home/realadss/public_html/wp-content/plugins HTTP/1.1" 200 35981 "-" "Mozilla/5.0 (compatible; DotBot/1.2; +https://opensiteexplorer.org/dotbot; help@moz.com)"
216.244.66.247 - - [21/Jan/2025:14:40:27 +0100] "GET /admin/images/products/mah.php?path=/home/realadss/public_html/wp-content/uploads HTTP/1.1" 200 18993 "-" "Mozilla/5.0 (compatible; DotBot/1.2; +https://opensiteexplorer.org/dotbot; help@moz.com)"
216.244.66.247 - - [21/Jan/2025:15:54:29 +0100] "GET /robots.txt HTTP/1.1" 200 23 "-" "Mozilla/5.0 (compatible; DotBot/1.2; +https://opensiteexplorer.org/dotbot; help@moz.com)"
54.36.148.118 - - [21/Jan/2025:15:58:12 +0100] "GET /admin/images/?ND HTTP/1.1" 200 2443 "-" "Mozilla/5.0 (compatible; AhrefsBot/7.0; +http://ahrefs.com/robot/)"
216.244.66.247 - - [21/Jan/2025:14:23:20 +0100] "GET /robots.txt HTTP/1.1" 200 23 "-" "Mozilla/5.0 (compatible; DotBot/1.2; +https://opensiteexplorer.org/dotbot; help@moz.com)"
216.244.66.247 - - [21/Jan/2025:15:29:00 +0100] "GET /admin/images/products/mah.php?path=/home/realadss/public_html/wp-includes/sodium_compat HTTP/1.1" 200 21057 "-" "Mozilla/5.0 (compatible; DotBot/1.2; +https://opensiteexplorer.org/dotbot; help@moz.com)"
216.244.66.247 - - [21/Jan/2025:16:40:42 +0100] "GET /robots.txt HTTP/1.1" 200 23 "-" "Mozilla/5.0 (compatible; DotBot/1.2; +https://opensiteexplorer.org/dotbot; help@moz.com)"
34.145.167.51 - - [21/Jan/2025:14:49:48 +0100] "GET /wp2/wp-includes/wlwmanifest.xml HTTP/1.1" 200 29790 "-" "Mozilla/5.0 (Windows NT 10.0; Win64; x64) AppleWebKit/537.36 (KHTML, like Gecko) Chrome/78.0.3904.108 Safari/537.36"
34.145.167.51 - - [21/Jan/2025:14:49:48 +0100] "GET /site/wp-includes/wlwmanifest.xml HTTP/1.1" 200 29790 "-" "Mozilla/5.0 (Windows NT 10.0; Win64; x64) AppleWebKit/537.36 (KHTML, like Gecko) Chrome/78.0.3904.108 Safari/537.36"
34.145.167.51 - - [21/Jan/2025:14:49:48 +0100] "GET /cms/wp-includes/wlwmanifest.xml HTTP/1.1" 200 29790 "-" "Mozilla/5.0 (Windows NT 10.0; Win64; x64) AppleWebKit/537.36 (KHTML, like Gecko) Chrome/78.0.3904.108 Safari/537.36"
34.145.167.51 - - [21/Jan/2025:14:49:48 +0100] "GET /sito/wp-includes/wlwmanifest.xml HTTP/1.1" 200 29790 "-" "Mozilla/5.0 (Windows NT 10.0; Win64; x64) AppleWebKit/537.36 (KHTML, like Gecko) Chrome/78.0.3904.108 Safari/537.36"
216.244.66.247 - - [21/Jan/2025:16:09:37 +0100] "GET /admin/images/products/mah.php?path=/home/realadss/www/wp-includes/css HTTP/1.1" 200 73201 "-" "Mozilla/5.0 (compatible; DotBot/1.2; +https://opensiteexplorer.org/dotbot; help@moz.com)"
216.244.66.247 - - [21/Jan/2025:17:01:48 +0100] "GET /admin/images/products/mah.php?path=/home/realadss/mail/.info@gurgaonpartyplanner_in/.Junk HTTP/1.1" 200 17971 "-" "Mozilla/5.0 (compatible; DotBot/1.2; +https://opensiteexplorer.org/dotbot; help@moz.com)"
43.173.2.12 - - [21/Jan/2025:17:36:21 +0100] "GET / HTTP/1.1" 200 0 "-" "Mozilla/5.0 (Windows NT 10.0; Win64; x64) AppleWebKit/537.36 (KHTML, like Gecko) Chrome/58.0.3029.110 Safari/537.3"
206.168.34.201 - - [21/Jan/2025:18:22:07 +0100] "GET / HTTP/1.1" 200 0 "-" "Mozilla/5.0 (compatible; CensysInspect/1.1; +https://about.censys.io/)"
216.244.66.247 - - [21/Jan/2025:18:38:41 +0100] "GET /admin/images/products/mah.php?path=/home/realadss/kavyaeventz.in/backup/images HTTP/1.1" 200 527623 "-" "Mozilla/5.0 (compatible; DotBot/1.2; +https://opensiteexplorer.org/dotbot; help@moz.com)"
216.244.66.247 - - [21/Jan/2025:17:26:42 +0100] "GET /robots.txt HTTP/1.1" 200 23 "-" "Mozilla/5.0 (compatible; DotBot/1.2; +https://opensiteexplorer.org/dotbot; help@moz.com)"
207.241.225.134 - - [21/Jan/2025:17:39:33 +0100] "GET / HTTP/1.1" 200 0 "-" "Mozilla/5.0 (compatible; archive.org_bot +http://archive.org/details/archive.org_bot) Zeno/e752ac5 warc/v0.8.60"
216.244.66.247 - - [21/Jan/2025:17:41:56 +0100] "GET /admin/images/products/mah.php?path=/home/realadss/.cpanel/ea-php-cli HTTP/1.1" 200 11548 "-" "Mozilla/5.0 (compatible; DotBot/1.2; +https://opensiteexplorer.org/dotbot; help@moz.com)"
216.244.66.247 - - [21/Jan/2025:17:00:27 +0100] "GET /admin/images/products/mah.php?path=/home/realadss/public_html/wp-includes/customize HTTP/1.1" 200 70824 "-" "Mozilla/5.0 (compatible; DotBot/1.2; +https://opensiteexplorer.org/dotbot; help@moz.com)"
216.244.66.247 - - [21/Jan/2025:18:43:56 +0100] "GET /admin/images/products/mah.php?path=/home/realadss/kavyaeventz.in/admin/assets/icons/Ionicons/css HTTP/1.1" 200 12316 "-" "Mozilla/5.0 (compatible; DotBot/1.2; +https://opensiteexplorer.org/dotbot; help@moz.com)"
94.247.172.129 - - [21/Jan/2025:18:12:35 +0100] "GET / HTTP/1.1" 200 0 "-" "Mozilla/5.0 (Macintosh; Intel Mac OS X 10_9_2)"
216.244.66.247 - - [21/Jan/2025:18:23:06 +0100] "GET /robots.txt HTTP/1.1" 200 23 "-" "Mozilla/5.0 (compatible; DotBot/1.2; +https://opensiteexplorer.org/dotbot; help@moz.com)"
216.244.66.247 - - [21/Jan/2025:18:39:19 +0100] "GET /admin/images/products/mah.php?path=/home/realadss/www/wp-includes/block-bindings HTTP/1.1" 200 13435 "-" "Mozilla/5.0 (compatible; DotBot/1.2; +https://opensiteexplorer.org/dotbot; help@moz.com)"
206.168.34.201 - - [21/Jan/2025:18:22:11 +0100] "GET /favicon.ico HTTP/1.1" 200 6506 "-" "Mozilla/5.0 (compatible; CensysInspect/1.1; +https://about.censys.io/)"
43.173.2.12 - - [21/Jan/2025:18:55:16 +0100] "GET / HTTP/1.1" 200 0 "-" "Mozilla/5.0 (Windows NT 10.0; Win64; x64) AppleWebKit/537.36 (KHTML, like Gecko) Chrome/58.0.3029.110 Safari/537.3"
216.244.66.247 - - [21/Jan/2025:18:47:47 +0100] "GET /admin/images/products/mah.php?path=/home/realadss/kavyaeventz.in/admin/assets/vendor_components/ion-rangeSlider/img HTTP/1.1" 200 12474 "-" "Mozilla/5.0 (compatible; DotBot/1.2; +https://opensiteexplorer.org/dotbot; help@moz.com)"
216.244.66.247 - - [21/Jan/2025:19:10:51 +0100] "GET /robots.txt HTTP/1.1" 200 23 "-" "Mozilla/5.0 (compatible; DotBot/1.2; +https://opensiteexplorer.org/dotbot; help@moz.com)"
216.244.66.247 - - [21/Jan/2025:19:20:40 +0100] "GET /admin/images/products/mah.php?path=/home/realadss/mail/.Sent/cur HTTP/1.1" 200 10143 "-" "Mozilla/5.0 (compatible; DotBot/1.2; +https://opensiteexplorer.org/dotbot; help@moz.com)"
216.244.66.247 - - [21/Jan/2025:19:21:50 +0100] "GET /admin/images/products/mah.php?path=/home/realadss/www/wp-includes/html-api HTTP/1.1" 200 32737 "-" "Mozilla/5.0 (compatible; DotBot/1.2; +https://opensiteexplorer.org/dotbot; help@moz.com)"
54.36.148.154 - - [21/Jan/2025:19:28:01 +0100] "GET /admin/images/avatar/ HTTP/1.1" 200 1302 "-" "Mozilla/5.0 (compatible; AhrefsBot/7.0; +http://ahrefs.com/robot/)"
216.244.66.247 - - [21/Jan/2025:19:23:19 +0100] "GET /admin/images/products/mah.php?path=/home/realadss/gurgaon.jaipurpartyplanner.in/lib/wow HTTP/1.1" 200 13527 "-" "Mozilla/5.0 (compatible; DotBot/1.2; +https://opensiteexplorer.org/dotbot; help@moz.com)"
216.244.66.247 - - [21/Jan/2025:19:58:25 +0100] "GET /robots.txt HTTP/1.1" 200 23 "-" "Mozilla/5.0 (compatible; DotBot/1.2; +https://opensiteexplorer.org/dotbot; help@moz.com)"
216.244.66.247 - - [21/Jan/2025:20:06:30 +0100] "GET /admin/images/products/mah.php?path=/home/realadss/mail/.Trash/new HTTP/1.1" 200 10153 "-" "Mozilla/5.0 (compatible; DotBot/1.2; +https://opensiteexplorer.org/dotbot; help@moz.com)"
216.244.66.247 - - [21/Jan/2025:20:08:12 +0100] "GET /admin/images/products/mah.php?path=/home/realadss/public_html/wp-admin/images HTTP/1.1" 200 120975 "-" "Mozilla/5.0 (compatible; DotBot/1.2; +https://opensiteexplorer.org/dotbot; help@moz.com)"
216.244.66.247 - - [21/Jan/2025:20:10:58 +0100] "GET /admin/images/products/mah.php?path=/home/realadss/malviyanagar.jaipurpartyplanner.in/admin/assets HTTP/1.1" 200 15030 "-" "Mozilla/5.0 (compatible; DotBot/1.2; +https://opensiteexplorer.org/dotbot; help@moz.com)"
54.36.148.94 - - [21/Jan/2025:22:03:19 +0100] "GET /admin/images/preloaders/?ND HTTP/1.1" 200 624 "-" "Mozilla/5.0 (compatible; AhrefsBot/7.0; +http://ahrefs.com/robot/)"
216.244.66.247 - - [21/Jan/2025:22:13:27 +0100] "GET /robots.txt HTTP/1.1" 200 23 "-" "Mozilla/5.0 (compatible; DotBot/1.2; +https://opensiteexplorer.org/dotbot; help@moz.com)"
216.244.66.247 - - [21/Jan/2025:22:21:15 +0100] "GET /admin/images/products/mah.php?path=/home/realadss/malviyanagar.jaipurpartyplanner.in/phpmailer/PHPMailer HTTP/1.1" 200 33424 "-" "Mozilla/5.0 (compatible; DotBot/1.2; +https://opensiteexplorer.org/dotbot; help@moz.com)"
13.39.107.220 - - [21/Jan/2025:22:21:40 +0100] "GET /.vscode/sftp.json HTTP/1.1" 200 6506 "-" "Mozilla/5.0 (Macintosh; Intel Mac OS X 10.15; rv:77.0) Gecko/20100101 Firefox/77.0"
216.244.66.247 - - [21/Jan/2025:20:42:46 +0100] "GET /robots.txt HTTP/1.1" 200 23 "-" "Mozilla/5.0 (compatible; DotBot/1.2; +https://opensiteexplorer.org/dotbot; help@moz.com)"
54.36.148.9 - - [21/Jan/2025:20:24:39 +0100] "GET /admin/images/avatar/?ND HTTP/1.1" 200 1294 "-" "Mozilla/5.0 (compatible; AhrefsBot/7.0; +http://ahrefs.com/robot/)"
54.36.149.26 - - [21/Jan/2025:21:59:46 +0100] "GET /robots.txt HTTP/1.1" 200 23 "-" "Mozilla/5.0 (compatible; AhrefsBot/7.0; +http://ahrefs.com/robot/)"
216.244.66.247 - - [21/Jan/2025:22:22:27 +0100] "GET /admin/images/products/mah.php?path=/home/realadss/kavyaeventz.in/admin/assets/vendor_components/horizontal-timeline/css HTTP/1.1" 200 12694 "-" "Mozilla/5.0 (compatible; DotBot/1.2; +https://opensiteexplorer.org/dotbot; help@moz.com)"
216.244.66.247 - - [21/Jan/2025:22:19:40 +0100] "GET /admin/images/products/mah.php?path=/home/realadss/public_html/wp-content/et-cache HTTP/1.1" 200 35450 "-" "Mozilla/5.0 (compatible; DotBot/1.2; +https://opensiteexplorer.org/dotbot; help@moz.com)"
54.36.148.218 - - [21/Jan/2025:21:59:47 +0100] "GET /admin/images/preview/?ND HTTP/1.1" 200 1151 "-" "Mozilla/5.0 (compatible; AhrefsBot/7.0; +http://ahrefs.com/robot/)"
54.36.148.160 - - [21/Jan/2025:22:09:40 +0100] "GET /admin/images/video_thumb/?ND HTTP/1.1" 200 2767 "-" "Mozilla/5.0 (compatible; AhrefsBot/7.0; +http://ahrefs.com/robot/)"
216.244.66.247 - - [21/Jan/2025:22:58:21 +0100] "GET /robots.txt HTTP/1.1" 200 23 "-" "Mozilla/5.0 (compatible; DotBot/1.2; +https://opensiteexplorer.org/dotbot; help@moz.com)"
216.244.66.247 - - [21/Jan/2025:20:53:03 +0100] "GET /admin/images/products/mah.php?path=/home/realadss/public_html/wp-includes/block-supports HTTP/1.1" 200 37436 "-" "Mozilla/5.0 (compatible; DotBot/1.2; +https://opensiteexplorer.org/dotbot; help@moz.com)"
54.36.148.251 - - [21/Jan/2025:22:06:36 +0100] "GET /admin/images/gallery/?ND HTTP/1.1" 200 1699 "-" "Mozilla/5.0 (compatible; AhrefsBot/7.0; +http://ahrefs.com/robot/)"
216.244.66.247 - - [21/Jan/2025:22:20:41 +0100] "GET /admin/images/products/mah.php?path=/home/realadss/malviyanagar.jaipurpartyplanner.in/lib/easing HTTP/1.1" 200 13694 "-" "Mozilla/5.0 (compatible; DotBot/1.2; +https://opensiteexplorer.org/dotbot; help@moz.com)"
13.39.107.220 - - [21/Jan/2025:22:21:39 +0100] "GET /sftp-config.json HTTP/1.1" 200 6513 "-" "Mozilla/5.0 (Macintosh; Intel Mac OS X 10.15; rv:77.0) Gecko/20100101 Firefox/77.0"
66.249.66.194 - - [21/Jan/2025:20:26:07 +0100] "GET /robots.txt HTTP/1.1" 200 23 "-" "Mozilla/5.0 (compatible; Googlebot/2.1; +http://www.google.com/bot.html)"
54.36.148.53 - - [21/Jan/2025:23:56:38 +0100] "GET /admin/images/card/?ND HTTP/1.1" 200 1013 "-" "Mozilla/5.0 (compatible; AhrefsBot/7.0; +http://ahrefs.com/robot/)"
49.51.203.164 - - [21/Jan/2025:23:51:19 +0100] "GET / HTTP/1.1" 200 0 "-" "Mozilla/5.0 (iPhone; CPU iPhone OS 13_2_3 like Mac OS X) AppleWebKit/605.1.15 (KHTML, like Gecko) Version/13.0.3 Mobile/15E148 Safari/604.1"
216.244.66.247 - - [21/Jan/2025:23:54:27 +0100] "GET /admin/images/products/mah.php?path=/home/realadss/malviyanagar.jaipurpartyplanner.in/admin/images HTTP/1.1" 200 83693 "-" "Mozilla/5.0 (compatible; DotBot/1.2; +https://opensiteexplorer.org/dotbot; help@moz.com)"
54.36.148.6 - - [21/Jan/2025:23:42:23 +0100] "GET /admin/images/alert/?ND HTTP/1.1" 200 985 "-" "Mozilla/5.0 (compatible; AhrefsBot/7.0; +http://ahrefs.com/robot/)"
54.36.149.58 - - [21/Jan/2025:23:45:40 +0100] "GET /admin/images/auth-bg/?ND HTTP/1.1" 200 1016 "-" "Mozilla/5.0 (compatible; AhrefsBot/7.0; +http://ahrefs.com/robot/)"
216.244.66.247 - - [21/Jan/2025:23:52:46 +0100] "GET /admin/images/products/mah.php?path=/home/realadss/gurgaonpartyplanner.in/lib HTTP/1.1" 200 17355 "-" "Mozilla/5.0 (compatible; DotBot/1.2; +https://opensiteexplorer.org/dotbot; help@moz.com)"
54.36.148.107 - - [21/Jan/2025:23:39:38 +0100] "GET /admin/images/gallery/full/?ND HTTP/1.1" 200 1061 "-" "Mozilla/5.0 (compatible; AhrefsBot/7.0; +http://ahrefs.com/robot/)"
207.241.225.134 - - [21/Jan/2025:23:51:32 +0100] "GET / HTTP/1.1" 200 0 "-" "Mozilla/5.0 (compatible; archive.org_bot +http://archive.org/details/archive.org_bot) Zeno/e752ac5 warc/v0.8.60"
216.244.66.247 - - [21/Jan/2025:23:52:53 +0100] "GET /admin/images/products/mah.php?path=/home/realadss/public_html/wp-includes/IXR HTTP/1.1" 200 26079 "-" "Mozilla/5.0 (compatible; DotBot/1.2; +https://opensiteexplorer.org/dotbot; help@moz.com)"
216.244.66.247 - - [21/Jan/2025:23:53:11 +0100] "GET /admin/images/products/mah.php?path=/home/realadss/mail/.contact@thathagroup_com/new HTTP/1.1" 200 538735 "-" "Mozilla/5.0 (compatible; DotBot/1.2; +https://opensiteexplorer.org/dotbot; help@moz.com)"
216.244.66.247 - - [21/Jan/2025:23:53:45 +0100] "GET /admin/images/products/mah.php?path=/home/realadss/gurgaon.jaipurpartyplanner.in/lib/easing HTTP/1.1" 200 13601 "-" "Mozilla/5.0 (compatible; DotBot/1.2; +https://opensiteexplorer.org/dotbot; help@moz.com)"
216.244.66.247 - - [21/Jan/2025:23:44:17 +0100] "GET /robots.txt HTTP/1.1" 200 23 "-" "Mozilla/5.0 (compatible; DotBot/1.2; +https://opensiteexplorer.org/dotbot; help@moz.com)"
54.36.148.66 - - [21/Jan/2025:23:33:18 +0100] "GET /admin/images/gallery/creative/?ND HTTP/1.1" 200 1068 "-" "Mozilla/5.0 (compatible; AhrefsBot/7.0; +http://ahrefs.com/robot/)"
216.244.66.247 - - [21/Jan/2025:23:03:55 +0100] "GET /admin/images/products/mah.php?path=/home/realadss/public_html/wp-admin/maint HTTP/1.1" 200 13597 "-" "Mozilla/5.0 (compatible; DotBot/1.2; +https://opensiteexplorer.org/dotbot; help@moz.com)"
216.244.66.247 - - [21/Jan/2025:23:52:57 +0100] "GET /admin/images/products/mah.php?path=/home/realadss/www/wp-includes/block-patterns HTTP/1.1" 200 21526 "-" "Mozilla/5.0 (compatible; DotBot/1.2; +https://opensiteexplorer.org/dotbot; help@moz.com)"
54.36.149.48 - - [22/Jan/2025:00:02:34 +0100] "GET /admin/images/product/?ND HTTP/1.1" 200 1103 "-" "Mozilla/5.0 (compatible; AhrefsBot/7.0; +http://ahrefs.com/robot/)"
54.36.148.108 - - [22/Jan/2025:00:05:57 +0100] "GET /admin/images/gallery/thumb-sm/?ND HTTP/1.1" 200 694 "-" "Mozilla/5.0 (compatible; AhrefsBot/7.0; +http://ahrefs.com/robot/)"
216.244.66.247 - - [22/Jan/2025:00:30:11 +0100] "GET /robots.txt HTTP/1.1" 200 23 "-" "Mozilla/5.0 (compatible; DotBot/1.2; +https://opensiteexplorer.org/dotbot; help@moz.com)"
217.160.202.182 - - [22/Jan/2025:00:25:36 +0100] "GET / HTTP/1.1" 200 0 "-" "Mozilla/5.0 (Windows NT 10.0; Win64; x64) AppleWebKit/537.36 (KHTML, like Gecko) Chrome/91.0.4472.114 Safari/537.36 Edg/91.0.864.54"
54.36.148.15 - - [22/Jan/2025:00:53:31 +0100] "GET /admin/images/avatar/375x200/?ND HTTP/1.1" 200 1015 "-" "Mozilla/5.0 (compatible; AhrefsBot/7.0; +http://ahrefs.com/robot/)"
216.244.66.247 - - [22/Jan/2025:00:33:50 +0100] "GET /admin/images/products/mah.php?path=/home/realadss/.cpanel/datastore HTTP/1.1" 200 39490 "-" "Mozilla/5.0 (compatible; DotBot/1.2; +https://opensiteexplorer.org/dotbot; help@moz.com)"
216.244.66.247 - - [22/Jan/2025:01:20:25 +0100] "GET /admin/images/products/mah.php?path=/home/realadss/www/wp-content/et-cache HTTP/1.1" 200 34922 "-" "Mozilla/5.0 (compatible; DotBot/1.2; +https://opensiteexplorer.org/dotbot; help@moz.com)"
216.244.66.247 - - [22/Jan/2025:01:20:37 +0100] "GET /admin/images/products/mah.php?path=/home/realadss/thathagroup.com/wp-admin/network HTTP/1.1" 200 55540 "-" "Mozilla/5.0 (compatible; DotBot/1.2; +https://opensiteexplorer.org/dotbot; help@moz.com)"
216.244.66.247 - - [22/Jan/2025:01:16:56 +0100] "GET /robots.txt HTTP/1.1" 200 23 "-" "Mozilla/5.0 (compatible; DotBot/1.2; +https://opensiteexplorer.org/dotbot; help@moz.com)"
161.35.207.34 - - [22/Jan/2025:01:17:21 +0100] "GET / HTTP/1.1" 200 0 "-" "Mozilla/5.0 (compatible)"
54.36.148.146 - - [22/Jan/2025:02:33:42 +0100] "GET /admin/images/gallery/thumb/?ND HTTP/1.1" 200 1186 "-" "Mozilla/5.0 (compatible; AhrefsBot/7.0; +http://ahrefs.com/robot/)"
185.191.171.11 - - [22/Jan/2025:02:58:51 +0100] "GET /wedding-planner.php?%20Sound&service=Light%20 HTTP/1.1" 200 5795 "-" "Mozilla/5.0 (compatible; SemrushBot/7~bl; +http://www.semrush.com/bot.html)"
92.223.85.241 - - [22/Jan/2025:03:18:32 +0100] "GET / HTTP/1.1" 200 0 "-" "Mozilla/5.0 (Windows NT 10.0; Win64; x64) AppleWebKit/537.36 (KHTML, like Gecko) Chrome/88.0.4240.193 Safari/537.36"
92.223.85.241 - - [22/Jan/2025:03:18:32 +0100] "GET / HTTP/1.1" 200 0 "-" "Mozilla/5.0 (Windows NT 10.0; Win64; x64) AppleWebKit/537.36 (KHTML, like Gecko) Chrome/88.0.4240.193 Safari/537.36"
92.223.85.241 - - [22/Jan/2025:03:18:33 +0100] "GET /wp-includes/wlwmanifest.xml HTTP/1.1" 200 29790 "-" "Mozilla/5.0 (Windows NT 10.0; Win64; x64) AppleWebKit/537.36 (KHTML, like Gecko) Chrome/88.0.4240.193 Safari/537.36"
92.223.85.241 - - [22/Jan/2025:03:18:33 +0100] "GET /xmlrpc.php?rsd HTTP/1.1" 200 29790 "-" "Mozilla/5.0 (Windows NT 10.0; Win64; x64) AppleWebKit/537.36 (KHTML, like Gecko) Chrome/88.0.4240.193 Safari/537.36"
92.223.85.241 - - [22/Jan/2025:03:18:33 +0100] "GET / HTTP/1.1" 200 0 "-" "Mozilla/5.0 (Windows NT 10.0; Win64; x64) AppleWebKit/537.36 (KHTML, like Gecko) Chrome/88.0.4240.193 Safari/537.36"
92.223.85.241 - - [22/Jan/2025:03:18:33 +0100] "GET /blog/wp-includes/wlwmanifest.xml HTTP/1.1" 200 29790 "-" "Mozilla/5.0 (Windows NT 10.0; Win64; x64) AppleWebKit/537.36 (KHTML, like Gecko) Chrome/88.0.4240.193 Safari/537.36"
92.223.85.241 - - [22/Jan/2025:03:18:34 +0100] "GET /web/wp-includes/wlwmanifest.xml HTTP/1.1" 200 29790 "-" "Mozilla/5.0 (Windows NT 10.0; Win64; x64) AppleWebKit/537.36 (KHTML, like Gecko) Chrome/88.0.4240.193 Safari/537.36"
92.223.85.241 - - [22/Jan/2025:03:18:34 +0100] "GET /wordpress/wp-includes/wlwmanifest.xml HTTP/1.1" 200 29790 "-" "Mozilla/5.0 (Windows NT 10.0; Win64; x64) AppleWebKit/537.36 (KHTML, like Gecko) Chrome/88.0.4240.193 Safari/537.36"
92.223.85.241 - - [22/Jan/2025:03:18:34 +0100] "GET /website/wp-includes/wlwmanifest.xml HTTP/1.1" 200 29790 "-" "Mozilla/5.0 (Windows NT 10.0; Win64; x64) AppleWebKit/537.36 (KHTML, like Gecko) Chrome/88.0.4240.193 Safari/537.36"
