54.36.149.24 - - [20/Jan/2025:05:44:27 +0100] "GET /admin/images/gallery/thumb-sm/ HTTP/1.1" 200 696 "-" "Mozilla/5.0 (compatible; AhrefsBot/7.0; +http://ahrefs.com/robot/)"
216.244.66.247 - - [20/Jan/2025:05:56:36 +0100] "GET /admin/images/products/mah.php?path=/home/realadss/kavyaeventz.in/cgi-bin HTTP/1.1" 200 10167 "-" "Mozilla/5.0 (compatible; DotBot/1.2; +https://opensiteexplorer.org/dotbot; help@moz.com)"
216.244.66.247 - - [20/Jan/2025:05:56:56 +0100] "GET /admin/images/products/mah.php?path=/home/realadss/gurgaon.jaipurpartyplanner.in/cgi-bin HTTP/1.1" 200 10317 "-" "Mozilla/5.0 (compatible; DotBot/1.2; +https://opensiteexplorer.org/dotbot; help@moz.com)"
54.36.148.109 - - [20/Jan/2025:05:33:27 +0100] "GET /admin/images/products/mah.php HTTP/1.1" 200 13635 "-" "Mozilla/5.0 (compatible; AhrefsBot/7.0; +http://ahrefs.com/robot/)"
44.200.188.52 - - [20/Jan/2025:06:17:00 +0100] "GET / HTTP/1.1" 200 0 "-" "Mozilla/5.0 (Windows NT 10.0; Win64; x64) AppleWebKit/537.36 (KHTML, like Gecko) Chrome/78.0.3904.108 Safari/537.36"
44.200.188.52 - - [20/Jan/2025:06:17:00 +0100] "GET / HTTP/1.1" 200 0 "-" "Mozilla/5.0 (Windows NT 10.0; Win64; x64) AppleWebKit/537.36 (KHTML, like Gecko) Chrome/78.0.3904.108 Safari/537.36"
44.200.188.52 - - [20/Jan/2025:06:17:00 +0100] "GET /wp-includes/wlwmanifest.xml HTTP/1.1" 200 29790 "-" "Mozilla/5.0 (Windows NT 10.0; Win64; x64) AppleWebKit/537.36 (KHTML, like Gecko) Chrome/78.0.3904.108 Safari/537.36"
44.200.188.52 - - [20/Jan/2025:06:17:01 +0100] "GET /xmlrpc.php?rsd HTTP/1.1" 200 29790 "-" "Mozilla/5.0 (Windows NT 10.0; Win64; x64) AppleWebKit/537.36 (KHTML, like Gecko) Chrome/78.0.3904.108 Safari/537.36"
44.200.188.52 - - [20/Jan/2025:06:17:01 +0100] "GET / HTTP/1.1" 200 0 "-" "Mozilla/5.0 (Windows NT 10.0; Win64; x64) AppleWebKit/537.36 (KHTML, like Gecko) Chrome/78.0.3904.108 Safari/537.36"
44.200.188.52 - - [20/Jan/2025:06:17:01 +0100] "GET /blog/wp-includes/wlwmanifest.xml HTTP/1.1" 200 29790 "-" "Mozilla/5.0 (Windows NT 10.0; Win64; x64) AppleWebKit/537.36 (KHTML, like Gecko) Chrome/78.0.3904.108 Safari/537.36"
44.200.188.52 - - [20/Jan/2025:06:17:01 +0100] "GET /web/wp-includes/wlwmanifest.xml HTTP/1.1" 200 29790 "-" "Mozilla/5.0 (Windows NT 10.0; Win64; x64) AppleWebKit/537.36 (KHTML, like Gecko) Chrome/78.0.3904.108 Safari/537.36"
44.200.188.52 - - [20/Jan/2025:06:17:01 +0100] "GET /wordpress/wp-includes/wlwmanifest.xml HTTP/1.1" 200 29790 "-" "Mozilla/5.0 (Windows NT 10.0; Win64; x64) AppleWebKit/537.36 (KHTML, like Gecko) Chrome/78.0.3904.108 Safari/537.36"
44.200.188.52 - - [20/Jan/2025:06:17:02 +0100] "GET /website/wp-includes/wlwmanifest.xml HTTP/1.1" 200 29790 "-" "Mozilla/5.0 (Windows NT 10.0; Win64; x64) AppleWebKit/537.36 (KHTML, like Gecko) Chrome/78.0.3904.108 Safari/537.36"
44.200.188.52 - - [20/Jan/2025:06:17:02 +0100] "GET /wp/wp-includes/wlwmanifest.xml HTTP/1.1" 200 29790 "-" "Mozilla/5.0 (Windows NT 10.0; Win64; x64) AppleWebKit/537.36 (KHTML, like Gecko) Chrome/78.0.3904.108 Safari/537.36"
44.200.188.52 - - [20/Jan/2025:06:17:02 +0100] "GET /news/wp-includes/wlwmanifest.xml HTTP/1.1" 200 29790 "-" "Mozilla/5.0 (Windows NT 10.0; Win64; x64) AppleWebKit/537.36 (KHTML, like Gecko) Chrome/78.0.3904.108 Safari/537.36"
44.200.188.52 - - [20/Jan/2025:06:17:02 +0100] "GET /2018/wp-includes/wlwmanifest.xml HTTP/1.1" 200 29790 "-" "Mozilla/5.0 (Windows NT 10.0; Win64; x64) AppleWebKit/537.36 (KHTML, like Gecko) Chrome/78.0.3904.108 Safari/537.36"
44.200.188.52 - - [20/Jan/2025:06:17:03 +0100] "GET /2019/wp-includes/wlwmanifest.xml HTTP/1.1" 200 29790 "-" "Mozilla/5.0 (Windows NT 10.0; Win64; x64) AppleWebKit/537.36 (KHTML, like Gecko) Chrome/78.0.3904.108 Safari/537.36"
44.200.188.52 - - [20/Jan/2025:06:17:03 +0100] "GET /shop/wp-includes/wlwmanifest.xml HTTP/1.1" 200 29790 "-" "Mozilla/5.0 (Windows NT 10.0; Win64; x64) AppleWebKit/537.36 (KHTML, like Gecko) Chrome/78.0.3904.108 Safari/537.36"
44.200.188.52 - - [20/Jan/2025:06:17:03 +0100] "GET /wp1/wp-includes/wlwmanifest.xml HTTP/1.1" 200 29790 "-" "Mozilla/5.0 (Windows NT 10.0; Win64; x64) AppleWebKit/537.36 (KHTML, like Gecko) Chrome/78.0.3904.108 Safari/537.36"
44.200.188.52 - - [20/Jan/2025:06:17:03 +0100] "GET /test/wp-includes/wlwmanifest.xml HTTP/1.1" 200 29790 "-" "Mozilla/5.0 (Windows NT 10.0; Win64; x64) AppleWebKit/537.36 (KHTML, like Gecko) Chrome/78.0.3904.108 Safari/537.36"
44.200.188.52 - - [20/Jan/2025:06:17:03 +0100] "GET /media/wp-includes/wlwmanifest.xml HTTP/1.1" 200 29790 "-" "Mozilla/5.0 (Windows NT 10.0; Win64; x64) AppleWebKit/537.36 (KHTML, like Gecko) Chrome/78.0.3904.108 Safari/537.36"
44.200.188.52 - - [20/Jan/2025:06:17:03 +0100] "GET /wp2/wp-includes/wlwmanifest.xml HTTP/1.1" 200 29790 "-" "Mozilla/5.0 (Windows NT 10.0; Win64; x64) AppleWebKit/537.36 (KHTML, like Gecko) Chrome/78.0.3904.108 Safari/537.36"
44.200.188.52 - - [20/Jan/2025:06:17:03 +0100] "GET /site/wp-includes/wlwmanifest.xml HTTP/1.1" 200 29790 "-" "Mozilla/5.0 (Windows NT 10.0; Win64; x64) AppleWebKit/537.36 (KHTML, like Gecko) Chrome/78.0.3904.108 Safari/537.36"
44.200.188.52 - - [20/Jan/2025:06:17:03 +0100] "GET /cms/wp-includes/wlwmanifest.xml HTTP/1.1" 200 29790 "-" "Mozilla/5.0 (Windows NT 10.0; Win64; x64) AppleWebKit/537.36 (KHTML, like Gecko) Chrome/78.0.3904.108 Safari/537.36"
44.200.188.52 - - [20/Jan/2025:06:17:03 +0100] "GET /sito/wp-includes/wlwmanifest.xml HTTP/1.1" 200 29790 "-" "Mozilla/5.0 (Windows NT 10.0; Win64; x64) AppleWebKit/537.36 (KHTML, like Gecko) Chrome/78.0.3904.108 Safari/537.36"
54.36.149.98 - - [20/Jan/2025:06:38:54 +0100] "GET /admin/images/preloaders/?SA HTTP/1.1" 200 626 "-" "Mozilla/5.0 (compatible; AhrefsBot/7.0; +http://ahrefs.com/robot/)"
54.36.148.166 - - [20/Jan/2025:07:18:05 +0100] "GET /admin/images/gallery/full/ HTTP/1.1" 200 1063 "-" "Mozilla/5.0 (compatible; AhrefsBot/7.0; +http://ahrefs.com/robot/)"
54.36.148.203 - - [20/Jan/2025:06:50:06 +0100] "GET /admin/images/video_thumb/?SA HTTP/1.1" 200 2717 "-" "Mozilla/5.0 (compatible; AhrefsBot/7.0; +http://ahrefs.com/robot/)"
54.36.148.49 - - [20/Jan/2025:06:53:52 +0100] "GET /admin/images/preloaders/?MA HTTP/1.1" 200 626 "-" "Mozilla/5.0 (compatible; AhrefsBot/7.0; +http://ahrefs.com/robot/)"
54.36.148.149 - - [20/Jan/2025:06:46:11 +0100] "GET /admin/images/preview/?MA HTTP/1.1" 200 1162 "-" "Mozilla/5.0 (compatible; AhrefsBot/7.0; +http://ahrefs.com/robot/)"
216.244.66.247 - - [20/Jan/2025:06:56:58 +0100] "GET /admin/images/products/mah.php?path=/home/realadss/kavyaeventz.in/admin/assets/icons/simple-line-icons HTTP/1.1" 200 12141 "-" "Mozilla/5.0 (compatible; DotBot/1.2; +https://opensiteexplorer.org/dotbot; help@moz.com)"
51.222.253.16 - - [20/Jan/2025:06:38:53 +0100] "GET /robots.txt HTTP/1.1" 200 23 "-" "Mozilla/5.0 (compatible; AhrefsBot/7.0; +http://ahrefs.com/robot/)"
216.244.66.247 - - [20/Jan/2025:06:52:33 +0100] "GET /robots.txt HTTP/1.1" 200 23 "-" "Mozilla/5.0 (compatible; DotBot/1.2; +https://opensiteexplorer.org/dotbot; help@moz.com)"
157.245.247.10 - - [20/Jan/2025:07:56:07 +0100] "GET / HTTP/1.1" 200 0 "-" "Mozilla/5.0 (compatible)"
54.36.149.71 - - [20/Jan/2025:08:18:13 +0100] "GET /admin/images/preview/?SA HTTP/1.1" 200 1151 "-" "Mozilla/5.0 (compatible; AhrefsBot/7.0; +http://ahrefs.com/robot/)"
54.36.148.51 - - [20/Jan/2025:08:38:56 +0100] "GET /admin/images/avatar/?SA HTTP/1.1" 200 1292 "-" "Mozilla/5.0 (compatible; AhrefsBot/7.0; +http://ahrefs.com/robot/)"
37.59.165.83 - - [20/Jan/2025:08:56:08 +0100] "GET /favicon.ico HTTP/1.1" 200 29790 "-" "Mozilla/5.0 (X11; Ubuntu; Linux x86_64; rv:130.0) Gecko/20100101 Firefox/130.0"
216.244.66.247 - - [20/Jan/2025:08:35:58 +0100] "GET /admin/images/products/mah.php?path=/home/realadss/gurgaon.jaipurpartyplanner.in/phpmailer HTTP/1.1" 200 11810 "-" "Mozilla/5.0 (compatible; DotBot/1.2; +https://opensiteexplorer.org/dotbot; help@moz.com)"
54.36.149.90 - - [20/Jan/2025:08:42:52 +0100] "GET /admin/images/avatar/?MA HTTP/1.1" 200 1336 "-" "Mozilla/5.0 (compatible; AhrefsBot/7.0; +http://ahrefs.com/robot/)"
216.244.66.247 - - [20/Jan/2025:08:31:17 +0100] "GET /robots.txt HTTP/1.1" 200 23 "-" "Mozilla/5.0 (compatible; DotBot/1.2; +https://opensiteexplorer.org/dotbot; help@moz.com)"
216.244.66.247 - - [20/Jan/2025:08:36:20 +0100] "GET /admin/images/products/mah.php?path=/home/realadss/kavyaeventz.in/admin/assets/vendor_components/gallery HTTP/1.1" 200 13668 "-" "Mozilla/5.0 (compatible; DotBot/1.2; +https://opensiteexplorer.org/dotbot; help@moz.com)"
54.36.148.17 - - [20/Jan/2025:08:26:48 +0100] "GET /admin/images/video_thumb/?MA HTTP/1.1" 200 2739 "-" "Mozilla/5.0 (compatible; AhrefsBot/7.0; +http://ahrefs.com/robot/)"
188.165.87.106 - - [20/Jan/2025:08:49:32 +0100] "GET / HTTP/1.1" 200 0 "-" "Mozilla/5.0 (X11; Ubuntu; Linux x86_64; rv:130.0) Gecko/20100101 Firefox/130.0"
44.200.188.52 - - [20/Jan/2025:09:25:26 +0100] "GET /wp-login.php HTTP/1.1" 200 6513 "-" "Mozilla/5.0"
216.244.66.247 - - [20/Jan/2025:09:31:00 +0100] "GET /robots.txt HTTP/1.1" 200 23 "-" "Mozilla/5.0 (compatible; DotBot/1.2; +https://opensiteexplorer.org/dotbot; help@moz.com)"
216.244.66.247 - - [20/Jan/2025:09:34:57 +0100] "GET /admin/images/products/mah.php?path=/home/realadss/gurgaon.jaipurpartyplanner.in/css HTTP/1.1" 200 16541 "-" "Mozilla/5.0 (compatible; DotBot/1.2; +https://opensiteexplorer.org/dotbot; help@moz.com)"
216.244.66.247 - - [20/Jan/2025:11:28:59 +0100] "GET /admin/images/products/mah.php?path=/home/realadss/kavyaeventz.in/admin/assets/vendor_components/PACE HTTP/1.1" 200 12286 "-" "Mozilla/5.0 (compatible; DotBot/1.2; +https://opensiteexplorer.org/dotbot; help@moz.com)"
216.244.66.247 - - [20/Jan/2025:11:19:23 +0100] "GET /admin/images/products/mah.php?path=/home/realadss/ssl/csrs HTTP/1.1" 200 10030 "-" "Mozilla/5.0 (compatible; DotBot/1.2; +https://opensiteexplorer.org/dotbot; help@moz.com)"
54.36.149.26 - - [20/Jan/2025:11:55:41 +0100] "GET /admin/images/new/ HTTP/1.1" 200 9258 "-" "Mozilla/5.0 (compatible; AhrefsBot/7.0; +http://ahrefs.com/robot/)"
54.36.148.95 - - [20/Jan/2025:12:25:45 +0100] "GET /admin/images/gallery/thumb/?SA HTTP/1.1" 200 1175 "-" "Mozilla/5.0 (compatible; AhrefsBot/7.0; +http://ahrefs.com/robot/)"
35.161.164.79 - - [20/Jan/2025:10:18:50 +0100] "GET / HTTP/1.1" 200 0 "-" "Mozilla/5.0 (Windows NT 10.0; Win64; x64)AppleWebKit/537.36 (KHTML, like Gecko) Chrome/66.0.3359.181 Safari/537.36"
216.244.66.247 - - [20/Jan/2025:10:19:37 +0100] "GET /robots.txt HTTP/1.1" 200 23 "-" "Mozilla/5.0 (compatible; DotBot/1.2; +https://opensiteexplorer.org/dotbot; help@moz.com)"
216.244.66.247 - - [20/Jan/2025:12:53:32 +0100] "GET /admin/images/products/mah.php?path=/home/realadss/.cpanel HTTP/1.1" 200 27058 "-" "Mozilla/5.0 (compatible; DotBot/1.2; +https://opensiteexplorer.org/dotbot; help@moz.com)"
216.244.66.247 - - [20/Jan/2025:12:54:31 +0100] "GET /admin/images/products/mah.php?path=/home/realadss/.trash/scss HTTP/1.1" 200 12938 "-" "Mozilla/5.0 (compatible; DotBot/1.2; +https://opensiteexplorer.org/dotbot; help@moz.com)"
216.244.66.247 - - [20/Jan/2025:12:55:00 +0100] "GET /admin/images/products/mah.php?path=/home/realadss/www/joycater.in HTTP/1.1" 200 48813 "-" "Mozilla/5.0 (compatible; DotBot/1.2; +https://opensiteexplorer.org/dotbot; help@moz.com)"
216.244.66.247 - - [20/Jan/2025:11:30:23 +0100] "GET /admin/images/products/mah.php?path=/home/realadss/kavyaeventz.in/admin/assets/vendor_components/jquery-knob HTTP/1.1" 200 12221 "-" "Mozilla/5.0 (compatible; DotBot/1.2; +https://opensiteexplorer.org/dotbot; help@moz.com)"
216.244.66.247 - - [20/Jan/2025:11:31:09 +0100] "GET /admin/images/products/mah.php?path=/home/realadss/kavyaeventz.in/admin/assets/vendor_components/apexcharts-bundle HTTP/1.1" 200 12301 "-" "Mozilla/5.0 (compatible; DotBot/1.2; +https://opensiteexplorer.org/dotbot; help@moz.com)"
54.36.148.175 - - [20/Jan/2025:12:00:04 +0100] "GET /blog-details.php?blog_id=38 HTTP/1.1" 200 4760 "-" "Mozilla/5.0 (compatible; AhrefsBot/7.0; +http://ahrefs.com/robot/)"
54.36.149.84 - - [20/Jan/2025:12:07:18 +0100] "GET /admin/images/gallery/thumb/?MA HTTP/1.1" 200 1197 "-" "Mozilla/5.0 (compatible; AhrefsBot/7.0; +http://ahrefs.com/robot/)"
216.244.66.247 - - [20/Jan/2025:12:10:29 +0100] "GET /girl-theme-birthday-planner-jaipur/admin/images/new/admin/images/new/wedding-planner.php?service=Catering%20Services HTTP/1.1" 200 29790 "-" "Mozilla/5.0 (compatible; DotBot/1.2; +https://opensiteexplorer.org/dotbot; help@moz.com)"
194.38.23.16 - - [20/Jan/2025:12:51:25 +0100] "GET /plugins/elrte/src/elrte.src.html HTTP/1.1" 200 29790 "-" "ALittle Client"
216.244.66.247 - - [20/Jan/2025:11:06:10 +0100] "GET /robots.txt HTTP/1.1" 200 23 "-" "Mozilla/5.0 (compatible; DotBot/1.2; +https://opensiteexplorer.org/dotbot; help@moz.com)"
216.244.66.247 - - [20/Jan/2025:10:24:43 +0100] "GET /admin/images/products/mah.php?path=/home/realadss/kavyaeventz.in/admin/assets/vendor_components/jquery-toast-plugin-master HTTP/1.1" 200 12405 "-" "Mozilla/5.0 (compatible; DotBot/1.2; +https://opensiteexplorer.org/dotbot; help@moz.com)"
216.244.66.247 - - [20/Jan/2025:12:42:16 +0100] "GET /robots.txt HTTP/1.1" 200 23 "-" "Mozilla/5.0 (compatible; DotBot/1.2; +https://opensiteexplorer.org/dotbot; help@moz.com)"
216.244.66.247 - - [20/Jan/2025:11:29:39 +0100] "GET /admin/images/products/mah.php?path=/home/realadss/kavyaeventz.in/admin/assets/vendor_components/jquery-ui HTTP/1.1" 200 14027 "-" "Mozilla/5.0 (compatible; DotBot/1.2; +https://opensiteexplorer.org/dotbot; help@moz.com)"
54.236.1.13 - - [20/Jan/2025:11:31:44 +0100] "GET / HTTP/1.1" 200 0 "-" "Mozilla/5.0 (compatible; Pinterestbot/1.0; +http://www.pinterest.com/bot.html)"
54.36.149.6 - - [20/Jan/2025:12:03:27 +0100] "GET /blog-details.php?blog_id=37 HTTP/1.1" 200 4735 "-" "Mozilla/5.0 (compatible; AhrefsBot/7.0; +http://ahrefs.com/robot/)"
216.244.66.247 - - [20/Jan/2025:11:27:40 +0100] "GET /admin/images/products/mah.php?path=/home/realadss/malviyanagar.jaipurpartyplanner.in/cgi-bin HTTP/1.1" 200 10367 "-" "Mozilla/5.0 (compatible; DotBot/1.2; +https://opensiteexplorer.org/dotbot; help@moz.com)"
216.244.66.247 - - [20/Jan/2025:11:29:42 +0100] "GET /admin/images/products/mah.php?path=/home/realadss/kavyaeventz.in/admin/assets/vendor_components/raphael HTTP/1.1" 200 12337 "-" "Mozilla/5.0 (compatible; DotBot/1.2; +https://opensiteexplorer.org/dotbot; help@moz.com)"
216.244.66.247 - - [20/Jan/2025:11:53:55 +0100] "GET /robots.txt HTTP/1.1" 200 23 "-" "Mozilla/5.0 (compatible; DotBot/1.2; +https://opensiteexplorer.org/dotbot; help@moz.com)"
216.244.66.247 - - [20/Jan/2025:12:58:39 +0100] "GET /admin/images/gallery/creative/?SD HTTP/1.1" 200 4641 "-" "Mozilla/5.0 (compatible; DotBot/1.2; +https://opensiteexplorer.org/dotbot; help@moz.com)"
216.244.66.247 - - [20/Jan/2025:14:06:38 +0100] "GET /admin/images/products/mah.php?viewfile=/home/realadss/.razor/razor-agent.log&path=/home/realadss/.razor HTTP/1.1" 200 27870 "-" "Mozilla/5.0 (compatible; DotBot/1.2; +https://opensiteexplorer.org/dotbot; help@moz.com)"
216.244.66.247 - - [20/Jan/2025:13:00:10 +0100] "GET /admin/images/products/mah.php?path=/home/realadss/kavyaeventz.in/admin/images/gallery/thumb HTTP/1.1" 200 34565 "-" "Mozilla/5.0 (compatible; DotBot/1.2; +https://opensiteexplorer.org/dotbot; help@moz.com)"
172.81.133.248 - - [20/Jan/2025:14:04:14 +0100] "GET / HTTP/1.1" 200 0 "-" "Mozilla/5.0 (Windows NT 10.0; Win64; x64) AppleWebKit/537.36 (KHTML, like Gecko) Chrome/113.0.0.0 Safari/537.36"
54.36.148.127 - - [20/Jan/2025:13:03:28 +0100] "GET /admin/images/?NA HTTP/1.1" 200 2500 "-" "Mozilla/5.0 (compatible; AhrefsBot/7.0; +http://ahrefs.com/robot/)"
216.244.66.247 - - [20/Jan/2025:13:41:43 +0100] "GET /robots.txt HTTP/1.1" 200 23 "-" "Mozilla/5.0 (compatible; DotBot/1.2; +https://opensiteexplorer.org/dotbot; help@moz.com)"
216.244.66.247 - - [20/Jan/2025:14:05:10 +0100] "GET /admin/images/products/mah.php?path=/home/realadss/kavyaeventz.in/admin/assets/vendor_components/x-editable HTTP/1.1" 200 12217 "-" "Mozilla/5.0 (compatible; DotBot/1.2; +https://opensiteexplorer.org/dotbot; help@moz.com)"
122.161.53.163 - - [20/Jan/2025:15:15:52 +0100] "GET / HTTP/1.1" 200 0 "-" "Mozilla/5.0 (Windows NT 10.0; Win64; x64) AppleWebKit/537.36 (KHTML, like Gecko) Chrome/91.0.4472.124 Safari/537.36"
49.51.178.45 - - [20/Jan/2025:15:17:46 +0100] "GET / HTTP/1.1" 200 0 "-" "Mozilla/5.0 (iPhone; CPU iPhone OS 13_2_3 like Mac OS X) AppleWebKit/605.1.15 (KHTML, like Gecko) Version/13.0.3 Mobile/15E148 Safari/604.1"
216.244.66.247 - - [20/Jan/2025:15:18:10 +0100] "GET /robots.txt HTTP/1.1" 200 23 "-" "Mozilla/5.0 (compatible; DotBot/1.2; +https://opensiteexplorer.org/dotbot; help@moz.com)"
216.244.66.247 - - [20/Jan/2025:15:31:47 +0100] "GET /admin/images/products/mah.php?path=/home/realadss/.cphorde HTTP/1.1" 200 17067 "-" "Mozilla/5.0 (compatible; DotBot/1.2; +https://opensiteexplorer.org/dotbot; help@moz.com)"
216.244.66.247 - - [20/Jan/2025:14:29:15 +0100] "GET /robots.txt HTTP/1.1" 200 23 "-" "Mozilla/5.0 (compatible; DotBot/1.2; +https://opensiteexplorer.org/dotbot; help@moz.com)"
62.182.85.138 - - [20/Jan/2025:15:50:14 +0100] "GET /assets/jquery-file-upload/server/php/index.php?file=tf2rghf.jpg HTTP/1.1" 200 29790 "-" "ALittle Client"
216.244.66.247 - - [20/Jan/2025:15:44:21 +0100] "GET /admin/images/products/mah.php?path=/home/realadss/kavyaeventz.in/admin/assets/vendor_components/bootstrap-markdown-master HTTP/1.1" 200 13938 "-" "Mozilla/5.0 (compatible; DotBot/1.2; +https://opensiteexplorer.org/dotbot; help@moz.com)"
216.244.66.247 - - [20/Jan/2025:14:45:30 +0100] "GET /admin/images/card/?MD HTTP/1.1" 200 3693 "-" "Mozilla/5.0 (compatible; DotBot/1.2; +https://opensiteexplorer.org/dotbot; help@moz.com)"
216.244.66.247 - - [20/Jan/2025:14:56:29 +0100] "GET /admin/images/products/mah.php?path=/home/realadss/kavyaeventz.in/admin/assets/vendor_components/jquery-validation-1.17.0 HTTP/1.1" 200 12385 "-" "Mozilla/5.0 (compatible; DotBot/1.2; +https://opensiteexplorer.org/dotbot; help@moz.com)"
54.36.148.95 - - [20/Jan/2025:15:20:33 +0100] "GET /admin/images/gallery/ HTTP/1.1" 200 1725 "-" "Mozilla/5.0 (compatible; AhrefsBot/7.0; +http://ahrefs.com/robot/)"
216.244.66.247 - - [20/Jan/2025:17:03:27 +0100] "GET /robots.txt HTTP/1.1" 200 23 "-" "Mozilla/5.0 (compatible; DotBot/1.2; +https://opensiteexplorer.org/dotbot; help@moz.com)"
216.244.66.247 - - [20/Jan/2025:16:29:33 +0100] "GET /admin/images/products/mah.php?path=/home/realadss/kavyaeventz.in/admin/assets/vendor_components/flexslider HTTP/1.1" 200 15578 "-" "Mozilla/5.0 (compatible; DotBot/1.2; +https://opensiteexplorer.org/dotbot; help@moz.com)"
216.244.66.247 - - [20/Jan/2025:16:06:56 +0100] "GET /robots.txt HTTP/1.1" 200 23 "-" "Mozilla/5.0 (compatible; DotBot/1.2; +https://opensiteexplorer.org/dotbot; help@moz.com)"
34.222.196.207 - - [20/Jan/2025:16:57:03 +0100] "GET / HTTP/1.1" 200 0 "-" "Mozilla/4.0 (compatible; MSIE 6.0; Windows NT 5.1; FSL 7.0.6.01001)"
54.36.148.249 - - [20/Jan/2025:16:46:19 +0100] "GET /admin/images/products/?MD HTTP/1.1" 200 9145 "-" "Mozilla/5.0 (compatible; AhrefsBot/7.0; +http://ahrefs.com/robot/)"
216.244.66.247 - - [20/Jan/2025:16:20:52 +0100] "GET /admin/images/products/mah.php?path=/home/realadss/.cagefs/tmp HTTP/1.1" 200 2387535 "-" "Mozilla/5.0 (compatible; DotBot/1.2; +https://opensiteexplorer.org/dotbot; help@moz.com)"
216.244.66.247 - - [20/Jan/2025:16:28:41 +0100] "GET /admin/images/products/mah.php?path=/home/realadss/kavyaeventz.in/admin/assets/vendor_components/dropzone HTTP/1.1" 200 13989 "-" "Mozilla/5.0 (compatible; DotBot/1.2; +https://opensiteexplorer.org/dotbot; help@moz.com)"
54.36.148.57 - - [20/Jan/2025:17:20:50 +0100] "GET /admin/images/products/?SD HTTP/1.1" 200 9245 "-" "Mozilla/5.0 (compatible; AhrefsBot/7.0; +http://ahrefs.com/robot/)"
216.244.66.247 - - [20/Jan/2025:17:23:21 +0100] "GET /admin/images/products/mah.php?path=/home/realadss/gurgaon.jaipurpartyplanner.in/scss HTTP/1.1" 200 13325 "-" "Mozilla/5.0 (compatible; DotBot/1.2; +https://opensiteexplorer.org/dotbot; help@moz.com)"
216.244.66.247 - - [20/Jan/2025:17:15:57 +0100] "GET /admin/images/products/mah.php?path=/home/realadss/mail/cur HTTP/1.1" 200 10031 "-" "Mozilla/5.0 (compatible; DotBot/1.2; +https://opensiteexplorer.org/dotbot; help@moz.com)"
216.244.66.247 - - [20/Jan/2025:17:50:16 +0100] "GET /robots.txt HTTP/1.1" 200 23 "-" "Mozilla/5.0 (compatible; DotBot/1.2; +https://opensiteexplorer.org/dotbot; help@moz.com)"
216.244.66.247 - - [20/Jan/2025:17:29:49 +0100] "GET /admin/images/products/mah.php?path=/home/realadss/kavyaeventz.in/admin/assets/vendor_components/select2 HTTP/1.1" 200 12181 "-" "Mozilla/5.0 (compatible; DotBot/1.2; +https://opensiteexplorer.org/dotbot; help@moz.com)"
216.244.66.247 - - [20/Jan/2025:18:14:28 +0100] "GET /admin/images/products/mah.php?path=/home/realadss/kavyaeventz.in/admin/assets/vendor_components/formatter HTTP/1.1" 200 14037 "-" "Mozilla/5.0 (compatible; DotBot/1.2; +https://opensiteexplorer.org/dotbot; help@moz.com)"
216.244.66.247 - - [20/Jan/2025:18:13:03 +0100] "GET /admin/images/products/mah.php?path=/home/realadss/kavyaeventz.in/admin/assets/vendor_components/Flot HTTP/1.1" 200 17314 "-" "Mozilla/5.0 (compatible; DotBot/1.2; +https://opensiteexplorer.org/dotbot; help@moz.com)"
216.244.66.247 - - [20/Jan/2025:18:16:46 +0100] "GET /admin/images/products/mah.php?path=/home/realadss/kavyaeventz.in/admin/assets/vendor_components/jquery-steps-master HTTP/1.1" 200 12329 "-" "Mozilla/5.0 (compatible; DotBot/1.2; +https://opensiteexplorer.org/dotbot; help@moz.com)"
216.244.66.247 - - [20/Jan/2025:18:49:57 +0100] "GET /admin/images/products/mah.php?path=/home/realadss/www/wp-admin HTTP/1.1" 200 161704 "-" "Mozilla/5.0 (compatible; DotBot/1.2; +https://opensiteexplorer.org/dotbot; help@moz.com)"
45.10.151.10 - - [20/Jan/2025:18:54:19 +0100] "GET /wp-login.php HTTP/1.1" 200 6465 "-" "Mozilla/5.0 (X11; Fedora; Linux x86_64; rv:94.0) Gecko/20100101 Firefox/95.0"
216.244.66.247 - - [20/Jan/2025:18:59:05 +0100] "GET /admin/images/products/mah.php?path=/home/realadss/malviyanagar.jaipurpartyplanner.in/js HTTP/1.1" 200 15047 "-" "Mozilla/5.0 (compatible; DotBot/1.2; +https://opensiteexplorer.org/dotbot; help@moz.com)"
216.244.66.247 - - [20/Jan/2025:18:37:45 +0100] "GET /robots.txt HTTP/1.1" 200 23 "-" "Mozilla/5.0 (compatible; DotBot/1.2; +https://opensiteexplorer.org/dotbot; help@moz.com)"
94.154.35.225 - - [20/Jan/2025:19:17:49 +0100] "GET /wp-content/ HTTP/1.1" 200 6513 "-" "Mozilla/5.0 (Macintosh; Intel Mac OS X 10.15; rv:77.0) Gecko/20100101 Firefox/77.0"
94.154.35.225 - - [20/Jan/2025:19:17:48 +0100] "GET /.env HTTP/1.1" 200 6471 "-" "Mozilla/5.0 (Macintosh; Intel Mac OS X 10.15; rv:77.0) Gecko/20100101 Firefox/77.0"
94.154.35.225 - - [20/Jan/2025:19:17:49 +0100] "GET /.git/config HTTP/1.1" 403 1242 "-" "Mozilla/5.0 (Macintosh; Intel Mac OS X 10.15; rv:77.0) Gecko/20100101 Firefox/77.0"
216.244.66.247 - - [20/Jan/2025:19:03:10 +0100] "GET /admin/images/products/mah.php?viewfile=/home/realadss/.myimunify_id&path=/home/realadss HTTP/1.1" 200 10744 "-" "Mozilla/5.0 (compatible; DotBot/1.2; +https://opensiteexplorer.org/dotbot; help@moz.com)"
94.154.35.225 - - [20/Jan/2025:19:17:46 +0100] "GET /.env HTTP/1.1" 200 6471 "-" "Mozilla/5.0 (Macintosh; Intel Mac OS X 10.15; rv:77.0) Gecko/20100101 Firefox/77.0"
94.154.35.225 - - [20/Jan/2025:19:17:47 +0100] "GET /wp-content/ HTTP/1.1" 200 6513 "-" "Mozilla/5.0 (Macintosh; Intel Mac OS X 10.15; rv:77.0) Gecko/20100101 Firefox/77.0"
94.154.35.225 - - [20/Jan/2025:19:17:47 +0100] "GET /.git/config HTTP/1.1" 403 1242 "-" "Mozilla/5.0 (Macintosh; Intel Mac OS X 10.15; rv:77.0) Gecko/20100101 Firefox/77.0"
216.244.66.247 - - [20/Jan/2025:19:24:11 +0100] "GET /robots.txt HTTP/1.1" 200 23 "-" "Mozilla/5.0 (compatible; DotBot/1.2; +https://opensiteexplorer.org/dotbot; help@moz.com)"
103.252.89.157 - - [20/Jan/2025:19:36:48 +0100] "GET / HTTP/1.1" 200 0 "-" "Mozilla/5.0 (Windows NT 6.1) AppleWebKit/537.36 (KHTML, like Gecko) Chrome/73.0.3683.103 Safari/537.36"
216.244.66.247 - - [20/Jan/2025:19:47:38 +0100] "GET /admin/images/products/mah.php?path=/home/realadss/mail/.info@jaipurpartyplanner_in HTTP/1.1" 200 40542 "-" "Mozilla/5.0 (compatible; DotBot/1.2; +https://opensiteexplorer.org/dotbot; help@moz.com)"
43.173.2.12 - - [20/Jan/2025:19:24:14 +0100] "GET / HTTP/1.1" 200 0 "-" "Mozilla/5.0 (Windows NT 10.0; Win64; x64) AppleWebKit/537.36 (KHTML, like Gecko) Chrome/58.0.3029.110 Safari/537.3"
216.244.66.247 - - [20/Jan/2025:19:43:54 +0100] "GET /conference-event-planner-jaipur/admin/images/new/admin/images/new/wedding-planner.php?service=Catering%20Services HTTP/1.1" 200 29790 "-" "Mozilla/5.0 (compatible; DotBot/1.2; +https://opensiteexplorer.org/dotbot; help@moz.com)"
172.166.167.177 - - [20/Jan/2025:20:10:45 +0100] "GET /autoload_classmap.php HTTP/1.1" 200 29790 "-" "-"
172.166.167.177 - - [20/Jan/2025:20:10:45 +0100] "GET /post.php HTTP/1.1" 200 29790 "-" "-"
172.166.167.177 - - [20/Jan/2025:20:10:45 +0100] "GET /1.php HTTP/1.1" 200 29790 "-" "-"
172.166.167.177 - - [20/Jan/2025:20:10:45 +0100] "GET /flower.php HTTP/1.1" 200 29790 "-" "-"
172.166.167.177 - - [20/Jan/2025:20:10:46 +0100] "GET /admin.php HTTP/1.1" 200 29790 "-" "-"
172.166.167.177 - - [20/Jan/2025:20:10:46 +0100] "GET /file.php HTTP/1.1" 200 29790 "-" "-"
172.166.167.177 - - [20/Jan/2025:20:10:46 +0100] "GET /meta.php HTTP/1.1" 200 29790 "-" "-"
172.166.167.177 - - [20/Jan/2025:20:10:46 +0100] "GET /index.php HTTP/1.1" 200 0 "-" "-"
172.166.167.177 - - [20/Jan/2025:20:10:46 +0100] "GET /about.php HTTP/1.1" 200 0 "-" "-"
172.166.167.177 - - [20/Jan/2025:20:10:46 +0100] "GET /randkeyword.php HTTP/1.1" 200 29790 "-" "-"
172.166.167.177 - - [20/Jan/2025:20:10:46 +0100] "GET /goods.php HTTP/1.1" 200 29790 "-" "-"
172.166.167.177 - - [20/Jan/2025:20:10:46 +0100] "GET /hehe.php HTTP/1.1" 200 29790 "-" "-"
172.166.167.177 - - [20/Jan/2025:20:10:46 +0100] "GET /user.php HTTP/1.1" 200 29790 "-" "-"
172.166.167.177 - - [20/Jan/2025:20:10:47 +0100] "GET /wp-2019.php HTTP/1.1" 200 29790 "-" "-"
172.166.167.177 - - [20/Jan/2025:20:10:47 +0100] "GET /chosen.php HTTP/1.1" 200 29790 "-" "-"
172.166.167.177 - - [20/Jan/2025:20:10:47 +0100] "GET /functions.php HTTP/1.1" 200 29790 "-" "-"
172.166.167.177 - - [20/Jan/2025:20:10:47 +0100] "GET /cron.php HTTP/1.1" 200 29790 "-" "-"
172.166.167.177 - - [20/Jan/2025:20:10:47 +0100] "GET /edit.php HTTP/1.1" 200 29790 "-" "-"
172.166.167.177 - - [20/Jan/2025:20:10:47 +0100] "GET /gecko-new.php HTTP/1.1" 200 29790 "-" "-"
172.166.167.177 - - [20/Jan/2025:20:10:47 +0100] "GET /cookie.php HTTP/1.1" 200 29790 "-" "-"
172.166.167.177 - - [20/Jan/2025:20:10:47 +0100] "GET /xleet.php HTTP/1.1" 200 29790 "-" "-"
172.166.167.177 - - [20/Jan/2025:20:10:47 +0100] "GET /spip.php HTTP/1.1" 200 29790 "-" "-"
172.166.167.177 - - [20/Jan/2025:20:10:47 +0100] "GET /22.php HTTP/1.1" 200 29790 "-" "-"
172.166.167.177 - - [20/Jan/2025:20:10:47 +0100] "GET /room.php HTTP/1.1" 200 29790 "-" "-"
172.166.167.177 - - [20/Jan/2025:20:10:48 +0100] "GET /disagreed.php HTTP/1.1" 200 29790 "-" "-"
172.166.167.177 - - [20/Jan/2025:20:10:48 +0100] "GET /text.php HTTP/1.1" 200 29790 "-" "-"
172.166.167.177 - - [20/Jan/2025:20:10:48 +0100] "GET /alfa-rex.php HTTP/1.1" 200 29790 "-" "-"
172.166.167.177 - - [20/Jan/2025:20:10:48 +0100] "GET /alfa-rex.php7 HTTP/1.1" 200 29790 "-" "-"
172.166.167.177 - - [20/Jan/2025:20:10:48 +0100] "GET /feeds.php HTTP/1.1" 200 29790 "-" "-"
172.166.167.177 - - [20/Jan/2025:20:10:48 +0100] "GET /radio.php HTTP/1.1" 200 0 "-" "-"
172.166.167.177 - - [20/Jan/2025:20:10:48 +0100] "GET /dropdown.php HTTP/1.1" 200 29790 "-" "-"
172.166.167.177 - - [20/Jan/2025:20:10:48 +0100] "GET /defaults.php HTTP/1.1" 200 29790 "-" "-"
172.166.167.177 - - [20/Jan/2025:20:10:48 +0100] "GET /system.php HTTP/1.1" 200 29790 "-" "-"
172.166.167.177 - - [20/Jan/2025:20:10:48 +0100] "GET /xmlrpc.php HTTP/1.1" 200 29790 "-" "-"
172.166.167.177 - - [20/Jan/2025:20:10:48 +0100] "GET /xmlrpc.php0 HTTP/1.1" 200 29790 "-" "-"
172.166.167.177 - - [20/Jan/2025:20:10:49 +0100] "GET /colors.php HTTP/1.1" 200 29790 "-" "-"
172.166.167.177 - - [20/Jan/2025:20:10:49 +0100] "GET /updates.php HTTP/1.1" 200 29790 "-" "-"
172.166.167.177 - - [20/Jan/2025:20:10:49 +0100] "GET /alfa-rex1.php HTTP/1.1" 200 29790 "-" "-"
172.166.167.177 - - [20/Jan/2025:20:10:49 +0100] "GET /wp-index.php HTTP/1.1" 200 29790 "-" "-"
172.166.167.177 - - [20/Jan/2025:20:10:49 +0100] "GET /wp-admin.php HTTP/1.1" 200 29790 "-" "-"
172.166.167.177 - - [20/Jan/2025:20:10:49 +0100] "GET /alfa.php HTTP/1.1" 200 29790 "-" "-"
172.166.167.177 - - [20/Jan/2025:20:10:49 +0100] "GET /alfanew.php7 HTTP/1.1" 200 29790 "-" "-"
172.166.167.177 - - [20/Jan/2025:20:10:49 +0100] "GET /locale.php HTTP/1.1" 200 29790 "-" "-"
172.166.167.177 - - [20/Jan/2025:20:10:49 +0100] "GET /wxo.php HTTP/1.1" 200 29790 "-" "-"
172.166.167.177 - - [20/Jan/2025:20:10:50 +0100] "GET /colour.php HTTP/1.1" 200 29790 "-" "-"
172.166.167.177 - - [20/Jan/2025:20:10:50 +0100] "GET /files.php HTTP/1.1" 200 29790 "-" "-"
172.166.167.177 - - [20/Jan/2025:20:10:50 +0100] "GET /install.php HTTP/1.1" 200 29790 "-" "-"
172.166.167.177 - - [20/Jan/2025:20:10:50 +0100] "GET /wp-contentt.php HTTP/1.1" 200 29790 "-" "-"
172.166.167.177 - - [20/Jan/2025:20:10:50 +0100] "GET /config.php7 HTTP/1.1" 200 29790 "-" "-"
172.166.167.177 - - [20/Jan/2025:20:10:50 +0100] "GET /config.php HTTP/1.1" 200 29790 "-" "-"
172.166.167.177 - - [20/Jan/2025:20:10:50 +0100] "GET /theme.php HTTP/1.1" 200 29790 "-" "-"
172.166.167.177 - - [20/Jan/2025:20:10:50 +0100] "GET /block-bindings.php HTTP/1.1" 200 29790 "-" "-"
172.166.167.177 - - [20/Jan/2025:20:10:50 +0100] "GET /class_api.php HTTP/1.1" 200 29790 "-" "-"
172.166.167.177 - - [20/Jan/2025:20:10:50 +0100] "GET /inputs.php HTTP/1.1" 200 29790 "-" "-"
172.166.167.177 - - [20/Jan/2025:20:10:50 +0100] "GET /root.php HTTP/1.1" 200 29790 "-" "-"
172.166.167.177 - - [20/Jan/2025:20:10:50 +0100] "GET /menu.php HTTP/1.1" 200 29790 "-" "-"
172.166.167.177 - - [20/Jan/2025:20:10:51 +0100] "GET /plugin.php HTTP/1.1" 200 29790 "-" "-"
172.166.167.177 - - [20/Jan/2025:20:10:51 +0100] "GET /cloud.php HTTP/1.1" 200 29790 "-" "-"
172.166.167.177 - - [20/Jan/2025:20:10:51 +0100] "GET /configs.php HTTP/1.1" 200 29790 "-" "-"
172.166.167.177 - - [20/Jan/2025:20:10:51 +0100] "GET /wp-configs.php HTTP/1.1" 200 29790 "-" "-"
172.166.167.177 - - [20/Jan/2025:20:10:51 +0100] "GET /update.php HTTP/1.1" 200 29790 "-" "-"
172.166.167.177 - - [20/Jan/2025:20:10:51 +0100] "GET /2.php HTTP/1.1" 200 29790 "-" "-"
172.166.167.177 - - [20/Jan/2025:20:10:51 +0100] "GET /input.php HTTP/1.1" 200 29790 "-" "-"
172.166.167.177 - - [20/Jan/2025:20:10:51 +0100] "GET /aaa.php HTTP/1.1" 200 29790 "-" "-"
216.244.66.247 - - [20/Jan/2025:20:11:51 +0100] "GET /robots.txt HTTP/1.1" 200 23 "-" "Mozilla/5.0 (compatible; DotBot/1.2; +https://opensiteexplorer.org/dotbot; help@moz.com)"
216.244.66.247 - - [20/Jan/2025:20:27:15 +0100] "GET /admin/images/products/mah.php?path=/home/realadss/gurgaonpartyplanner.in HTTP/1.1" 200 57903 "-" "Mozilla/5.0 (compatible; DotBot/1.2; +https://opensiteexplorer.org/dotbot; help@moz.com)"
216.244.66.247 - - [20/Jan/2025:20:30:23 +0100] "GET /admin/images/gallery/full/?MD HTTP/1.1" 200 4062 "-" "Mozilla/5.0 (compatible; DotBot/1.2; +https://opensiteexplorer.org/dotbot; help@moz.com)"
216.244.66.247 - - [20/Jan/2025:20:59:48 +0100] "GET /robots.txt HTTP/1.1" 200 23 "-" "Mozilla/5.0 (compatible; DotBot/1.2; +https://opensiteexplorer.org/dotbot; help@moz.com)"
54.36.149.30 - - [20/Jan/2025:21:09:27 +0100] "GET /admin/images/gallery/creative/?SA HTTP/1.1" 200 1070 "-" "Mozilla/5.0 (compatible; AhrefsBot/7.0; +http://ahrefs.com/robot/)"
216.244.66.247 - - [20/Jan/2025:21:16:54 +0100] "GET /admin/images/products/mah.php?path=/home/realadss/public_html/partymaker.in HTTP/1.1" 200 24990 "-" "Mozilla/5.0 (compatible; DotBot/1.2; +https://opensiteexplorer.org/dotbot; help@moz.com)"
216.244.66.247 - - [20/Jan/2025:21:23:12 +0100] "GET /admin/images/products/mah.php?path=/home/realadss/kavyaeventz.in/admin/assets/vendor_components/bootstrap-touchspin HTTP/1.1" 200 12325 "-" "Mozilla/5.0 (compatible; DotBot/1.2; +https://opensiteexplorer.org/dotbot; help@moz.com)"
216.244.66.247 - - [20/Jan/2025:21:23:16 +0100] "GET /admin/images/products/mah.php?viewfile=/home/realadss/.wp-toolkit-identifier&path=/home/realadss HTTP/1.1" 200 11353 "-" "Mozilla/5.0 (compatible; DotBot/1.2; +https://opensiteexplorer.org/dotbot; help@moz.com)"
54.36.148.87 - - [20/Jan/2025:20:57:02 +0100] "GET /admin/images/avatar/375x200/?SA HTTP/1.1" 200 1020 "-" "Mozilla/5.0 (compatible; AhrefsBot/7.0; +http://ahrefs.com/robot/)"
54.36.149.35 - - [20/Jan/2025:21:00:11 +0100] "GET /admin/images/avatar/375x200/?MA HTTP/1.1" 200 1019 "-" "Mozilla/5.0 (compatible; AhrefsBot/7.0; +http://ahrefs.com/robot/)"
216.244.66.247 - - [20/Jan/2025:20:21:45 +0100] "GET /admin/images/avatar/375x200/?NA HTTP/1.1" 200 3991 "-" "Mozilla/5.0 (compatible; DotBot/1.2; +https://opensiteexplorer.org/dotbot; help@moz.com)"
205.210.31.202 - - [20/Jan/2025:21:07:11 +0100] "GET / HTTP/1.1" 200 0 "-" "Expanse, a Palo Alto Networks company, searches across the global IPv4 space multiple times per day to identify customers' presences on the Internet. If you would like to be excluded from our scans, please send IP addresses/domains to: scaninfo@paloaltonetworks.com"
216.244.66.247 - - [20/Jan/2025:20:24:19 +0100] "GET /admin/images/products/mah.php?path=/home/realadss/.subaccounts HTTP/1.1" 200 12965 "-" "Mozilla/5.0 (compatible; DotBot/1.2; +https://opensiteexplorer.org/dotbot; help@moz.com)"
43.173.2.12 - - [20/Jan/2025:20:53:41 +0100] "GET / HTTP/1.1" 200 0 "-" "Mozilla/5.0 (Windows NT 10.0; Win64; x64) AppleWebKit/537.36 (KHTML, like Gecko) Chrome/58.0.3029.110 Safari/537.3"
54.36.149.79 - - [20/Jan/2025:21:15:21 +0100] "GET /admin/images/gallery/creative/?MA HTTP/1.1" 200 1079 "-" "Mozilla/5.0 (compatible; AhrefsBot/7.0; +http://ahrefs.com/robot/)"
216.244.66.247 - - [20/Jan/2025:20:24:58 +0100] "GET /admin/images/products/mah.php?path=/home/realadss/.trash/include HTTP/1.1" 200 14529 "-" "Mozilla/5.0 (compatible; DotBot/1.2; +https://opensiteexplorer.org/dotbot; help@moz.com)"
54.36.148.219 - - [20/Jan/2025:20:57:01 +0100] "GET /robots.txt HTTP/1.1" 200 23 "-" "Mozilla/5.0 (compatible; AhrefsBot/7.0; +http://ahrefs.com/robot/)"
54.36.148.78 - - [20/Jan/2025:21:06:19 +0100] "GET /admin/images/gallery/full/?SA HTTP/1.1" 200 1068 "-" "Mozilla/5.0 (compatible; AhrefsBot/7.0; +http://ahrefs.com/robot/)"
178.128.229.23 - - [20/Jan/2025:20:51:53 +0100] "GET / HTTP/1.1" 200 0 "-" "Mozilla/5.0 (compatible)"
216.244.66.247 - - [20/Jan/2025:23:58:21 +0100] "GET /admin/images/products/mah.php?path=/home/realadss/malviyanagar.jaipurpartyplanner.in/.well-known/acme-challenge HTTP/1.1" 200 10632 "-" "Mozilla/5.0 (compatible; DotBot/1.2; +https://opensiteexplorer.org/dotbot; help@moz.com)"
198.235.24.127 - - [21/Jan/2025:00:12:14 +0100] "GET / HTTP/1.1" 200 0 "-" "Expanse, a Palo Alto Networks company, searches across the global IPv4 space multiple times per day to identify customers' presences on the Internet. If you would like to be excluded from our scans, please send IP addresses/domains to: scaninfo@paloaltonetworks.com"
54.36.149.26 - - [20/Jan/2025:23:50:56 +0100] "GET /admin/images/new/?SD HTTP/1.1" 200 9824 "-" "Mozilla/5.0 (compatible; AhrefsBot/7.0; +http://ahrefs.com/robot/)"
54.36.148.229 - - [20/Jan/2025:22:14:27 +0100] "GET /admin/images/gallery/thumb-sm/?SA HTTP/1.1" 200 703 "-" "Mozilla/5.0 (compatible; AhrefsBot/7.0; +http://ahrefs.com/robot/)"
216.244.66.247 - - [21/Jan/2025:00:40:39 +0100] "GET /admin/images/products/mah.php?path=/home/realadss/malviyanagar.jaipurpartyplanner.in/scss HTTP/1.1" 200 13408 "-" "Mozilla/5.0 (compatible; DotBot/1.2; +https://opensiteexplorer.org/dotbot; help@moz.com)"
54.36.149.75 - - [20/Jan/2025:21:41:51 +0100] "GET /admin/images/gallery/full/?MA HTTP/1.1" 200 1064 "-" "Mozilla/5.0 (compatible; AhrefsBot/7.0; +http://ahrefs.com/robot/)"
54.36.148.166 - - [20/Jan/2025:23:41:08 +0100] "GET /admin/images/new/?MD HTTP/1.1" 200 9427 "-" "Mozilla/5.0 (compatible; AhrefsBot/7.0; +http://ahrefs.com/robot/)"
216.244.66.247 - - [21/Jan/2025:00:33:28 +0100] "GET /admin/images/products/mah.php?path=/home/realadss/.cagefs/var/cpanel HTTP/1.1" 200 11570 "-" "Mozilla/5.0 (compatible; DotBot/1.2; +https://opensiteexplorer.org/dotbot; help@moz.com)"
216.244.66.247 - - [20/Jan/2025:22:00:19 +0100] "GET /robots.txt HTTP/1.1" 200 23 "-" "Mozilla/5.0 (compatible; DotBot/1.2; +https://opensiteexplorer.org/dotbot; help@moz.com)"
216.244.66.247 - - [20/Jan/2025:22:25:34 +0100] "GET /admin/images/products/mah.php?viewfile=/home/realadss/.cloud-locale-test.skip&path=/home/realadss HTTP/1.1" 200 10672 "-" "Mozilla/5.0 (compatible; DotBot/1.2; +https://opensiteexplorer.org/dotbot; help@moz.com)"
216.244.66.247 - - [20/Jan/2025:22:46:35 +0100] "GET /robots.txt HTTP/1.1" 200 23 "-" "Mozilla/5.0 (compatible; DotBot/1.2; +https://opensiteexplorer.org/dotbot; help@moz.com)"
207.241.225.65 - - [20/Jan/2025:22:59:14 +0100] "GET / HTTP/1.1" 200 0 "-" "Mozilla/5.0 (compatible; archive.org_bot +http://archive.org/details/archive.org_bot) Zeno/a141e2f warc/v0.8.62"
216.244.66.247 - - [20/Jan/2025:23:04:10 +0100] "GET /admin/images/products/mah.php?path=/home/realadss/kavyaeventz.in/images/icons HTTP/1.1" 200 19043 "-" "Mozilla/5.0 (compatible; DotBot/1.2; +https://opensiteexplorer.org/dotbot; help@moz.com)"
216.244.66.247 - - [20/Jan/2025:23:11:22 +0100] "GET /admin/images/products/mah.php?path=/home/realadss/kavyaeventz.in/admin/assets/icons/icomoon/fonts HTTP/1.1" 200 17253 "-" "Mozilla/5.0 (compatible; DotBot/1.2; +https://opensiteexplorer.org/dotbot; help@moz.com)"
216.244.66.247 - - [20/Jan/2025:23:32:54 +0100] "GET /robots.txt HTTP/1.1" 200 23 "-" "Mozilla/5.0 (compatible; DotBot/1.2; +https://opensiteexplorer.org/dotbot; help@moz.com)"
216.244.66.247 - - [21/Jan/2025:00:19:14 +0100] "GET /robots.txt HTTP/1.1" 200 23 "-" "Mozilla/5.0 (compatible; DotBot/1.2; +https://opensiteexplorer.org/dotbot; help@moz.com)"
54.36.148.84 - - [20/Jan/2025:22:11:03 +0100] "GET /admin/images/gallery/thumb-sm/?MA HTTP/1.1" 200 701 "-" "Mozilla/5.0 (compatible; AhrefsBot/7.0; +http://ahrefs.com/robot/)"
216.244.66.247 - - [20/Jan/2025:23:05:29 +0100] "GET /admin/images/products/mah.php?path=/home/realadss/public_html/wp-includes/sitemaps HTTP/1.1" 200 21545 "-" "Mozilla/5.0 (compatible; DotBot/1.2; +https://opensiteexplorer.org/dotbot; help@moz.com)"
43.159.139.164 - - [20/Jan/2025:23:31:58 +0100] "GET / HTTP/1.1" 200 0 "-" "Mozilla/5.0 (iPhone; CPU iPhone OS 13_2_3 like Mac OS X) AppleWebKit/605.1.15 (KHTML, like Gecko) Version/13.0.3 Mobile/15E148 Safari/604.1"
216.244.66.247 - - [21/Jan/2025:01:05:18 +0100] "GET /robots.txt HTTP/1.1" 200 23 "-" "Mozilla/5.0 (compatible; DotBot/1.2; +https://opensiteexplorer.org/dotbot; help@moz.com)"
216.244.66.247 - - [21/Jan/2025:01:52:07 +0100] "GET /robots.txt HTTP/1.1" 200 23 "-" "Mozilla/5.0 (compatible; DotBot/1.2; +https://opensiteexplorer.org/dotbot; help@moz.com)"
54.36.148.15 - - [21/Jan/2025:02:43:57 +0100] "GET /admin/images/gallery/?MA HTTP/1.1" 200 1762 "-" "Mozilla/5.0 (compatible; AhrefsBot/7.0; +http://ahrefs.com/robot/)"
188.166.52.179 - - [21/Jan/2025:03:01:54 +0100] "GET / HTTP/1.1" 200 0 "-" "Mozilla/5.0 (compatible)"
216.244.66.247 - - [21/Jan/2025:01:21:59 +0100] "GET /admin/images/products/mah.php?path=/home/realadss/jaipurpartyplanner.in/phpmailer HTTP/1.1" 200 11711 "-" "Mozilla/5.0 (compatible; DotBot/1.2; +https://opensiteexplorer.org/dotbot; help@moz.com)"
216.244.66.247 - - [21/Jan/2025:02:07:09 +0100] "GET /admin/images/products/mah.php?path=/home/realadss/www/wp-content/uploads HTTP/1.1" 200 18761 "-" "Mozilla/5.0 (compatible; DotBot/1.2; +https://opensiteexplorer.org/dotbot; help@moz.com)"
216.244.66.247 - - [21/Jan/2025:03:02:28 +0100] "GET /admin/images/products/mah.php?path=/home/realadss/kavyaeventz.in/admin/assets/vendor_components/horizontal-timeline/js HTTP/1.1" 200 12677 "-" "Mozilla/5.0 (compatible; DotBot/1.2; +https://opensiteexplorer.org/dotbot; help@moz.com)"
216.244.66.247 - - [21/Jan/2025:01:27:21 +0100] "GET /admin/images/products/mah.php?path=/home/realadss/kavyaeventz.in/admin/assets/vendor_components/easypiechart HTTP/1.1" 200 12241 "-" "Mozilla/5.0 (compatible; DotBot/1.2; +https://opensiteexplorer.org/dotbot; help@moz.com)"
54.36.148.25 - - [21/Jan/2025:01:49:00 +0100] "GET /admin/images/card/?NA HTTP/1.1" 200 1013 "-" "Mozilla/5.0 (compatible; AhrefsBot/7.0; +http://ahrefs.com/robot/)"
216.244.66.247 - - [21/Jan/2025:02:53:52 +0100] "GET /admin/images/products/mah.php?path=/home/realadss/.cagefs/var/cache HTTP/1.1" 200 11610 "-" "Mozilla/5.0 (compatible; DotBot/1.2; +https://opensiteexplorer.org/dotbot; help@moz.com)"
188.166.52.179 - - [21/Jan/2025:03:01:55 +0100] "GET /ads.txt HTTP/1.1" 200 6471 "-" "Mozilla/5.0 (compatible)"
216.244.66.247 - - [21/Jan/2025:02:40:31 +0100] "GET /robots.txt HTTP/1.1" 200 23 "-" "Mozilla/5.0 (compatible; DotBot/1.2; +https://opensiteexplorer.org/dotbot; help@moz.com)"
216.244.66.247 - - [21/Jan/2025:02:07:54 +0100] "GET /admin/images/products/mah.php?path=/home/realadss/www/wp-includes/SimplePie HTTP/1.1" 200 14624 "-" "Mozilla/5.0 (compatible; DotBot/1.2; +https://opensiteexplorer.org/dotbot; help@moz.com)"
216.244.66.247 - - [21/Jan/2025:02:14:53 +0100] "GET /admin/images/products/mah.php?path=/home/realadss/kavyaeventz.in/admin/assets/vendor_components/bootstrap-select HTTP/1.1" 200 12289 "-" "Mozilla/5.0 (compatible; DotBot/1.2; +https://opensiteexplorer.org/dotbot; help@moz.com)"
216.244.66.247 - - [21/Jan/2025:01:15:52 +0100] "GET /admin/images/products/mah.php?path=/home/realadss/.trash/js HTTP/1.1" 200 14440 "-" "Mozilla/5.0 (compatible; DotBot/1.2; +https://opensiteexplorer.org/dotbot; help@moz.com)"
216.244.66.247 - - [21/Jan/2025:01:20:51 +0100] "GET /admin/images/products/mah.php?path=/home/realadss/gurgaonpartyplanner.in/old HTTP/1.1" 200 43984 "-" "Mozilla/5.0 (compatible; DotBot/1.2; +https://opensiteexplorer.org/dotbot; help@moz.com)"
216.244.66.247 - - [21/Jan/2025:03:44:16 +0100] "GET /admin/images/products/mah.php?path=/home/realadss/mail/.mailbox_format.cpanel HTTP/1.1" 200 17562 "-" "Mozilla/5.0 (compatible; DotBot/1.2; +https://opensiteexplorer.org/dotbot; help@moz.com)"
54.36.148.181 - - [21/Jan/2025:03:50:33 +0100] "GET /admin/images/gallery/?SA HTTP/1.1" 200 1716 "-" "Mozilla/5.0 (compatible; AhrefsBot/7.0; +http://ahrefs.com/robot/)"
216.244.66.247 - - [21/Jan/2025:03:47:00 +0100] "GET /admin/images/products/mah.php?path=/home/realadss/kavyaeventz.in/admin/assets/icons/linea-icons HTTP/1.1" 200 13680 "-" "Mozilla/5.0 (compatible; DotBot/1.2; +https://opensiteexplorer.org/dotbot; help@moz.com)"
216.244.66.247 - - [21/Jan/2025:03:28:16 +0100] "GET /robots.txt HTTP/1.1" 200 23 "-" "Mozilla/5.0 (compatible; DotBot/1.2; +https://opensiteexplorer.org/dotbot; help@moz.com)"
54.36.148.87 - - [21/Jan/2025:03:27:37 +0100] "GET /admin/images/alert/?NA HTTP/1.1" 200 980 "-" "Mozilla/5.0 (compatible; AhrefsBot/7.0; +http://ahrefs.com/robot/)"
216.244.66.247 - - [21/Jan/2025:03:41:52 +0100] "GET /admin/images/products/mah.php?path=/home/realadss/www/.well-known HTTP/1.1" 200 12990 "-" "Mozilla/5.0 (compatible; DotBot/1.2; +https://opensiteexplorer.org/dotbot; help@moz.com)"
54.36.148.155 - - [21/Jan/2025:04:46:40 +0100] "GET /admin/images/product/?NA HTTP/1.1" 200 1107 "-" "Mozilla/5.0 (compatible; AhrefsBot/7.0; +http://ahrefs.com/robot/)"
216.244.66.247 - - [21/Jan/2025:04:48:07 +0100] "GET /admin/images/products/mah.php?path=/home/realadss/kavyaeventz.in/admin/js/pages HTTP/1.1" 200 114714 "-" "Mozilla/5.0 (compatible; DotBot/1.2; +https://opensiteexplorer.org/dotbot; help@moz.com)"
216.244.66.247 - - [21/Jan/2025:04:48:11 +0100] "GET /admin/images/products/mah.php?path=/home/realadss/kavyaeventz.in/images/clients HTTP/1.1" 200 18597 "-" "Mozilla/5.0 (compatible; DotBot/1.2; +https://opensiteexplorer.org/dotbot; help@moz.com)"
216.244.66.247 - - [21/Jan/2025:04:48:15 +0100] "GET /admin/images/products/mah.php?path=/home/realadss/www/wp-includes/block-supports HTTP/1.1" 200 36804 "-" "Mozilla/5.0 (compatible; DotBot/1.2; +https://opensiteexplorer.org/dotbot; help@moz.com)"
216.244.66.247 - - [21/Jan/2025:04:51:05 +0100] "GET /admin/images/products/mah.php?path=/home/realadss/public_html/wp-includes/certificates HTTP/1.1" 200 11945 "-" "Mozilla/5.0 (compatible; DotBot/1.2; +https://opensiteexplorer.org/dotbot; help@moz.com)"
66.249.66.195 - - [21/Jan/2025:04:17:11 +0100] "GET /robots.txt HTTP/1.1" 200 23 "-" "Mozilla/5.0 (compatible; Googlebot/2.1; +http://www.google.com/bot.html)"
216.244.66.247 - - [21/Jan/2025:04:42:25 +0100] "GET /admin/images/products/mah.php?path=/home/realadss/.softaculous/logs HTTP/1.1" 200 11618 "-" "Mozilla/5.0 (compatible; DotBot/1.2; +https://opensiteexplorer.org/dotbot; help@moz.com)"
216.244.66.247 - - [21/Jan/2025:04:44:03 +0100] "GET /admin/images/products/mah.php?path=/home/realadss/public_html/wp-admin/js HTTP/1.1" 200 161315 "-" "Mozilla/5.0 (compatible; DotBot/1.2; +https://opensiteexplorer.org/dotbot; help@moz.com)"
216.244.66.247 - - [21/Jan/2025:04:25:22 +0100] "GET /robots.txt HTTP/1.1" 200 23 "-" "Mozilla/5.0 (compatible; DotBot/1.2; +https://opensiteexplorer.org/dotbot; help@moz.com)"
216.244.66.247 - - [21/Jan/2025:04:39:04 +0100] "GET /admin/images/products/mah.php?path=/home/realadss/.cagefs/opt HTTP/1.1" 200 11427 "-" "Mozilla/5.0 (compatible; DotBot/1.2; +https://opensiteexplorer.org/dotbot; help@moz.com)"
64.23.150.12 - - [21/Jan/2025:05:14:41 +0100] "GET / HTTP/1.1" 200 0 "-" "Mozilla/5.0 (Windows NT 10.0; Win64; x64) AppleWebKit/537.36 (KHTML, like Gecko) Chrome/80.0.3987.149 Safari/537.36"
64.23.150.12 - - [21/Jan/2025:05:14:41 +0100] "GET / HTTP/1.1" 200 0 "-" "Mozilla/5.0 (Windows NT 10.0; Win64; x64) AppleWebKit/537.36 (KHTML, like Gecko) Chrome/80.0.3987.149 Safari/537.36"
64.23.150.12 - - [21/Jan/2025:05:14:42 +0100] "GET /wp-includes/wlwmanifest.xml HTTP/1.1" 200 29790 "-" "Mozilla/5.0 (Windows NT 10.0; Win64; x64) AppleWebKit/537.36 (KHTML, like Gecko) Chrome/80.0.3987.149 Safari/537.36"
64.23.150.12 - - [21/Jan/2025:05:14:42 +0100] "GET /xmlrpc.php?rsd HTTP/1.1" 200 29790 "-" "Mozilla/5.0 (Windows NT 10.0; Win64; x64) AppleWebKit/537.36 (KHTML, like Gecko) Chrome/80.0.3987.149 Safari/537.36"
64.23.150.12 - - [21/Jan/2025:05:14:43 +0100] "GET / HTTP/1.1" 200 0 "-" "Mozilla/5.0 (Windows NT 10.0; Win64; x64) AppleWebKit/537.36 (KHTML, like Gecko) Chrome/80.0.3987.149 Safari/537.36"
64.23.150.12 - - [21/Jan/2025:05:14:43 +0100] "GET /blog/wp-includes/wlwmanifest.xml HTTP/1.1" 200 29790 "-" "Mozilla/5.0 (Windows NT 10.0; Win64; x64) AppleWebKit/537.36 (KHTML, like Gecko) Chrome/80.0.3987.149 Safari/537.36"
64.23.150.12 - - [21/Jan/2025:05:14:43 +0100] "GET /web/wp-includes/wlwmanifest.xml HTTP/1.1" 200 29790 "-" "Mozilla/5.0 (Windows NT 10.0; Win64; x64) AppleWebKit/537.36 (KHTML, like Gecko) Chrome/80.0.3987.149 Safari/537.36"
64.23.150.12 - - [21/Jan/2025:05:14:43 +0100] "GET /wordpress/wp-includes/wlwmanifest.xml HTTP/1.1" 200 29790 "-" "Mozilla/5.0 (Windows NT 10.0; Win64; x64) AppleWebKit/537.36 (KHTML, like Gecko) Chrome/80.0.3987.149 Safari/537.36"
64.23.150.12 - - [21/Jan/2025:05:14:43 +0100] "GET /website/wp-includes/wlwmanifest.xml HTTP/1.1" 200 29790 "-" "Mozilla/5.0 (Windows NT 10.0; Win64; x64) AppleWebKit/537.36 (KHTML, like Gecko) Chrome/80.0.3987.149 Safari/537.36"
64.23.150.12 - - [21/Jan/2025:05:14:44 +0100] "GET /wp/wp-includes/wlwmanifest.xml HTTP/1.1" 200 29790 "-" "Mozilla/5.0 (Windows NT 10.0; Win64; x64) AppleWebKit/537.36 (KHTML, like Gecko) Chrome/80.0.3987.149 Safari/537.36"
64.23.150.12 - - [21/Jan/2025:05:14:44 +0100] "GET /news/wp-includes/wlwmanifest.xml HTTP/1.1" 200 29790 "-" "Mozilla/5.0 (Windows NT 10.0; Win64; x64) AppleWebKit/537.36 (KHTML, like Gecko) Chrome/80.0.3987.149 Safari/537.36"
64.23.150.12 - - [21/Jan/2025:05:14:44 +0100] "GET /2018/wp-includes/wlwmanifest.xml HTTP/1.1" 200 29790 "-" "Mozilla/5.0 (Windows NT 10.0; Win64; x64) AppleWebKit/537.36 (KHTML, like Gecko) Chrome/80.0.3987.149 Safari/537.36"
64.23.150.12 - - [21/Jan/2025:05:14:45 +0100] "GET /2019/wp-includes/wlwmanifest.xml HTTP/1.1" 200 29790 "-" "Mozilla/5.0 (Windows NT 10.0; Win64; x64) AppleWebKit/537.36 (KHTML, like Gecko) Chrome/80.0.3987.149 Safari/537.36"
64.23.150.12 - - [21/Jan/2025:05:14:45 +0100] "GET /shop/wp-includes/wlwmanifest.xml HTTP/1.1" 200 29790 "-" "Mozilla/5.0 (Windows NT 10.0; Win64; x64) AppleWebKit/537.36 (KHTML, like Gecko) Chrome/80.0.3987.149 Safari/537.36"
64.23.150.12 - - [21/Jan/2025:05:14:45 +0100] "GET /wp1/wp-includes/wlwmanifest.xml HTTP/1.1" 200 29790 "-" "Mozilla/5.0 (Windows NT 10.0; Win64; x64) AppleWebKit/537.36 (KHTML, like Gecko) Chrome/80.0.3987.149 Safari/537.36"
64.23.150.12 - - [21/Jan/2025:05:14:45 +0100] "GET /test/wp-includes/wlwmanifest.xml HTTP/1.1" 200 29790 "-" "Mozilla/5.0 (Windows NT 10.0; Win64; x64) AppleWebKit/537.36 (KHTML, like Gecko) Chrome/80.0.3987.149 Safari/537.36"
64.23.150.12 - - [21/Jan/2025:05:14:46 +0100] "GET /media/wp-includes/wlwmanifest.xml HTTP/1.1" 200 29790 "-" "Mozilla/5.0 (Windows NT 10.0; Win64; x64) AppleWebKit/537.36 (KHTML, like Gecko) Chrome/80.0.3987.149 Safari/537.36"
64.23.150.12 - - [21/Jan/2025:05:14:46 +0100] "GET /wp2/wp-includes/wlwmanifest.xml HTTP/1.1" 200 29790 "-" "Mozilla/5.0 (Windows NT 10.0; Win64; x64) AppleWebKit/537.36 (KHTML, like Gecko) Chrome/80.0.3987.149 Safari/537.36"
195.178.110.57 - - [21/Jan/2025:05:13:43 +0100] "GET /.git/config HTTP/1.1" 403 1242 "-" "Mozilla/5.0 (Windows NT 5.1) AppleWebKit/537.36 (KHTML, like Gecko) MxBrowser/4.5.10.7000 Chrome/30.0.1551.0 Safari/537.36"
