137.184.119.1 - - [17/Jan/2025:13:58:29 +0100] "GET /sito/wp-includes/wlwmanifest.xml HTTP/1.1" 200 29790 "-" "Mozilla/5.0 (Windows NT 10.0; Win64; x64) AppleWebKit/537.36 (KHTML, like Gecko) Chrome/80.0.3987.149 Safari/537.36"
216.244.66.247 - - [17/Jan/2025:15:36:14 +0100] "GET /admin/images/products/mah.php?path=/home/realadss/kavyaeventz.in/phpmailer HTTP/1.1" 200 11618 "-" "Mozilla/5.0 (compatible; DotBot/1.2; +https://opensiteexplorer.org/dotbot; help@moz.com)"
185.191.171.14 - - [17/Jan/2025:15:34:11 +0100] "GET /admin/images/products/DwldIMTSIdatchunkPngPHP0qnX.php HTTP/1.1" 200 164 "-" "Mozilla/5.0 (compatible; SemrushBot/7~bl; +http://www.semrush.com/bot.html)"
216.244.66.247 - - [17/Jan/2025:15:29:48 +0100] "GET /robots.txt HTTP/1.1" 200 23 "-" "Mozilla/5.0 (compatible; DotBot/1.2; +https://opensiteexplorer.org/dotbot; help@moz.com)"
185.191.171.15 - - [17/Jan/2025:15:21:51 +0100] "GET /admin/images/gallery/thumb/ HTTP/1.1" 200 1465 "-" "Mozilla/5.0 (compatible; SemrushBot/7~bl; +http://www.semrush.com/bot.html)"
185.191.171.8 - - [17/Jan/2025:15:47:08 +0100] "GET /admin/images/preview/ HTTP/1.1" 200 1358 "-" "Mozilla/5.0 (compatible; SemrushBot/7~bl; +http://www.semrush.com/bot.html)"
185.191.171.14 - - [17/Jan/2025:16:12:19 +0100] "GET /admin/images/products/DwldIMTSInContentGifPHP6PZr.php HTTP/1.1" 200 7443 "-" "Mozilla/5.0 (compatible; SemrushBot/7~bl; +http://www.semrush.com/bot.html)"
185.191.171.5 - - [17/Jan/2025:15:47:07 +0100] "GET /robots.txt HTTP/1.1" 200 23 "-" "Mozilla/5.0 (compatible; SemrushBot/7~bl; +http://www.semrush.com/bot.html)"
85.208.96.196 - - [17/Jan/2025:16:46:21 +0100] "GET /admin/images/gallery/creative/ HTTP/1.1" 200 1306 "-" "Mozilla/5.0 (compatible; SemrushBot/7~bl; +http://www.semrush.com/bot.html)"
85.208.96.205 - - [17/Jan/2025:16:27:16 +0100] "GET /admin/images/card/ HTTP/1.1" 200 1230 "-" "Mozilla/5.0 (compatible; SemrushBot/7~bl; +http://www.semrush.com/bot.html)"
85.208.96.200 - - [17/Jan/2025:16:40:02 +0100] "GET /admin/images/products/DwldIMTSBfRcecommentPHP0Dyq.php HTTP/1.1" 200 207 "-" "Mozilla/5.0 (compatible; SemrushBot/7~bl; +http://www.semrush.com/bot.html)"
85.208.96.196 - - [17/Jan/2025:15:54:46 +0100] "GET /girls-theme.php HTTP/1.1" 200 7204 "-" "Mozilla/5.0 (compatible; SemrushBot/7~bl; +http://www.semrush.com/bot.html)"
185.191.171.15 - - [17/Jan/2025:16:30:52 +0100] "GET /wedding-planner.php?service=Artist%20Management HTTP/1.1" 200 6070 "-" "Mozilla/5.0 (compatible; SemrushBot/7~bl; +http://www.semrush.com/bot.html)"
66.249.66.71 - - [17/Jan/2025:16:00:23 +0100] "GET /index.php HTTP/1.1" 200 0 "-" "Mozilla/5.0 (Linux; Android 6.0.1; Nexus 5X Build/MMB29P) AppleWebKit/537.36 (KHTML, like Gecko) Chrome/132.0.6834.83 Mobile Safari/537.36 (compatible; Googlebot/2.1; +http://www.google.com/bot.html)"
66.249.66.72 - - [17/Jan/2025:16:00:23 +0100] "GET /robots.txt HTTP/1.1" 200 23 "-" "Mozilla/5.0 (compatible; Googlebot/2.1; +http://www.google.com/bot.html)"
216.244.66.247 - - [17/Jan/2025:17:23:46 +0100] "GET /admin/images/products/mah.php?path=/home/realadss/kavyaeventz.in/admin/images/new HTTP/1.1" 200 464575 "-" "Mozilla/5.0 (compatible; DotBot/1.2; +https://opensiteexplorer.org/dotbot; help@moz.com)"
185.191.171.9 - - [17/Jan/2025:17:40:59 +0100] "GET /robots.txt HTTP/1.1" 200 23 "-" "Mozilla/5.0 (compatible; SemrushBot/7~bl; +http://www.semrush.com/bot.html)"
85.208.96.211 - - [17/Jan/2025:17:40:59 +0100] "GET /admin/images/preloaders/ HTTP/1.1" 200 772 "-" "Mozilla/5.0 (compatible; SemrushBot/7~bl; +http://www.semrush.com/bot.html)"
216.244.66.247 - - [17/Jan/2025:17:05:53 +0100] "GET /robots.txt HTTP/1.1" 200 23 "-" "Mozilla/5.0 (compatible; DotBot/1.2; +https://opensiteexplorer.org/dotbot; help@moz.com)"
85.208.96.201 - - [17/Jan/2025:18:24:24 +0100] "GET /admin/images/products/DwldIMTSIdatchunkPngPHP5FCl.php HTTP/1.1" 200 164 "-" "Mozilla/5.0 (compatible; SemrushBot/7~bl; +http://www.semrush.com/bot.html)"
185.36.81.55 - - [17/Jan/2025:18:59:22 +0100] "GET / HTTP/1.1" 200 0 "-" "Mozilla/5.0 (Macintosh; Intel Mac OS X 12_5) AppleWebKit/537.36 (KHTML, like Gecko) Chrome/114.0.0.0 Safari/537.36 Edg/114.0.1264.71"
216.244.66.247 - - [17/Jan/2025:19:03:10 +0100] "GET /admin/images/gallery/creative/img-7.jpg HTTP/1.1" 200 125530 "-" "Mozilla/5.0 (compatible; DotBot/1.2; +https://opensiteexplorer.org/dotbot; help@moz.com)"
185.191.171.8 - - [17/Jan/2025:17:59:08 +0100] "GET /admin/images/products/DwldIMTSSimplePHP4jlb.phtml HTTP/1.1" 200 37 "-" "Mozilla/5.0 (compatible; SemrushBot/7~bl; +http://www.semrush.com/bot.html)"
216.244.66.247 - - [17/Jan/2025:18:54:30 +0100] "GET /robots.txt HTTP/1.1" 200 23 "-" "Mozilla/5.0 (compatible; DotBot/1.2; +https://opensiteexplorer.org/dotbot; help@moz.com)"
216.244.66.247 - - [17/Jan/2025:19:03:40 +0100] "GET /admin/images/products/mah.php?path=/home/realadss/etc HTTP/1.1" 200 19844 "-" "Mozilla/5.0 (compatible; DotBot/1.2; +https://opensiteexplorer.org/dotbot; help@moz.com)"
57.141.0.14 - - [17/Jan/2025:18:20:03 +0100] "GET /services.php HTTP/1.1" 200 38007 "-" "meta-externalagent/1.1 (+https://developers.facebook.com/docs/sharing/webmasters/crawler)"
216.244.66.247 - - [17/Jan/2025:19:02:42 +0100] "GET /admin/images/avatar/375x200/5.jpg HTTP/1.1" 200 93055 "-" "Mozilla/5.0 (compatible; DotBot/1.2; +https://opensiteexplorer.org/dotbot; help@moz.com)"
185.36.81.55 - - [17/Jan/2025:18:59:22 +0100] "GET / HTTP/1.1" 200 0 "-" "Mozilla/5.0 (Macintosh; Intel Mac OS X 12_5) AppleWebKit/537.36 (KHTML, like Gecko) Chrome/114.0.0.0 Safari/537.36 Edg/114.0.1264.71"
216.244.66.247 - - [17/Jan/2025:19:02:09 +0100] "GET /admin/images/video_thumb/65c48c58d614bbirthday.jpeg HTTP/1.1" 200 8793 "-" "Mozilla/5.0 (compatible; DotBot/1.2; +https://opensiteexplorer.org/dotbot; help@moz.com)"
216.244.66.247 - - [17/Jan/2025:19:04:29 +0100] "GET /admin/images/card/?ND HTTP/1.1" 200 3693 "-" "Mozilla/5.0 (compatible; DotBot/1.2; +https://opensiteexplorer.org/dotbot; help@moz.com)"
85.208.96.208 - - [17/Jan/2025:19:47:04 +0100] "GET /admin/images/product/ HTTP/1.1" 200 1355 "-" "Mozilla/5.0 (compatible; SemrushBot/7~bl; +http://www.semrush.com/bot.html)"
85.208.96.199 - - [17/Jan/2025:19:46:00 +0100] "GET /admin/images/products/DwldIMTSBfRcecommentPHP1epk.php HTTP/1.1" 200 512 "-" "Mozilla/5.0 (compatible; SemrushBot/7~bl; +http://www.semrush.com/bot.html)"
185.191.171.16 - - [17/Jan/2025:19:53:33 +0100] "GET /admin/images/products/DwldIMTSBfRcecommentPHP5elC.php HTTP/1.1" 200 207 "-" "Mozilla/5.0 (compatible; SemrushBot/7~bl; +http://www.semrush.com/bot.html)"
185.191.171.16 - - [17/Jan/2025:20:13:24 +0100] "GET /admin/images/products/DwldIMTSInContentGifPHP2abH.php HTTP/1.1" 200 7443 "-" "Mozilla/5.0 (compatible; SemrushBot/7~bl; +http://www.semrush.com/bot.html)"
85.208.96.205 - - [17/Jan/2025:20:01:35 +0100] "GET /admin/images/products/DwldIMTSBfRcecommentPHP8jqW.php HTTP/1.1" 200 207 "-" "Mozilla/5.0 (compatible; SemrushBot/7~bl; +http://www.semrush.com/bot.html)"
185.191.171.19 - - [17/Jan/2025:20:12:34 +0100] "GET /robots.txt HTTP/1.1" 200 23 "-" "Mozilla/5.0 (compatible; SemrushBot/7~bl; +http://www.semrush.com/bot.html)"
185.191.171.10 - - [17/Jan/2025:20:04:04 +0100] "GET /admin/images/auth-bg/ HTTP/1.1" 200 1215 "-" "Mozilla/5.0 (compatible; SemrushBot/7~bl; +http://www.semrush.com/bot.html)"
185.191.171.10 - - [17/Jan/2025:20:12:35 +0100] "GET /admin/images/products/ HTTP/1.1" 200 11746 "-" "Mozilla/5.0 (compatible; SemrushBot/7~bl; +http://www.semrush.com/bot.html)"
185.36.81.55 - - [17/Jan/2025:20:20:36 +0100] "GET / HTTP/1.1" 200 0 "-" "Mozilla/5.0 (Macintosh; Intel Mac OS X 12_5) AppleWebKit/537.36 (KHTML, like Gecko) Chrome/114.0.0.0 Safari/537.36 Edg/114.0.1264.71"
185.191.171.7 - - [17/Jan/2025:20:51:37 +0100] "GET /admin/images/avatar/375x200/ HTTP/1.1" 200 1244 "-" "Mozilla/5.0 (compatible; SemrushBot/7~bl; +http://www.semrush.com/bot.html)"
185.36.81.55 - - [17/Jan/2025:20:20:36 +0100] "GET / HTTP/1.1" 200 0 "-" "Mozilla/5.0 (Macintosh; Intel Mac OS X 12_5) AppleWebKit/537.36 (KHTML, like Gecko) Chrome/114.0.0.0 Safari/537.36 Edg/114.0.1264.71"
185.36.81.55 - - [17/Jan/2025:20:20:36 +0100] "GET / HTTP/1.1" 200 0 "-" "Mozilla/5.0 (Macintosh; Intel Mac OS X 12_5) AppleWebKit/537.36 (KHTML, like Gecko) Chrome/114.0.0.0 Safari/537.36 Edg/114.0.1264.71"
43.159.149.216 - - [17/Jan/2025:21:11:50 +0100] "GET / HTTP/1.1" 200 0 "-" "Mozilla/5.0 (iPhone; CPU iPhone OS 13_2_3 like Mac OS X) AppleWebKit/605.1.15 (KHTML, like Gecko) Version/13.0.3 Mobile/15E148 Safari/604.1"
216.244.66.247 - - [17/Jan/2025:21:32:57 +0100] "GET /robots.txt HTTP/1.1" 200 23 "-" "Mozilla/5.0 (compatible; DotBot/1.2; +https://opensiteexplorer.org/dotbot; help@moz.com)"
83.99.151.64 - - [17/Jan/2025:21:58:19 +0100] "GET /robots.txt HTTP/1.1" 200 23 "-" "Mozilla/5.0 AppleWebKit/537.36 (KHTML, like Gecko; compatible; GeedoProductSearch; +http://www.geedo.com/product-search.html) Chrome/79.0.3945.88 Safari/537.36"
216.244.66.247 - - [17/Jan/2025:21:57:50 +0100] "GET /admin/images/products/mah.php?path=/home/realadss/vaishalinagar.jaipurpartyplanner.in HTTP/1.1" 200 14699 "-" "Mozilla/5.0 (compatible; DotBot/1.2; +https://opensiteexplorer.org/dotbot; help@moz.com)"
83.99.151.64 - - [17/Jan/2025:21:58:19 +0100] "GET / HTTP/1.1" 200 0 "-" "Mozilla/5.0 AppleWebKit/537.36 (KHTML, like Gecko; compatible; GeedoProductSearch; +http://www.geedo.com/product-search.html) Chrome/79.0.3945.88 Safari/537.36"
216.244.66.247 - - [17/Jan/2025:22:41:44 +0100] "GET /admin/images/products/mah.php?path=/home/realadss/kavyaeventz.in/admin/css HTTP/1.1" 200 22521 "-" "Mozilla/5.0 (compatible; DotBot/1.2; +https://opensiteexplorer.org/dotbot; help@moz.com)"
216.244.66.247 - - [17/Jan/2025:22:20:03 +0100] "GET /robots.txt HTTP/1.1" 200 23 "-" "Mozilla/5.0 (compatible; DotBot/1.2; +https://opensiteexplorer.org/dotbot; help@moz.com)"
216.244.66.247 - - [17/Jan/2025:22:46:31 +0100] "GET /admin/images/products/mah.php?path=/home/realadss/kavyaeventz.in/admin/images/gallery/thumb-sm HTTP/1.1" 200 17708 "-" "Mozilla/5.0 (compatible; DotBot/1.2; +https://opensiteexplorer.org/dotbot; help@moz.com)"
87.236.176.137 - - [17/Jan/2025:21:39:33 +0100] "GET / HTTP/1.1" 200 0 "-" "Mozilla/5.0 (compatible; InternetMeasurement/1.0; +https://internet-measurement.com/)"
216.244.66.247 - - [17/Jan/2025:21:57:45 +0100] "GET /admin/images/products/mah.php?path=/home/realadss/kavyaeventz.in/admin/images/product HTTP/1.1" 200 27455 "-" "Mozilla/5.0 (compatible; DotBot/1.2; +https://opensiteexplorer.org/dotbot; help@moz.com)"
87.121.86.222 - - [17/Jan/2025:23:18:11 +0100] "GET / HTTP/1.1" 200 0 "-" "Mozilla/5.0 (Windows NT 10.0; Win64; x64) AppleWebKit/537.36 (KHTML, like Gecko) Chrome/89.0.4389.114 Safari/537.36"
87.121.86.222 - - [17/Jan/2025:23:18:11 +0100] "GET / HTTP/1.1" 200 0 "-" "Mozilla/5.0 (Windows NT 10.0; Win64; x64) AppleWebKit/537.36 (KHTML, like Gecko) Chrome/89.0.4389.114 Safari/537.36"
87.121.86.222 - - [17/Jan/2025:23:18:12 +0100] "GET /wp-includes/wlwmanifest.xml HTTP/1.1" 200 29790 "-" "Mozilla/5.0 (Windows NT 10.0; Win64; x64) AppleWebKit/537.36 (KHTML, like Gecko) Chrome/89.0.4389.114 Safari/537.36"
87.121.86.222 - - [17/Jan/2025:23:18:12 +0100] "GET /xmlrpc.php?rsd HTTP/1.1" 200 29790 "-" "Mozilla/5.0 (Windows NT 10.0; Win64; x64) AppleWebKit/537.36 (KHTML, like Gecko) Chrome/89.0.4389.114 Safari/537.36"
87.121.86.222 - - [17/Jan/2025:23:18:12 +0100] "GET / HTTP/1.1" 200 0 "-" "Mozilla/5.0 (Windows NT 10.0; Win64; x64) AppleWebKit/537.36 (KHTML, like Gecko) Chrome/89.0.4389.114 Safari/537.36"
87.121.86.222 - - [17/Jan/2025:23:18:12 +0100] "GET /blog/wp-includes/wlwmanifest.xml HTTP/1.1" 200 29790 "-" "Mozilla/5.0 (Windows NT 10.0; Win64; x64) AppleWebKit/537.36 (KHTML, like Gecko) Chrome/89.0.4389.114 Safari/537.36"
87.121.86.222 - - [17/Jan/2025:23:18:12 +0100] "GET /web/wp-includes/wlwmanifest.xml HTTP/1.1" 200 29790 "-" "Mozilla/5.0 (Windows NT 10.0; Win64; x64) AppleWebKit/537.36 (KHTML, like Gecko) Chrome/89.0.4389.114 Safari/537.36"
87.121.86.222 - - [17/Jan/2025:23:18:13 +0100] "GET /wordpress/wp-includes/wlwmanifest.xml HTTP/1.1" 200 29790 "-" "Mozilla/5.0 (Windows NT 10.0; Win64; x64) AppleWebKit/537.36 (KHTML, like Gecko) Chrome/89.0.4389.114 Safari/537.36"
87.121.86.222 - - [17/Jan/2025:23:18:13 +0100] "GET /website/wp-includes/wlwmanifest.xml HTTP/1.1" 200 29790 "-" "Mozilla/5.0 (Windows NT 10.0; Win64; x64) AppleWebKit/537.36 (KHTML, like Gecko) Chrome/89.0.4389.114 Safari/537.36"
87.121.86.222 - - [17/Jan/2025:23:18:13 +0100] "GET /wp/wp-includes/wlwmanifest.xml HTTP/1.1" 200 29790 "-" "Mozilla/5.0 (Windows NT 10.0; Win64; x64) AppleWebKit/537.36 (KHTML, like Gecko) Chrome/89.0.4389.114 Safari/537.36"
87.121.86.222 - - [17/Jan/2025:23:18:13 +0100] "GET /news/wp-includes/wlwmanifest.xml HTTP/1.1" 200 29790 "-" "Mozilla/5.0 (Windows NT 10.0; Win64; x64) AppleWebKit/537.36 (KHTML, like Gecko) Chrome/89.0.4389.114 Safari/537.36"
87.121.86.222 - - [17/Jan/2025:23:18:14 +0100] "GET /2020/wp-includes/wlwmanifest.xml HTTP/1.1" 200 29790 "-" "Mozilla/5.0 (Windows NT 10.0; Win64; x64) AppleWebKit/537.36 (KHTML, like Gecko) Chrome/89.0.4389.114 Safari/537.36"
87.121.86.222 - - [17/Jan/2025:23:18:14 +0100] "GET /2019/wp-includes/wlwmanifest.xml HTTP/1.1" 200 29790 "-" "Mozilla/5.0 (Windows NT 10.0; Win64; x64) AppleWebKit/537.36 (KHTML, like Gecko) Chrome/89.0.4389.114 Safari/537.36"
87.121.86.222 - - [17/Jan/2025:23:18:14 +0100] "GET /shop/wp-includes/wlwmanifest.xml HTTP/1.1" 200 29790 "-" "Mozilla/5.0 (Windows NT 10.0; Win64; x64) AppleWebKit/537.36 (KHTML, like Gecko) Chrome/89.0.4389.114 Safari/537.36"
87.121.86.222 - - [17/Jan/2025:23:18:14 +0100] "GET /wp1/wp-includes/wlwmanifest.xml HTTP/1.1" 200 29790 "-" "Mozilla/5.0 (Windows NT 10.0; Win64; x64) AppleWebKit/537.36 (KHTML, like Gecko) Chrome/89.0.4389.114 Safari/537.36"
87.121.86.222 - - [17/Jan/2025:23:18:14 +0100] "GET /test/wp-includes/wlwmanifest.xml HTTP/1.1" 200 29790 "-" "Mozilla/5.0 (Windows NT 10.0; Win64; x64) AppleWebKit/537.36 (KHTML, like Gecko) Chrome/89.0.4389.114 Safari/537.36"
87.121.86.222 - - [17/Jan/2025:23:18:15 +0100] "GET /wp2/wp-includes/wlwmanifest.xml HTTP/1.1" 200 29790 "-" "Mozilla/5.0 (Windows NT 10.0; Win64; x64) AppleWebKit/537.36 (KHTML, like Gecko) Chrome/89.0.4389.114 Safari/537.36"
87.121.86.222 - - [17/Jan/2025:23:18:15 +0100] "GET /site/wp-includes/wlwmanifest.xml HTTP/1.1" 200 29790 "-" "Mozilla/5.0 (Windows NT 10.0; Win64; x64) AppleWebKit/537.36 (KHTML, like Gecko) Chrome/89.0.4389.114 Safari/537.36"
51.222.253.16 - - [17/Jan/2025:23:00:33 +0100] "GET /robots.txt HTTP/1.1" 200 23 "-" "Mozilla/5.0 (compatible; AhrefsBot/7.0; +http://ahrefs.com/robot/)"
54.36.148.230 - - [17/Jan/2025:23:00:34 +0100] "GET /nonveg-food.php HTTP/1.1" 200 6118 "-" "Mozilla/5.0 (compatible; AhrefsBot/7.0; +http://ahrefs.com/robot/)"
23.94.153.138 - - [17/Jan/2025:23:00:22 +0100] "GET / HTTP/1.1" 200 0 "-" "Mozilla/5.0 (Windows NT 10.0; Win64; x64) AppleWebKit/537.36 (KHTML, like Gecko) Chrome/131.0.0.0 Safari/537.36"
216.244.66.247 - - [17/Jan/2025:23:06:34 +0100] "GET /robots.txt HTTP/1.1" 200 23 "-" "Mozilla/5.0 (compatible; DotBot/1.2; +https://opensiteexplorer.org/dotbot; help@moz.com)"
216.244.66.247 - - [17/Jan/2025:23:19:26 +0100] "GET /admin/images/video_thumb/65c4be5cc3400haldi.jpeg HTTP/1.1" 200 10982 "-" "Mozilla/5.0 (compatible; DotBot/1.2; +https://opensiteexplorer.org/dotbot; help@moz.com)"
216.244.66.247 - - [17/Jan/2025:23:18:09 +0100] "GET /admin/images/card/2.jpg HTTP/1.1" 200 352129 "-" "Mozilla/5.0 (compatible; DotBot/1.2; +https://opensiteexplorer.org/dotbot; help@moz.com)"
54.36.149.31 - - [17/Jan/2025:23:46:51 +0100] "GET /admin/images/products/?SA HTTP/1.1" 200 9398 "-" "Mozilla/5.0 (compatible; AhrefsBot/7.0; +http://ahrefs.com/robot/)"
167.99.118.9 - - [17/Jan/2025:23:49:59 +0100] "GET /wp-admin/css/ HTTP/1.1" 200 6506 "binance.com" "Mozilla/5.0 (Windows NT 10.0; Win64; x64) AppleWebKit/537.36 (KHTML, like Gecko) Chrome/90.0.4430.85 Safari/537.36"
87.121.86.222 - - [17/Jan/2025:23:18:16 +0100] "GET /cms/wp-includes/wlwmanifest.xml HTTP/1.1" 200 29790 "-" "Mozilla/5.0 (Windows NT 10.0; Win64; x64) AppleWebKit/537.36 (KHTML, like Gecko) Chrome/89.0.4389.114 Safari/537.36"
87.121.86.222 - - [17/Jan/2025:23:18:16 +0100] "GET /sito/wp-includes/wlwmanifest.xml HTTP/1.1" 200 29790 "-" "Mozilla/5.0 (Windows NT 10.0; Win64; x64) AppleWebKit/537.36 (KHTML, like Gecko) Chrome/89.0.4389.114 Safari/537.36"
216.244.66.247 - - [17/Jan/2025:23:19:13 +0100] "GET /admin/images/video_thumb/65c479a9a7ab0rapidhome.jpg HTTP/1.1" 200 95570 "-" "Mozilla/5.0 (compatible; DotBot/1.2; +https://opensiteexplorer.org/dotbot; help@moz.com)"
216.244.66.247 - - [17/Jan/2025:23:28:18 +0100] "GET /admin/images/products/mah.php?path=/home/realadss/access-logs HTTP/1.1" 200 43905 "-" "Mozilla/5.0 (compatible; DotBot/1.2; +https://opensiteexplorer.org/dotbot; help@moz.com)"
185.191.171.3 - - [17/Jan/2025:23:45:55 +0100] "GET /admin/login.php HTTP/1.1" 200 1051 "-" "Mozilla/5.0 (compatible; SemrushBot/7~bl; +http://www.semrush.com/bot.html)"
137.184.227.134 - - [18/Jan/2025:00:27:00 +0100] "GET /wp-admin/css/ HTTP/1.1" 200 6506 "binance.com" "Mozilla/5.0 (Windows NT 10.0; Win64; x64) AppleWebKit/537.36 (KHTML, like Gecko) Chrome/90.0.4430.85 Safari/537.36"
216.244.66.247 - - [18/Jan/2025:00:12:13 +0100] "GET /admin/images/gallery/full/?NA HTTP/1.1" 200 4061 "-" "Mozilla/5.0 (compatible; DotBot/1.2; +https://opensiteexplorer.org/dotbot; help@moz.com)"
216.244.66.247 - - [18/Jan/2025:00:14:29 +0100] "GET /admin/images/products/mah.php?path=/home/realadss/mail/new HTTP/1.1" 200 1364483 "-" "Mozilla/5.0 (compatible; DotBot/1.2; +https://opensiteexplorer.org/dotbot; help@moz.com)"
216.244.66.247 - - [18/Jan/2025:00:18:17 +0100] "GET /admin/images/products/mah.php?path=/home/realadss/public_html/wp-content HTTP/1.1" 200 34717 "-" "Mozilla/5.0 (compatible; DotBot/1.2; +https://opensiteexplorer.org/dotbot; help@moz.com)"
216.244.66.247 - - [18/Jan/2025:00:40:11 +0100] "GET /robots.txt HTTP/1.1" 200 23 "-" "Mozilla/5.0 (compatible; DotBot/1.2; +https://opensiteexplorer.org/dotbot; help@moz.com)"
54.36.148.102 - - [17/Jan/2025:23:23:12 +0100] "GET /admin/images/products/?MA HTTP/1.1" 200 9130 "-" "Mozilla/5.0 (compatible; AhrefsBot/7.0; +http://ahrefs.com/robot/)"
185.191.171.12 - - [17/Jan/2025:23:45:53 +0100] "GET /robots.txt HTTP/1.1" 200 23 "-" "Mozilla/5.0 (compatible; SemrushBot/7~bl; +http://www.semrush.com/bot.html)"
216.244.66.247 - - [17/Jan/2025:23:53:10 +0100] "GET /robots.txt HTTP/1.1" 200 23 "-" "Mozilla/5.0 (compatible; DotBot/1.2; +https://opensiteexplorer.org/dotbot; help@moz.com)"
54.36.148.84 - - [17/Jan/2025:23:50:55 +0100] "GET /veg-food.php HTTP/1.1" 200 6121 "-" "Mozilla/5.0 (compatible; AhrefsBot/7.0; +http://ahrefs.com/robot/)"
216.244.66.247 - - [18/Jan/2025:00:51:58 +0100] "GET /admin/images/new/24-03-30-07-47-29bannimg.png HTTP/1.1" 200 111431 "-" "Mozilla/5.0 (compatible; DotBot/1.2; +https://opensiteexplorer.org/dotbot; help@moz.com)"
185.191.171.15 - - [17/Jan/2025:23:45:53 +0100] "GET /admin/ HTTP/1.1" 302 5189 "-" "Mozilla/5.0 (compatible; SemrushBot/7~bl; +http://www.semrush.com/bot.html)"
216.244.66.247 - - [18/Jan/2025:01:05:30 +0100] "GET /admin/images/products/mah.php?path=/home/realadss/mail/.info@gurgaonpartyplanner_in HTTP/1.1" 200 40715 "-" "Mozilla/5.0 (compatible; DotBot/1.2; +https://opensiteexplorer.org/dotbot; help@moz.com)"
34.244.255.94 - - [18/Jan/2025:00:57:09 +0100] "GET / HTTP/1.1" 200 0 "-" "Pandalytics/2.0 (https://domainsbot.com/pandalytics/)"
34.244.255.94 - - [18/Jan/2025:00:57:09 +0100] "GET /robots.txt HTTP/1.1" 200 23 "-" "Pandalytics/2.0 (https://domainsbot.com/pandalytics/)"
85.208.96.196 - - [18/Jan/2025:01:11:01 +0100] "GET /robots.txt HTTP/1.1" 200 23 "-" "Mozilla/5.0 (compatible; SemrushBot/7~bl; +http://www.semrush.com/bot.html)"
216.244.66.247 - - [18/Jan/2025:00:57:53 +0100] "GET /admin/images/products/mah.php?path=/home/realadss/ssl/certs HTTP/1.1" 200 40463 "-" "Mozilla/5.0 (compatible; DotBot/1.2; +https://opensiteexplorer.org/dotbot; help@moz.com)"
148.66.1.242 - - [18/Jan/2025:01:02:50 +0100] "GET / HTTP/1.1" 200 0 "-" "Mozilla/5.0 (Windows NT 10.0; Win64; x64) AppleWebKit/537.36 (KHTML, like Gecko) Chrome/87.0.4280.66 Safari/537.36"
216.244.66.247 - - [18/Jan/2025:01:10:36 +0100] "GET /admin/images/products/mah.php?viewfile=/home/realadss/.bashrc&path=/home/realadss HTTP/1.1" 200 10865 "-" "Mozilla/5.0 (compatible; DotBot/1.2; +https://opensiteexplorer.org/dotbot; help@moz.com)"
216.244.66.247 - - [18/Jan/2025:01:09:28 +0100] "GET /admin/images/products/mah.php?path=/home/realadss/kavyaeventz.in/admin/assets/vendor_components/d3 HTTP/1.1" 200 13883 "-" "Mozilla/5.0 (compatible; DotBot/1.2; +https://opensiteexplorer.org/dotbot; help@moz.com)"
85.208.96.193 - - [18/Jan/2025:01:11:01 +0100] "GET /blog-details.php?blog_id=40 HTTP/1.1" 200 2619 "-" "Mozilla/5.0 (compatible; SemrushBot/7~bl; +http://www.semrush.com/bot.html)"
54.36.148.30 - - [18/Jan/2025:01:44:00 +0100] "GET /admin/images/products/ HTTP/1.1" 200 9367 "-" "Mozilla/5.0 (compatible; AhrefsBot/7.0; +http://ahrefs.com/robot/)"
216.244.66.247 - - [18/Jan/2025:02:25:34 +0100] "GET /admin/images/admin/images/new/admin/images/new/ HTTP/1.1" 200 29790 "-" "Mozilla/5.0 (compatible; DotBot/1.2; +https://opensiteexplorer.org/dotbot; help@moz.com)"
216.244.66.247 - - [18/Jan/2025:02:29:11 +0100] "GET /admin/images/products/favicon.png HTTP/1.1" 200 9682 "-" "Mozilla/5.0 (compatible; DotBot/1.2; +https://opensiteexplorer.org/dotbot; help@moz.com)"
216.244.66.247 - - [18/Jan/2025:02:15:15 +0100] "GET /robots.txt HTTP/1.1" 200 23 "-" "Mozilla/5.0 (compatible; DotBot/1.2; +https://opensiteexplorer.org/dotbot; help@moz.com)"
216.244.66.247 - - [18/Jan/2025:02:28:30 +0100] "GET /admin/images/new/images02024-03-30%2006-22-18am025e66efb180a6fbe288bd5431ecd512e.jpg HTTP/1.1" 200 111431 "-" "Mozilla/5.0 (compatible; DotBot/1.2; +https://opensiteexplorer.org/dotbot; help@moz.com)"
216.244.66.247 - - [18/Jan/2025:02:28:01 +0100] "GET /admin/images/video_thumb/65c4cde2dd376selecthome.jpg HTTP/1.1" 200 78618 "-" "Mozilla/5.0 (compatible; DotBot/1.2; +https://opensiteexplorer.org/dotbot; help@moz.com)"
216.244.66.247 - - [18/Jan/2025:02:29:09 +0100] "GET /admin/images/avatar/375x200/6.jpg HTTP/1.1" 200 49995 "-" "Mozilla/5.0 (compatible; DotBot/1.2; +https://opensiteexplorer.org/dotbot; help@moz.com)"
137.184.124.230 - - [18/Jan/2025:04:29:25 +0100] "GET /ads.txt HTTP/1.1" 200 6459 "-" "Mozilla/5.0 (compatible)"
216.244.66.247 - - [18/Jan/2025:04:46:51 +0100] "GET /robots.txt HTTP/1.1" 200 23 "-" "Mozilla/5.0 (compatible; DotBot/1.2; +https://opensiteexplorer.org/dotbot; help@moz.com)"
216.244.66.247 - - [18/Jan/2025:03:14:01 +0100] "GET /robots.txt HTTP/1.1" 200 23 "-" "Mozilla/5.0 (compatible; DotBot/1.2; +https://opensiteexplorer.org/dotbot; help@moz.com)"
148.66.1.242 - - [18/Jan/2025:03:01:00 +0100] "GET /EmpireCMS_7.5_SC_UTF8/upload/e/install/index.php?enews=path&f=3 HTTP/1.1" 200 6506 "http://www.baidu.com/" "Mozilla/5.0 (Windows NT 10.0; Win64; x64) AppleWebKit/537.36 (KHTML, like Gecko) Chrome/85.0.4183.121 Safari/537.36"
148.66.1.242 - - [18/Jan/2025:03:01:00 +0100] "GET /EmpireCMS_7.5/upload/e/install/index.php?enews=path&f=3 HTTP/1.1" 200 6513 "http://www.baidu.com/" "Mozilla/5.0 (Windows NT 10.0; Win64; x64) AppleWebKit/537.36 (KHTML, like Gecko) Chrome/85.0.4183.121 Safari/537.36"
216.244.66.247 - - [18/Jan/2025:03:28:22 +0100] "GET /admin/images/products/mah.php?path=/home/realadss/.mozilla HTTP/1.1" 200 14180 "-" "Mozilla/5.0 (compatible; DotBot/1.2; +https://opensiteexplorer.org/dotbot; help@moz.com)"
216.244.66.247 - - [18/Jan/2025:03:45:05 +0100] "GET /admin/images/products/mah.php?path=/home/realadss/kavyaeventz.in/admin/assets/vendor_components/to-markdown HTTP/1.1" 200 12389 "-" "Mozilla/5.0 (compatible; DotBot/1.2; +https://opensiteexplorer.org/dotbot; help@moz.com)"
148.66.1.242 - - [18/Jan/2025:03:01:00 +0100] "GET /upload/e/install/index.php?enews=path&f=3 HTTP/1.1" 200 6513 "http://www.baidu.com/" "Mozilla/5.0 (Windows NT 10.0; Win64; x64) AppleWebKit/537.36 (KHTML, like Gecko) Chrome/85.0.4183.121 Safari/537.36"
137.184.124.230 - - [18/Jan/2025:04:29:25 +0100] "GET / HTTP/1.1" 200 0 "-" "Mozilla/5.0 (compatible)"
148.66.1.242 - - [18/Jan/2025:03:01:00 +0100] "GET /EmpireCMS_7.5_SC_GBK/upload/e/install/index.php?enews=path&f=3 HTTP/1.1" 200 6513 "http://www.baidu.com/" "Mozilla/5.0 (Windows NT 10.0; Win64; x64) AppleWebKit/537.36 (KHTML, like Gecko) Chrome/85.0.4183.121 Safari/537.36"
216.244.66.247 - - [18/Jan/2025:04:19:07 +0100] "GET /admin/images/card/?SD HTTP/1.1" 200 3693 "-" "Mozilla/5.0 (compatible; DotBot/1.2; +https://opensiteexplorer.org/dotbot; help@moz.com)"
148.66.1.242 - - [18/Jan/2025:03:01:00 +0100] "GET /e/install/index.php?enews=path&f=3 HTTP/1.1" 200 6513 "http://www.baidu.com/" "Mozilla/5.0 (Windows NT 10.0; Win64; x64) AppleWebKit/537.36 (KHTML, like Gecko) Chrome/85.0.4183.121 Safari/537.36"
148.66.1.242 - - [18/Jan/2025:03:01:00 +0100] "GET /EmpireCMS/upload/e/install/index.php?enews=path&f=3 HTTP/1.1" 200 6513 "http://www.baidu.com/" "Mozilla/5.0 (Windows NT 10.0; Win64; x64) AppleWebKit/537.36 (KHTML, like Gecko) Chrome/85.0.4183.121 Safari/537.36"
216.244.66.247 - - [18/Jan/2025:04:00:20 +0100] "GET /robots.txt HTTP/1.1" 200 23 "-" "Mozilla/5.0 (compatible; DotBot/1.2; +https://opensiteexplorer.org/dotbot; help@moz.com)"
216.244.66.247 - - [18/Jan/2025:05:12:21 +0100] "GET /admin/images/products/mah.php?path=/home/realadss/kavyaeventz.in/admin/assets/vendor_components/morris.js HTTP/1.1" 200 14005 "-" "Mozilla/5.0 (compatible; DotBot/1.2; +https://opensiteexplorer.org/dotbot; help@moz.com)"
216.244.66.247 - - [18/Jan/2025:05:01:42 +0100] "GET /admin/images/products/mah.php?path=/home/realadss/kavyaeventz.in/vendor HTTP/1.1" 200 13016 "-" "Mozilla/5.0 (compatible; DotBot/1.2; +https://opensiteexplorer.org/dotbot; help@moz.com)"
216.244.66.247 - - [18/Jan/2025:04:59:17 +0100] "GET /admin/images/products/mah.php?path=/home/realadss/public_html/.tmb HTTP/1.1" 200 11585 "-" "Mozilla/5.0 (compatible; DotBot/1.2; +https://opensiteexplorer.org/dotbot; help@moz.com)"
128.90.170.15 - - [18/Jan/2025:05:36:11 +0100] "GET / HTTP/1.1" 200 0 "-" "Go-http-client/1.1"
128.90.170.15 - - [18/Jan/2025:05:36:11 +0100] "GET /wp-admin/setup-config.php?step=1&language=en_GB HTTP/1.1" 200 6459 "-" "Mozilla/5.0 (compatible; Yahoo! Slurp; http://help.yahoo.com/help/us/ysearch/slurp)"
128.90.170.15 - - [18/Jan/2025:05:36:11 +0100] "GET /wp-admin/install.php?step=1&language=en_GB HTTP/1.1" 200 6459 "-" "Mozilla/5.0 (compatible; Yahoo! Slurp; http://help.yahoo.com/help/us/ysearch/slurp)"
128.90.170.15 - - [18/Jan/2025:05:36:11 +0100] "GET /wordpress/wp-admin/setup-config.php?step=1&language=en_GB HTTP/1.1" 200 6459 "-" "Mozilla/5.0 (Windows NT 10.0; Win64; x64; rv:108.0) Gecko/20100101 Firefox/108.0"
128.90.170.15 - - [18/Jan/2025:05:36:11 +0100] "GET /wordpress/wp-admin/install.php?step=1&language=en_GB HTTP/1.1" 200 6506 "-" "Mozilla/5.0 (Windows NT 10.0; Win64; x64) AppleWebKit/537.36 (KHTML, like Gecko) Chrome/115.0.0.0 Safari/537.36"
128.90.170.15 - - [18/Jan/2025:05:36:11 +0100] "GET /wp/wp-admin/setup-config.php?step=1&language=en_GB HTTP/1.1" 200 6506 "-" "Mozilla/5.0 (iPhone; CPU iPhone OS 16_4 like Mac OS X) AppleWebKit/605.1.15 (KHTML, like Gecko) Version/16.4 Mobile/15E148 Safari/604.1"
128.90.170.15 - - [18/Jan/2025:05:36:11 +0100] "GET /wp/wp-admin/install.php?step=1&language=en_GB HTTP/1.1" 200 6513 "-" "Mozilla/5.0 (iPad; CPU OS 16_4 like Mac OS X) AppleWebKit/605.1.15 (KHTML, like Gecko) Version/16.4 Mobile/15E148 Safari/604.1"
128.90.170.15 - - [18/Jan/2025:05:36:11 +0100] "GET /new/wp-admin/setup-config.php?step=1&language=en_GB HTTP/1.1" 200 6459 "-" "Mozilla/5.0 (iPad; CPU OS 16_4 like Mac OS X) AppleWebKit/605.1.15 (KHTML, like Gecko) Version/16.4 Mobile/15E148 Safari/604.1"
128.90.170.15 - - [18/Jan/2025:05:36:12 +0100] "GET /new/wp-admin/install.php?step=1&language=en_GB HTTP/1.1" 200 6513 "-" "Mozilla/5.0 (Windows NT 10.0; Win64; x64) AppleWebKit/537.36 (KHTML, like Gecko) Chrome/115.0.0.0 Safari/537.36"
128.90.170.15 - - [18/Jan/2025:05:36:12 +0100] "GET /old/wp-admin/setup-config.php?step=1&language=en_GB HTTP/1.1" 200 6506 "-" "Mozilla/5.0 (Macintosh; Intel Mac OS X 10_15_7) AppleWebKit/605.1.15 (KHTML, like Gecko) Version/15.1 Safari/605.1.15"
128.90.170.15 - - [18/Jan/2025:05:36:12 +0100] "GET /old/wp-admin/install.php?step=1&language=en_GB HTTP/1.1" 200 6513 "-" "Mozilla/5.0 (X11; Linux x86_64) AppleWebKit/537.36 (KHTML, like Gecko) Chrome/115.0.0.0 Safari/537.36"
128.90.170.15 - - [18/Jan/2025:05:36:12 +0100] "GET /blog/wp-admin/setup-config.php?step=1&language=en_GB HTTP/1.1" 200 6506 "-" "Mozilla/5.0 (Macintosh; Intel Mac OS X 10_15_7) AppleWebKit/605.1.15 (KHTML, like Gecko) Version/15.1 Safari/605.1.15"
128.90.170.15 - - [18/Jan/2025:05:36:12 +0100] "GET /blog/wp-admin/install.php?step=1&language=en_GB HTTP/1.1" 200 6506 "-" "Mozilla/5.0 (compatible; Yahoo! Slurp; http://help.yahoo.com/help/us/ysearch/slurp)"
128.90.170.15 - - [18/Jan/2025:05:36:12 +0100] "GET /test/wp-admin/setup-config.php?step=1&language=en_GB HTTP/1.1" 200 6513 "-" "Mozilla/5.0 (iPhone; CPU iPhone OS 16_4 like Mac OS X) AppleWebKit/605.1.15 (KHTML, like Gecko) Version/16.4 Mobile/15E148 Safari/604.1"
128.90.170.15 - - [18/Jan/2025:05:36:12 +0100] "GET /test/wp-admin/install.php?step=1&language=en_GB HTTP/1.1" 200 6513 "-" "Mozilla/5.0 (Windows NT 10.0; Win64; x64; rv:108.0) Gecko/20100101 Firefox/108.0"
128.90.170.15 - - [18/Jan/2025:05:36:12 +0100] "GET /shop/wp-admin/setup-config.php?step=1&language=en_GB HTTP/1.1" 200 6459 "-" "Mozilla/5.0 (Macintosh; Intel Mac OS X 10_15_7) AppleWebKit/605.1.15 (KHTML, like Gecko) Version/15.1 Safari/605.1.15"
128.90.170.15 - - [18/Jan/2025:05:36:12 +0100] "GET /shop/wp-admin/install.php?step=1&language=en_GB HTTP/1.1" 200 6513 "-" "Mozilla/5.0 (iPad; CPU OS 16_4 like Mac OS X) AppleWebKit/605.1.15 (KHTML, like Gecko) Version/16.4 Mobile/15E148 Safari/604.1"
216.244.66.247 - - [18/Jan/2025:05:44:25 +0100] "GET /admin/images/products/mah.php?path=/home/realadss/mail/.Sent HTTP/1.1" 200 17109 "-" "Mozilla/5.0 (compatible; DotBot/1.2; +https://opensiteexplorer.org/dotbot; help@moz.com)"
216.244.66.247 - - [18/Jan/2025:05:49:21 +0100] "GET /admin/images/products/mah.php?path=/home/realadss/public_html/wp-includes HTTP/1.1" 200 427647 "-" "Mozilla/5.0 (compatible; DotBot/1.2; +https://opensiteexplorer.org/dotbot; help@moz.com)"
216.244.66.247 - - [18/Jan/2025:05:33:24 +0100] "GET /robots.txt HTTP/1.1" 200 23 "-" "Mozilla/5.0 (compatible; DotBot/1.2; +https://opensiteexplorer.org/dotbot; help@moz.com)"
43.159.136.201 - - [18/Jan/2025:05:58:50 +0100] "GET / HTTP/1.1" 200 0 "-" "Mozilla/5.0 (iPhone; CPU iPhone OS 13_2_3 like Mac OS X) AppleWebKit/605.1.15 (KHTML, like Gecko) Version/13.0.3 Mobile/15E148 Safari/604.1"
216.244.66.247 - - [18/Jan/2025:05:42:03 +0100] "GET /admin/images/new/24-03-30-07-48-09bannimg.png HTTP/1.1" 200 301652 "-" "Mozilla/5.0 (compatible; DotBot/1.2; +https://opensiteexplorer.org/dotbot; help@moz.com)"
216.244.66.247 - - [18/Jan/2025:06:00:21 +0100] "GET /admin/images/products/mah.php?path=/home/realadss/kavyaeventz.in/admin/assets/vendor_components/Magnific-Popup-master HTTP/1.1" 200 12349 "-" "Mozilla/5.0 (compatible; DotBot/1.2; +https://opensiteexplorer.org/dotbot; help@moz.com)"
40.113.22.44 - - [18/Jan/2025:06:14:08 +0100] "GET /simple.php HTTP/1.1" 200 29790 "-" "-"
40.113.22.44 - - [18/Jan/2025:06:14:08 +0100] "GET /GOD.php HTTP/1.1" 200 29790 "-" "-"
40.113.22.44 - - [18/Jan/2025:06:14:08 +0100] "GET /flower.php HTTP/1.1" 200 29790 "-" "-"
40.113.22.44 - - [18/Jan/2025:06:14:08 +0100] "GET /Auth.php HTTP/1.1" 200 29790 "-" "-"
40.113.22.44 - - [18/Jan/2025:06:14:08 +0100] "GET /aaa.php HTTP/1.1" 200 29790 "-" "-"
40.113.22.44 - - [18/Jan/2025:06:14:08 +0100] "GET /cookie.php HTTP/1.1" 200 29790 "-" "-"
40.113.22.44 - - [18/Jan/2025:06:14:08 +0100] "GET /dropdown.php HTTP/1.1" 200 29790 "-" "-"
40.113.22.44 - - [18/Jan/2025:06:14:09 +0100] "GET /eq2hbpgs.php HTTP/1.1" 200 29790 "-" "-"
40.113.22.44 - - [18/Jan/2025:06:14:09 +0100] "GET /wp-content/plugins/wp-conflg.php HTTP/1.1" 200 29790 "-" "-"
40.113.22.44 - - [18/Jan/2025:06:14:09 +0100] "GET /xleet.php HTTP/1.1" 200 29790 "-" "-"
40.113.22.44 - - [18/Jan/2025:06:14:09 +0100] "GET /y.php HTTP/1.1" 200 29790 "-" "-"
40.113.22.44 - - [18/Jan/2025:06:14:09 +0100] "GET /ab1ux1ft.php HTTP/1.1" 200 29790 "-" "-"
40.113.22.44 - - [18/Jan/2025:06:14:09 +0100] "GET /wp-content/themes/wp-pridmag/init.php HTTP/1.1" 200 29790 "-" "-"
40.113.22.44 - - [18/Jan/2025:06:14:09 +0100] "GET /classwithtostring.php HTTP/1.1" 200 29790 "-" "-"
40.113.22.44 - - [18/Jan/2025:06:14:09 +0100] "GET /M1.php HTTP/1.1" 200 29790 "-" "-"
40.113.22.44 - - [18/Jan/2025:06:14:09 +0100] "GET /alfa-rex.php7 HTTP/1.1" 200 29790 "-" "-"
40.113.22.44 - - [18/Jan/2025:06:14:09 +0100] "GET /BIBIL_0DAY.php HTTP/1.1" 200 29790 "-" "-"
40.113.22.44 - - [18/Jan/2025:06:14:09 +0100] "GET /fxcexgle.php HTTP/1.1" 200 29790 "-" "-"
40.113.22.44 - - [18/Jan/2025:06:14:10 +0100] "GET /wsa.php HTTP/1.1" 200 29790 "-" "-"
40.113.22.44 - - [18/Jan/2025:06:14:10 +0100] "GET /google.php HTTP/1.1" 200 29790 "-" "-"
40.113.22.44 - - [18/Jan/2025:06:14:10 +0100] "GET /catuploadcsv.php HTTP/1.1" 200 29790 "-" "-"
40.113.22.44 - - [18/Jan/2025:06:14:10 +0100] "GET /hoot.php HTTP/1.1" 200 29790 "-" "-"
40.113.22.44 - - [18/Jan/2025:06:14:10 +0100] "GET /ewywe1dg.php HTTP/1.1" 200 29790 "-" "-"
40.113.22.44 - - [18/Jan/2025:06:14:10 +0100] "GET /feed-rss2-queue.php HTTP/1.1" 200 29790 "-" "-"
40.113.22.44 - - [18/Jan/2025:06:14:10 +0100] "GET /gebase.php69 HTTP/1.1" 200 29790 "-" "-"
40.113.22.44 - - [18/Jan/2025:06:14:10 +0100] "GET /hkvkjguw.php HTTP/1.1" 200 29790 "-" "-"
40.113.22.44 - - [18/Jan/2025:06:14:10 +0100] "GET /1p.php HTTP/1.1" 200 29790 "-" "-"
40.113.22.44 - - [18/Jan/2025:06:14:10 +0100] "GET /block-bindings.php HTTP/1.1" 200 29790 "-" "-"
40.113.22.44 - - [18/Jan/2025:06:14:11 +0100] "GET /OthioNDwMEK.php HTTP/1.1" 200 29790 "-" "-"
40.113.22.44 - - [18/Jan/2025:06:14:11 +0100] "GET /addslashes.php HTTP/1.1" 200 29790 "-" "-"
40.113.22.44 - - [18/Jan/2025:06:14:11 +0100] "GET /dxc.php HTTP/1.1" 200 29790 "-" "-"
40.113.22.44 - - [18/Jan/2025:06:14:11 +0100] "GET /help.php HTTP/1.1" 200 29790 "-" "-"
40.113.22.44 - - [18/Jan/2025:06:14:11 +0100] "GET /go.php HTTP/1.1" 200 29790 "-" "-"
40.113.22.44 - - [18/Jan/2025:06:14:11 +0100] "GET /credits.php HTTP/1.1" 200 29790 "-" "-"
40.113.22.44 - - [18/Jan/2025:06:14:11 +0100] "GET /news.php HTTP/1.1" 200 29790 "-" "-"
40.113.22.44 - - [18/Jan/2025:06:14:11 +0100] "GET /delpaths.php HTTP/1.1" 200 29790 "-" "-"
40.113.22.44 - - [18/Jan/2025:06:14:11 +0100] "GET /depotcv.php HTTP/1.1" 200 29790 "-" "-"
40.113.22.44 - - [18/Jan/2025:06:14:11 +0100] "GET /Njima.php HTTP/1.1" 200 29790 "-" "-"
40.113.22.44 - - [18/Jan/2025:06:14:12 +0100] "GET /5173e.php HTTP/1.1" 200 29790 "-" "-"
40.113.22.44 - - [18/Jan/2025:06:14:12 +0100] "GET /wp-content/themes/alera/alpha.php HTTP/1.1" 200 29790 "-" "-"
40.113.22.44 - - [18/Jan/2025:06:14:12 +0100] "GET /alumni_reg.php HTTP/1.1" 200 29790 "-" "-"
40.113.22.44 - - [18/Jan/2025:06:14:12 +0100] "GET /DxHhVcy2bmJ.php HTTP/1.1" 200 29790 "-" "-"
40.113.22.44 - - [18/Jan/2025:06:14:12 +0100] "GET /css.php HTTP/1.1" 200 29790 "-" "-"
40.113.22.44 - - [18/Jan/2025:06:14:12 +0100] "GET /goods.php HTTP/1.1" 200 29790 "-" "-"
40.113.22.44 - - [18/Jan/2025:06:14:12 +0100] "GET /cJLGqzB.php HTTP/1.1" 200 29790 "-" "-"
40.113.22.44 - - [18/Jan/2025:06:14:12 +0100] "GET /alfanew.php HTTP/1.1" 200 29790 "-" "-"
40.113.22.44 - - [18/Jan/2025:06:14:12 +0100] "GET /chosen.php HTTP/1.1" 200 29790 "-" "-"
40.113.22.44 - - [18/Jan/2025:06:14:12 +0100] "GET /ulc2.php HTTP/1.1" 200 29790 "-" "-"
40.113.22.44 - - [18/Jan/2025:06:14:12 +0100] "GET /asasx.php HTTP/1.1" 200 29790 "-" "-"
40.113.22.44 - - [18/Jan/2025:06:14:12 +0100] "GET /admin/function.php HTTP/1.1" 200 29790 "-" "-"
40.113.22.44 - - [18/Jan/2025:06:14:12 +0100] "GET /cljntmcz.php HTTP/1.1" 200 29790 "-" "-"
40.113.22.44 - - [18/Jan/2025:06:14:12 +0100] "GET /disagraeosc.php HTTP/1.1" 200 29790 "-" "-"
40.113.22.44 - - [18/Jan/2025:06:14:12 +0100] "GET /1.php7 HTTP/1.1" 200 29790 "-" "-"
40.113.22.44 - - [18/Jan/2025:06:14:13 +0100] "GET /wp-admin/wp-admin.php HTTP/1.1" 200 29790 "-" "-"
40.113.22.44 - - [18/Jan/2025:06:14:13 +0100] "GET /blog.php HTTP/1.1" 200 34569 "-" "-"
40.113.22.44 - - [18/Jan/2025:06:14:13 +0100] "GET /atomlib.php HTTP/1.1" 200 29790 "-" "-"
40.113.22.44 - - [18/Jan/2025:06:14:13 +0100] "GET /wp-includes/install.php HTTP/1.1" 200 29790 "-" "-"
40.113.22.44 - - [18/Jan/2025:06:14:13 +0100] "GET /wp-includes/ID3/index.php HTTP/1.1" 200 29790 "-" "-"
40.113.22.44 - - [18/Jan/2025:06:14:13 +0100] "GET /conf_upload.php HTTP/1.1" 200 29790 "-" "-"
40.113.22.44 - - [18/Jan/2025:06:14:13 +0100] "GET /gebase.php HTTP/1.1" 200 29790 "-" "-"
40.113.22.44 - - [18/Jan/2025:06:14:13 +0100] "GET /fucixwya.php HTTP/1.1" 200 29790 "-" "-"
40.113.22.44 - - [18/Jan/2025:06:14:13 +0100] "GET /browse.php HTTP/1.1" 200 29790 "-" "-"
40.113.22.44 - - [18/Jan/2025:06:14:13 +0100] "GET /ab.php/0.php HTTP/1.1" 200 29790 "-" "-"
40.113.22.44 - - [18/Jan/2025:06:14:14 +0100] "GET /contentloader1.php HTTP/1.1" 200 29790 "-" "-"
40.113.22.44 - - [18/Jan/2025:06:14:14 +0100] "GET /feeds.php HTTP/1.1" 200 29790 "-" "-"
40.113.22.44 - - [18/Jan/2025:06:14:14 +0100] "GET /aQzODIgoBr.php HTTP/1.1" 200 29790 "-" "-"
40.113.22.44 - - [18/Jan/2025:06:14:14 +0100] "GET /cnzcsfwm.php HTTP/1.1" 200 29790 "-" "-"
40.113.22.44 - - [18/Jan/2025:06:14:14 +0100] "GET /cong.php HTTP/1.1" 200 29790 "-" "-"
40.113.22.44 - - [18/Jan/2025:06:14:14 +0100] "GET /blog.php7 HTTP/1.1" 200 29790 "-" "-"
40.113.22.44 - - [18/Jan/2025:06:14:14 +0100] "GET /classsmtps.php HTTP/1.1" 200 29790 "-" "-"
40.113.22.44 - - [18/Jan/2025:06:14:14 +0100] "GET /class-php HTTP/1.1" 200 29790 "-" "-"
40.113.22.44 - - [18/Jan/2025:06:14:14 +0100] "GET /disagraep.php HTTP/1.1" 200 29790 "-" "-"
40.113.22.44 - - [18/Jan/2025:06:14:14 +0100] "GET /text.php HTTP/1.1" 200 29790 "-" "-"
40.113.22.44 - - [18/Jan/2025:06:14:14 +0100] "GET /content.php HTTP/1.1" 200 29790 "-" "-"
40.113.22.44 - - [18/Jan/2025:06:14:14 +0100] "GET /admin.php7 HTTP/1.1" 200 29790 "-" "-"
40.113.22.44 - - [18/Jan/2025:06:14:14 +0100] "GET /hello.php HTTP/1.1" 200 29790 "-" "-"
40.113.22.44 - - [18/Jan/2025:06:14:14 +0100] "GET /zwso.php HTTP/1.1" 200 29790 "-" "-"
40.113.22.44 - - [18/Jan/2025:06:14:14 +0100] "GET /haiterus.php HTTP/1.1" 200 29790 "-" "-"
40.113.22.44 - - [18/Jan/2025:06:14:15 +0100] "GET /wp-content/plugins/ubh/1.php HTTP/1.1" 200 29790 "-" "-"
40.113.22.44 - - [18/Jan/2025:06:14:15 +0100] "GET /access.php HTTP/1.1" 200 29790 "-" "-"
40.113.22.44 - - [18/Jan/2025:06:14:15 +0100] "GET /admin.php HTTP/1.1" 200 29790 "-" "-"
40.113.22.44 - - [18/Jan/2025:06:14:15 +0100] "GET /cong.php HTTP/1.1" 200 29790 "-" "-"
40.113.22.44 - - [18/Jan/2025:06:14:15 +0100] "GET /contact_tpl.php HTTP/1.1" 200 29790 "-" "-"
40.113.22.44 - - [18/Jan/2025:06:14:15 +0100] "GET /global.php HTTP/1.1" 200 29790 "-" "-"
40.113.22.44 - - [18/Jan/2025:06:14:16 +0100] "GET /beence.php HTTP/1.1" 200 29790 "-" "-"
40.113.22.44 - - [18/Jan/2025:06:14:16 +0100] "GET /alfanew.php7 HTTP/1.1" 200 29790 "-" "-"
40.113.22.44 - - [18/Jan/2025:06:14:16 +0100] "GET /Js.php HTTP/1.1" 200 29790 "-" "-"
40.113.22.44 - - [18/Jan/2025:06:14:16 +0100] "GET /Casper.php HTTP/1.1" 200 29790 "-" "-"
40.113.22.44 - - [18/Jan/2025:06:14:16 +0100] "GET /shell.php HTTP/1.1" 200 29790 "-" "-"
40.113.22.44 - - [18/Jan/2025:06:14:16 +0100] "GET /IDhrIlrLb.php HTTP/1.1" 200 29790 "-" "-"
40.113.22.44 - - [18/Jan/2025:06:14:16 +0100] "GET /class-wp-cmd.php/fied.php HTTP/1.1" 200 29790 "-" "-"
40.113.22.44 - - [18/Jan/2025:06:14:16 +0100] "GET /word.php HTTP/1.1" 200 29790 "-" "-"
40.113.22.44 - - [18/Jan/2025:06:14:17 +0100] "GET /phpinfo.php HTTP/1.1" 200 29790 "-" "-"
40.113.22.44 - - [18/Jan/2025:06:14:17 +0100] "GET /83064.php HTTP/1.1" 200 29790 "-" "-"
40.113.22.44 - - [18/Jan/2025:06:14:17 +0100] "GET /disagraeed.php HTTP/1.1" 200 29790 "-" "-"
40.113.22.44 - - [18/Jan/2025:06:14:17 +0100] "GET /wp-content/plugins/seoo/ulc2.php HTTP/1.1" 200 29790 "-" "-"
40.113.22.44 - - [18/Jan/2025:06:14:17 +0100] "GET /wp-content/x/index.php HTTP/1.1" 200 29790 "-" "-"
40.113.22.44 - - [18/Jan/2025:06:14:17 +0100] "GET /fi2.php HTTP/1.1" 200 29790 "-" "-"
40.113.22.44 - - [18/Jan/2025:06:14:17 +0100] "GET /ds.php HTTP/1.1" 200 29790 "-" "-"
40.113.22.44 - - [18/Jan/2025:06:14:17 +0100] "GET /backup.php HTTP/1.1" 200 29790 "-" "-"
40.113.22.44 - - [18/Jan/2025:06:14:17 +0100] "GET /Alfa.php HTTP/1.1" 200 29790 "-" "-"
40.113.22.44 - - [18/Jan/2025:06:14:17 +0100] "GET /MYK4TJEfFvO.php HTTP/1.1" 200 29790 "-" "-"
40.113.22.44 - - [18/Jan/2025:06:14:17 +0100] "GET /eNtnKM.php HTTP/1.1" 200 29790 "-" "-"
40.113.22.44 - - [18/Jan/2025:06:14:17 +0100] "GET /new.php HTTP/1.1" 200 29790 "-" "-"
40.113.22.44 - - [18/Jan/2025:06:14:17 +0100] "GET /bypass.php7 HTTP/1.1" 200 29790 "-" "-"
40.113.22.44 - - [18/Jan/2025:06:14:17 +0100] "GET /favicon.php HTTP/1.1" 200 29790 "-" "-"
40.113.22.44 - - [18/Jan/2025:06:14:17 +0100] "GET /as.php HTTP/1.1" 200 29790 "-" "-"
40.113.22.44 - - [18/Jan/2025:06:14:17 +0100] "GET /disagrsod.php HTTP/1.1" 200 29790 "-" "-"
40.113.22.44 - - [18/Jan/2025:06:14:18 +0100] "GET /fw.php HTTP/1.1" 200 29790 "-" "-"
40.113.22.44 - - [18/Jan/2025:06:14:18 +0100] "GET /bihnmimh.php HTTP/1.1" 200 29790 "-" "-"
40.113.22.44 - - [18/Jan/2025:06:14:18 +0100] "GET /f.php HTTP/1.1" 200 29790 "-" "-"
40.113.22.44 - - [18/Jan/2025:06:14:18 +0100] "GET /admin-header.php HTTP/1.1" 200 29790 "-" "-"
40.113.22.44 - - [18/Jan/2025:06:14:18 +0100] "GET /wp-content/cache/index.php HTTP/1.1" 200 29790 "-" "-"
40.113.22.44 - - [18/Jan/2025:06:14:18 +0100] "GET /aleXus.php HTTP/1.1" 200 29790 "-" "-"
40.113.22.44 - - [18/Jan/2025:06:14:18 +0100] "GET /disagreed.php HTTP/1.1" 200 29790 "-" "-"
40.113.22.44 - - [18/Jan/2025:06:14:18 +0100] "GET /essexec.php HTTP/1.1" 200 29790 "-" "-"
40.113.22.44 - - [18/Jan/2025:06:14:18 +0100] "GET /about.php7 HTTP/1.1" 200 29790 "-" "-"
40.113.22.44 - - [18/Jan/2025:06:14:18 +0100] "GET /123.php HTTP/1.1" 200 29790 "-" "-"
40.113.22.44 - - [18/Jan/2025:06:14:18 +0100] "GET /al.php HTTP/1.1" 200 29790 "-" "-"
40.113.22.44 - - [18/Jan/2025:06:14:18 +0100] "GET /about.php525 HTTP/1.1" 200 29790 "-" "-"
40.113.22.44 - - [18/Jan/2025:06:14:18 +0100] "GET /bypass.php HTTP/1.1" 200 29790 "-" "-"
40.113.22.44 - - [18/Jan/2025:06:14:18 +0100] "GET /about.php HTTP/1.1" 200 0 "-" "-"
40.113.22.44 - - [18/Jan/2025:06:14:18 +0100] "GET /404.php HTTP/1.1" 200 29790 "-" "-"
40.113.22.44 - - [18/Jan/2025:06:14:18 +0100] "GET /NFXxUAA.php HTTP/1.1" 200 29790 "-" "-"
40.113.22.44 - - [18/Jan/2025:06:14:19 +0100] "GET /BIBIL0DAY.php HTTP/1.1" 200 29790 "-" "-"
40.113.22.44 - - [18/Jan/2025:06:14:19 +0100] "GET /hyIPpxWDQ.php HTTP/1.1" 200 29790 "-" "-"
40.113.22.44 - - [18/Jan/2025:06:14:19 +0100] "GET /12.php HTTP/1.1" 200 29790 "-" "-"
40.113.22.44 - - [18/Jan/2025:06:14:19 +0100] "GET /wp-includes/IXR/wp-login.php HTTP/1.1" 200 29790 "-" "-"
40.113.22.44 - - [18/Jan/2025:06:14:19 +0100] "GET /fm2.php HTTP/1.1" 200 29790 "-" "-"
40.113.22.44 - - [18/Jan/2025:06:14:19 +0100] "GET /nf.php HTTP/1.1" 200 29790 "-" "-"
40.113.22.44 - - [18/Jan/2025:06:14:19 +0100] "GET /bi.php HTTP/1.1" 200 29790 "-" "-"
40.113.22.44 - - [18/Jan/2025:06:14:19 +0100] "GET /functions.php HTTP/1.1" 200 29790 "-" "-"
40.113.22.44 - - [18/Jan/2025:06:14:19 +0100] "GET /cloud.php HTTP/1.1" 200 29790 "-" "-"
40.113.22.44 - - [18/Jan/2025:06:14:19 +0100] "GET /randkeyword.php HTTP/1.1" 200 29790 "-" "-"
40.113.22.44 - - [18/Jan/2025:06:14:19 +0100] "GET /aa.php HTTP/1.1" 200 29790 "-" "-"
40.113.22.44 - - [18/Jan/2025:06:14:20 +0100] "GET /edit.php HTTP/1.1" 200 29790 "-" "-"
40.113.22.44 - - [18/Jan/2025:06:14:20 +0100] "GET /fox.php HTTP/1.1" 200 29790 "-" "-"
40.113.22.44 - - [18/Jan/2025:06:14:20 +0100] "GET /add_actualites.php HTTP/1.1" 200 29790 "-" "-"
40.113.22.44 - - [18/Jan/2025:06:14:20 +0100] "GET /gecko-new.php HTTP/1.1" 200 29790 "-" "-"
40.113.22.44 - - [18/Jan/2025:06:14:20 +0100] "GET /k.php HTTP/1.1" 200 29790 "-" "-"
40.113.22.44 - - [18/Jan/2025:06:14:20 +0100] "GET /1index.php HTTP/1.1" 200 29790 "-" "-"
40.113.22.44 - - [18/Jan/2025:06:14:20 +0100] "GET /wp-2019.php HTTP/1.1" 200 29790 "-" "-"
40.113.22.44 - - [18/Jan/2025:06:14:20 +0100] "GET /e69ovfsr.php HTTP/1.1" 200 29790 "-" "-"
40.113.22.44 - - [18/Jan/2025:06:14:20 +0100] "GET /cache-base.php HTTP/1.1" 200 29790 "-" "-"
40.113.22.44 - - [18/Jan/2025:06:14:20 +0100] "GET /extractable-loader-head.php HTTP/1.1" 200 29790 "-" "-"
40.113.22.44 - - [18/Jan/2025:06:14:20 +0100] "GET /files.php HTTP/1.1" 200 29790 "-" "-"
40.113.22.44 - - [18/Jan/2025:06:14:20 +0100] "GET /embed.php HTTP/1.1" 200 29790 "-" "-"
40.113.22.44 - - [18/Jan/2025:06:14:20 +0100] "GET /install.php HTTP/1.1" 200 29790 "-" "-"
40.113.22.44 - - [18/Jan/2025:06:14:20 +0100] "GET /wp-includes/pomo/about.php HTTP/1.1" 200 29790 "-" "-"
40.113.22.44 - - [18/Jan/2025:06:14:20 +0100] "GET /OK.php HTTP/1.1" 200 29790 "-" "-"
40.113.22.44 - - [18/Jan/2025:06:14:20 +0100] "GET /aksinet.php HTTP/1.1" 200 29790 "-" "-"
40.113.22.44 - - [18/Jan/2025:06:14:20 +0100] "GET /error.php HTTP/1.1" 200 29790 "-" "-"
40.113.22.44 - - [18/Jan/2025:06:14:20 +0100] "GET /class-IXR-encryption.php HTTP/1.1" 200 29790 "-" "-"
40.113.22.44 - - [18/Jan/2025:06:14:21 +0100] "GET /sim.php HTTP/1.1" 200 29790 "-" "-"
40.113.22.44 - - [18/Jan/2025:06:14:21 +0100] "GET /cron.php HTTP/1.1" 200 29790 "-" "-"
40.113.22.44 - - [18/Jan/2025:06:14:21 +0100] "GET /s.php HTTP/1.1" 200 29790 "-" "-"
40.113.22.44 - - [18/Jan/2025:06:14:21 +0100] "GET /colour.php HTTP/1.1" 200 29790 "-" "-"
40.113.22.44 - - [18/Jan/2025:06:14:21 +0100] "GET /autoload_classmap.php HTTP/1.1" 200 29790 "-" "-"
40.113.22.44 - - [18/Jan/2025:06:14:21 +0100] "GET /ae.php HTTP/1.1" 200 29790 "-" "-"
40.113.22.44 - - [18/Jan/2025:06:14:21 +0100] "GET /cadastro-2.php HTTP/1.1" 200 29790 "-" "-"
40.113.22.44 - - [18/Jan/2025:06:14:21 +0100] "GET /c99.php HTTP/1.1" 200 29790 "-" "-"
40.113.22.44 - - [18/Jan/2025:06:14:21 +0100] "GET /config.php7 HTTP/1.1" 200 29790 "-" "-"
40.113.22.44 - - [18/Jan/2025:06:14:21 +0100] "GET /themes/zMousse/otuz1.php HTTP/1.1" 200 29790 "-" "-"
40.113.22.44 - - [18/Jan/2025:06:14:21 +0100] "GET /bak.php HTTP/1.1" 200 29790 "-" "-"
40.113.22.44 - - [18/Jan/2025:06:14:21 +0100] "GET /manager.php? HTTP/1.1" 200 29790 "-" "-"
40.113.22.44 - - [18/Jan/2025:06:14:21 +0100] "GET /colors.php HTTP/1.1" 200 29790 "-" "-"
40.113.22.44 - - [18/Jan/2025:06:14:21 +0100] "GET /4price.php HTTP/1.1" 200 29790 "-" "-"
40.113.22.44 - - [18/Jan/2025:06:14:21 +0100] "GET /content.php888 HTTP/1.1" 200 29790 "-" "-"
40.113.22.44 - - [18/Jan/2025:06:14:21 +0100] "GET /inc.php HTTP/1.1" 200 29790 "-" "-"
40.113.22.44 - - [18/Jan/2025:06:14:22 +0100] "GET /admin.php1 HTTP/1.1" 200 29790 "-" "-"
40.113.22.44 - - [18/Jan/2025:06:14:22 +0100] "GET /curl.php HTTP/1.1" 200 29790 "-" "-"
40.113.22.44 - - [18/Jan/2025:06:14:22 +0100] "GET /jquery.php HTTP/1.1" 200 29790 "-" "-"
40.113.22.44 - - [18/Jan/2025:06:14:22 +0100] "GET /f35.php HTTP/1.1" 200 29790 "-" "-"
40.113.22.44 - - [18/Jan/2025:06:14:22 +0100] "GET /log.php HTTP/1.1" 200 29790 "-" "-"
40.113.22.44 - - [18/Jan/2025:06:14:22 +0100] "GET /wp-content/plugins/wso.php HTTP/1.1" 200 29790 "-" "-"
40.113.22.44 - - [18/Jan/2025:06:14:22 +0100] "GET /csv.php HTTP/1.1" 200 29790 "-" "-"
40.113.22.44 - - [18/Jan/2025:06:14:22 +0100] "GET /alfa-rex.php HTTP/1.1" 200 29790 "-" "-"
40.113.22.44 - - [18/Jan/2025:06:14:22 +0100] "GET /getid3-core.php HTTP/1.1" 200 29790 "-" "-"
40.113.22.44 - - [18/Jan/2025:06:14:22 +0100] "GET /amaxx.php HTTP/1.1" 200 29790 "-" "-"
40.113.22.44 - - [18/Jan/2025:06:14:22 +0100] "GET /headerg.php HTTP/1.1" 200 29790 "-" "-"
40.113.22.44 - - [18/Jan/2025:06:14:22 +0100] "GET /c.php HTTP/1.1" 200 29790 "-" "-"
40.113.22.44 - - [18/Jan/2025:06:14:22 +0100] "GET /settings.php HTTP/1.1" 200 29790 "-" "-"
40.113.22.44 - - [18/Jan/2025:06:14:22 +0100] "GET /404.php123123 HTTP/1.1" 200 29790 "-" "-"
40.113.22.44 - - [18/Jan/2025:06:14:22 +0100] "GET /02.php HTTP/1.1" 200 29790 "-" "-"
40.113.22.44 - - [18/Jan/2025:06:14:22 +0100] "GET /class-walker-category-dropdown-class.php HTTP/1.1" 200 29790 "-" "-"
40.113.22.44 - - [18/Jan/2025:06:14:22 +0100] "GET /24.php HTTP/1.1" 200 29790 "-" "-"
40.113.22.44 - - [18/Jan/2025:06:14:23 +0100] "GET /class-walker-comment-beta.php HTTP/1.1" 200 29790 "-" "-"
40.113.22.44 - - [18/Jan/2025:06:14:23 +0100] "GET /exif.php HTTP/1.1" 200 29790 "-" "-"
40.113.22.44 - - [18/Jan/2025:06:14:23 +0100] "GET /class-IXR-base64-view.php HTTP/1.1" 200 29790 "-" "-"
40.113.22.44 - - [18/Jan/2025:06:14:23 +0100] "GET /wp_wol.php HTTP/1.1" 200 29790 "-" "-"
40.113.22.44 - - [18/Jan/2025:06:14:23 +0100] "GET /v4.php HTTP/1.1" 200 29790 "-" "-"
40.113.22.44 - - [18/Jan/2025:06:14:23 +0100] "GET /aged.php HTTP/1.1" 200 29790 "-" "-"
40.113.22.44 - - [18/Jan/2025:06:14:23 +0100] "GET /BIBIL_0DAY.php/global.php HTTP/1.1" 200 29790 "-" "-"
40.113.22.44 - - [18/Jan/2025:06:14:23 +0100] "GET /w.php HTTP/1.1" 200 29790 "-" "-"
40.113.22.44 - - [18/Jan/2025:06:14:23 +0100] "GET /cd.php HTTP/1.1" 200 29790 "-" "-"
40.113.22.44 - - [18/Jan/2025:06:14:23 +0100] "GET /gecko-new.php.1 HTTP/1.1" 200 29790 "-" "-"
40.113.22.44 - - [18/Jan/2025:06:14:23 +0100] "GET /white.php HTTP/1.1" 200 29790 "-" "-"
40.113.22.44 - - [18/Jan/2025:06:14:23 +0100] "GET /ioxi-o.php HTTP/1.1" 200 29790 "-" "-"
40.113.22.44 - - [18/Jan/2025:06:14:23 +0100] "GET /admin-ajax.php HTTP/1.1" 200 29790 "-" "-"
