194.165.17.18 - - [17/Jan/2025:14:56:10 +0100] "GET /wp-includes///wp-includes/customize/ HTTP/1.1" 200 0 "-" "Mozlila/5.0 (Linux; Android 7.0; SM-G892A Bulid/NRD90M; wv) AppleWebKit/537.36 (KHTML, like Gecko) Version/4.0 Chrome/60.0.3112.107 Moblie Safari/537.36"
194.165.17.18 - - [17/Jan/2025:14:56:17 +0100] "GET /wp-includes///wp-includes/fonts/ HTTP/1.1" 200 0 "-" "Mozlila/5.0 (Linux; Android 7.0; SM-G892A Bulid/NRD90M; wv) AppleWebKit/537.36 (KHTML, like Gecko) Version/4.0 Chrome/60.0.3112.107 Moblie Safari/537.36"
194.165.17.18 - - [17/Jan/2025:14:57:03 +0100] "GET /wp-includes///wp-includes/php-compat/ HTTP/1.1" 200 0 "-" "Mozlila/5.0 (Linux; Android 7.0; SM-G892A Bulid/NRD90M; wv) AppleWebKit/537.36 (KHTML, like Gecko) Version/4.0 Chrome/60.0.3112.107 Moblie Safari/537.36"
194.165.17.18 - - [17/Jan/2025:14:57:28 +0100] "GET /wp-includes///wp-includes/SimplePie/ HTTP/1.1" 200 0 "-" "Mozlila/5.0 (Linux; Android 7.0; SM-G892A Bulid/NRD90M; wv) AppleWebKit/537.36 (KHTML, like Gecko) Version/4.0 Chrome/60.0.3112.107 Moblie Safari/537.36"
194.165.17.18 - - [17/Jan/2025:14:57:48 +0100] "GET /wp-includes///wp-includes/style-engine/ HTTP/1.1" 200 0 "-" "Mozlila/5.0 (Linux; Android 7.0; SM-G892A Bulid/NRD90M; wv) AppleWebKit/537.36 (KHTML, like Gecko) Version/4.0 Chrome/60.0.3112.107 Moblie Safari/537.36"
194.165.17.18 - - [17/Jan/2025:14:57:53 +0100] "GET /wp-includes///wp-includes/Text/ HTTP/1.1" 200 0 "-" "Mozlila/5.0 (Linux; Android 7.0; SM-G892A Bulid/NRD90M; wv) AppleWebKit/537.36 (KHTML, like Gecko) Version/4.0 Chrome/60.0.3112.107 Moblie Safari/537.36"
194.165.17.18 - - [17/Jan/2025:14:58:01 +0100] "GET /wp-includes///wp-includes/theme-compat/ HTTP/1.1" 200 0 "-" "Mozlila/5.0 (Linux; Android 7.0; SM-G892A Bulid/NRD90M; wv) AppleWebKit/537.36 (KHTML, like Gecko) Version/4.0 Chrome/60.0.3112.107 Moblie Safari/537.36"
194.165.17.18 - - [17/Jan/2025:14:58:03 +0100] "GET /wp-includes///wp-includes/widgets/ HTTP/1.1" 200 0 "-" "Mozlila/5.0 (Linux; Android 7.0; SM-G892A Bulid/NRD90M; wv) AppleWebKit/537.36 (KHTML, like Gecko) Version/4.0 Chrome/60.0.3112.107 Moblie Safari/537.36"
194.165.17.18 - - [17/Jan/2025:14:58:11 +0100] "GET /wp-includes//wp-includes/admin-bar.php HTTP/1.1" 200 0 "-" "Mozlila/5.0 (Linux; Android 7.0; SM-G892A Bulid/NRD90M; wv) AppleWebKit/537.36 (KHTML, like Gecko) Version/4.0 Chrome/60.0.3112.107 Moblie Safari/537.36"
194.165.17.18 - - [17/Jan/2025:14:58:27 +0100] "GET /wp-includes//wp-includes/block-bindings.php HTTP/1.1" 200 0 "-" "Mozlila/5.0 (Linux; Android 7.0; SM-G892A Bulid/NRD90M; wv) AppleWebKit/537.36 (KHTML, like Gecko) Version/4.0 Chrome/60.0.3112.107 Moblie Safari/537.36"
194.165.17.18 - - [17/Jan/2025:14:54:43 +0100] "GET /wp-content/uploads///wp-content/uploads/2024/ HTTP/1.1" 200 0 "-" "Mozlila/5.0 (Linux; Android 7.0; SM-G892A Bulid/NRD90M; wv) AppleWebKit/537.36 (KHTML, like Gecko) Version/4.0 Chrome/60.0.3112.107 Moblie Safari/537.36"
194.165.17.18 - - [17/Jan/2025:14:54:52 +0100] "GET /wp-content/uploads///wp-content/uploads/elementor/ HTTP/1.1" 200 0 "-" "Mozlila/5.0 (Linux; Android 7.0; SM-G892A Bulid/NRD90M; wv) AppleWebKit/537.36 (KHTML, like Gecko) Version/4.0 Chrome/60.0.3112.107 Moblie Safari/537.36"
194.165.17.18 - - [17/Jan/2025:14:56:01 +0100] "GET /wp-includes///wp-includes/css/ HTTP/1.1" 200 0 "-" "Mozlila/5.0 (Linux; Android 7.0; SM-G892A Bulid/NRD90M; wv) AppleWebKit/537.36 (KHTML, like Gecko) Version/4.0 Chrome/60.0.3112.107 Moblie Safari/537.36"
194.165.17.18 - - [17/Jan/2025:14:56:43 +0100] "GET /wp-includes///wp-includes/IXR/ HTTP/1.1" 200 0 "-" "Mozlila/5.0 (Linux; Android 7.0; SM-G892A Bulid/NRD90M; wv) AppleWebKit/537.36 (KHTML, like Gecko) Version/4.0 Chrome/60.0.3112.107 Moblie Safari/537.36"
194.165.17.18 - - [17/Jan/2025:14:56:59 +0100] "GET /wp-includes///wp-includes/php-compat/ HTTP/1.1" 200 0 "-" "Mozlila/5.0 (Linux; Android 7.0; SM-G892A Bulid/NRD90M; wv) AppleWebKit/537.36 (KHTML, like Gecko) Version/4.0 Chrome/60.0.3112.107 Moblie Safari/537.36"
194.165.17.18 - - [17/Jan/2025:14:57:06 +0100] "GET /wp-includes///wp-includes/PHPMailer/ HTTP/1.1" 200 0 "-" "Mozlila/5.0 (Linux; Android 7.0; SM-G892A Bulid/NRD90M; wv) AppleWebKit/537.36 (KHTML, like Gecko) Version/4.0 Chrome/60.0.3112.107 Moblie Safari/537.36"
194.165.17.18 - - [17/Jan/2025:14:57:08 +0100] "GET /wp-includes///wp-includes/PHPMailer/ HTTP/1.1" 200 0 "-" "Mozlila/5.0 (Linux; Android 7.0; SM-G892A Bulid/NRD90M; wv) AppleWebKit/537.36 (KHTML, like Gecko) Version/4.0 Chrome/60.0.3112.107 Moblie Safari/537.36"
194.165.17.18 - - [17/Jan/2025:14:57:20 +0100] "GET /wp-includes///wp-includes/Requests/ HTTP/1.1" 200 0 "-" "Mozlila/5.0 (Linux; Android 7.0; SM-G892A Bulid/NRD90M; wv) AppleWebKit/537.36 (KHTML, like Gecko) Version/4.0 Chrome/60.0.3112.107 Moblie Safari/537.36"
194.165.17.18 - - [17/Jan/2025:14:57:37 +0100] "GET /wp-includes///wp-includes/sitemaps/ HTTP/1.1" 200 0 "-" "Mozlila/5.0 (Linux; Android 7.0; SM-G892A Bulid/NRD90M; wv) AppleWebKit/537.36 (KHTML, like Gecko) Version/4.0 Chrome/60.0.3112.107 Moblie Safari/537.36"
194.165.17.18 - - [17/Jan/2025:14:58:15 +0100] "GET /wp-includes//wp-includes/atomlib.php HTTP/1.1" 200 0 "-" "Mozlila/5.0 (Linux; Android 7.0; SM-G892A Bulid/NRD90M; wv) AppleWebKit/537.36 (KHTML, like Gecko) Version/4.0 Chrome/60.0.3112.107 Moblie Safari/537.36"
194.165.17.18 - - [17/Jan/2025:14:58:50 +0100] "GET /wp-includes//wp-includes/block-template-utils.php HTTP/1.1" 200 0 "-" "Mozlila/5.0 (Linux; Android 7.0; SM-G892A Bulid/NRD90M; wv) AppleWebKit/537.36 (KHTML, like Gecko) Version/4.0 Chrome/60.0.3112.107 Moblie Safari/537.36"
194.165.17.18 - - [17/Jan/2025:14:58:59 +0100] "GET /wp-includes//wp-includes/blocks.php HTTP/1.1" 200 0 "-" "Mozlila/5.0 (Linux; Android 7.0; SM-G892A Bulid/NRD90M; wv) AppleWebKit/537.36 (KHTML, like Gecko) Version/4.0 Chrome/60.0.3112.107 Moblie Safari/537.36"
194.165.17.18 - - [17/Jan/2025:14:57:43 +0100] "GET /wp-includes///wp-includes/sodium_compat/ HTTP/1.1" 200 0 "-" "Mozlila/5.0 (Linux; Android 7.0; SM-G892A Bulid/NRD90M; wv) AppleWebKit/537.36 (KHTML, like Gecko) Version/4.0 Chrome/60.0.3112.107 Moblie Safari/537.36"
194.165.17.18 - - [17/Jan/2025:14:57:59 +0100] "GET /wp-includes///wp-includes/theme-compat/ HTTP/1.1" 200 0 "-" "Mozlila/5.0 (Linux; Android 7.0; SM-G892A Bulid/NRD90M; wv) AppleWebKit/537.36 (KHTML, like Gecko) Version/4.0 Chrome/60.0.3112.107 Moblie Safari/537.36"
194.165.17.18 - - [17/Jan/2025:14:58:20 +0100] "GET /wp-includes//wp-includes/author-template.php HTTP/1.1" 200 0 "-" "Mozlila/5.0 (Linux; Android 7.0; SM-G892A Bulid/NRD90M; wv) AppleWebKit/537.36 (KHTML, like Gecko) Version/4.0 Chrome/60.0.3112.107 Moblie Safari/537.36"
194.165.17.18 - - [17/Jan/2025:14:58:24 +0100] "GET /wp-includes//wp-includes/author-template.php HTTP/1.1" 200 0 "-" "Mozlila/5.0 (Linux; Android 7.0; SM-G892A Bulid/NRD90M; wv) AppleWebKit/537.36 (KHTML, like Gecko) Version/4.0 Chrome/60.0.3112.107 Moblie Safari/537.36"
194.165.17.18 - - [17/Jan/2025:14:58:36 +0100] "GET /wp-includes//wp-includes/block-editor.php HTTP/1.1" 200 0 "-" "Mozlila/5.0 (Linux; Android 7.0; SM-G892A Bulid/NRD90M; wv) AppleWebKit/537.36 (KHTML, like Gecko) Version/4.0 Chrome/60.0.3112.107 Moblie Safari/537.36"
194.165.17.18 - - [17/Jan/2025:14:54:37 +0100] "GET /wp-content/uploads///wp-content/uploads/2023/ HTTP/1.1" 200 0 "-" "Mozlila/5.0 (Linux; Android 7.0; SM-G892A Bulid/NRD90M; wv) AppleWebKit/537.36 (KHTML, like Gecko) Version/4.0 Chrome/60.0.3112.107 Moblie Safari/537.36"
194.165.17.18 - - [17/Jan/2025:14:55:11 +0100] "GET /wp-content/uploads///wp-content/uploads/wpcode/ HTTP/1.1" 200 0 "-" "Mozlila/5.0 (Linux; Android 7.0; SM-G892A Bulid/NRD90M; wv) AppleWebKit/537.36 (KHTML, like Gecko) Version/4.0 Chrome/60.0.3112.107 Moblie Safari/537.36"
194.165.17.18 - - [17/Jan/2025:14:56:03 +0100] "GET /wp-includes///wp-includes/css/ HTTP/1.1" 200 0 "-" "Mozlila/5.0 (Linux; Android 7.0; SM-G892A Bulid/NRD90M; wv) AppleWebKit/537.36 (KHTML, like Gecko) Version/4.0 Chrome/60.0.3112.107 Moblie Safari/537.36"
194.165.17.18 - - [17/Jan/2025:14:56:33 +0100] "GET /wp-includes///wp-includes/images/ HTTP/1.1" 200 0 "-" "Mozlila/5.0 (Linux; Android 7.0; SM-G892A Bulid/NRD90M; wv) AppleWebKit/537.36 (KHTML, like Gecko) Version/4.0 Chrome/60.0.3112.107 Moblie Safari/537.36"
194.165.17.18 - - [17/Jan/2025:14:56:37 +0100] "GET /wp-includes///wp-includes/interactivity-api/ HTTP/1.1" 200 0 "-" "Mozlila/5.0 (Linux; Android 7.0; SM-G892A Bulid/NRD90M; wv) AppleWebKit/537.36 (KHTML, like Gecko) Version/4.0 Chrome/60.0.3112.107 Moblie Safari/537.36"
194.165.17.18 - - [17/Jan/2025:14:56:51 +0100] "GET /wp-includes///wp-includes/js/ HTTP/1.1" 200 0 "-" "Mozlila/5.0 (Linux; Android 7.0; SM-G892A Bulid/NRD90M; wv) AppleWebKit/537.36 (KHTML, like Gecko) Version/4.0 Chrome/60.0.3112.107 Moblie Safari/537.36"
194.165.17.18 - - [17/Jan/2025:14:56:56 +0100] "GET /wp-includes///wp-includes/l10n/ HTTP/1.1" 200 0 "-" "Mozlila/5.0 (Linux; Android 7.0; SM-G892A Bulid/NRD90M; wv) AppleWebKit/537.36 (KHTML, like Gecko) Version/4.0 Chrome/60.0.3112.107 Moblie Safari/537.36"
194.165.17.18 - - [17/Jan/2025:14:57:46 +0100] "GET /wp-includes///wp-includes/style-engine/ HTTP/1.1" 200 0 "-" "Mozlila/5.0 (Linux; Android 7.0; SM-G892A Bulid/NRD90M; wv) AppleWebKit/537.36 (KHTML, like Gecko) Version/4.0 Chrome/60.0.3112.107 Moblie Safari/537.36"
194.165.17.18 - - [17/Jan/2025:14:58:29 +0100] "GET /wp-includes//wp-includes/block-bindings.php HTTP/1.1" 200 0 "-" "Mozlila/5.0 (Linux; Android 7.0; SM-G892A Bulid/NRD90M; wv) AppleWebKit/537.36 (KHTML, like Gecko) Version/4.0 Chrome/60.0.3112.107 Moblie Safari/537.36"
40.77.167.64 - - [17/Jan/2025:15:06:53 +0100] "GET /azaae/e2555725.html HTTP/1.1" 200 0 "-" "Mozilla/5.0 AppleWebKit/537.36 (KHTML, like Gecko; compatible; bingbot/2.0; +http://www.bing.com/bingbot.htm) Chrome/116.0.1938.76 Safari/537.36"
194.165.17.18 - - [17/Jan/2025:14:54:06 +0100] "GET /vendor/phpunit/phpunit/src/Util/PHP/ HTTP/1.1" 200 0 "-" "Mozlila/5.0 (Linux; Android 7.0; SM-G892A Bulid/NRD90M; wv) AppleWebKit/537.36 (KHTML, like Gecko) Version/4.0 Chrome/60.0.3112.107 Moblie Safari/537.36"
194.165.17.18 - - [17/Jan/2025:14:54:25 +0100] "GET /wp-content/uploads/ HTTP/1.1" 200 1251 "-" "Mozlila/5.0 (Linux; Android 7.0; SM-G892A Bulid/NRD90M; wv) AppleWebKit/537.36 (KHTML, like Gecko) Version/4.0 Chrome/60.0.3112.107 Moblie Safari/537.36"
194.165.17.18 - - [17/Jan/2025:14:54:40 +0100] "GET /wp-content/uploads///wp-content/uploads/2023/ HTTP/1.1" 200 0 "-" "Mozlila/5.0 (Linux; Android 7.0; SM-G892A Bulid/NRD90M; wv) AppleWebKit/537.36 (KHTML, like Gecko) Version/4.0 Chrome/60.0.3112.107 Moblie Safari/537.36"
194.165.17.18 - - [17/Jan/2025:14:56:40 +0100] "GET /wp-includes///wp-includes/interactivity-api/ HTTP/1.1" 200 0 "-" "Mozlila/5.0 (Linux; Android 7.0; SM-G892A Bulid/NRD90M; wv) AppleWebKit/537.36 (KHTML, like Gecko) Version/4.0 Chrome/60.0.3112.107 Moblie Safari/537.36"
194.165.17.18 - - [17/Jan/2025:14:56:46 +0100] "GET /wp-includes///wp-includes/IXR/ HTTP/1.1" 200 0 "-" "Mozlila/5.0 (Linux; Android 7.0; SM-G892A Bulid/NRD90M; wv) AppleWebKit/537.36 (KHTML, like Gecko) Version/4.0 Chrome/60.0.3112.107 Moblie Safari/537.36"
194.165.17.18 - - [17/Jan/2025:14:56:48 +0100] "GET /wp-includes///wp-includes/js/ HTTP/1.1" 200 0 "-" "Mozlila/5.0 (Linux; Android 7.0; SM-G892A Bulid/NRD90M; wv) AppleWebKit/537.36 (KHTML, like Gecko) Version/4.0 Chrome/60.0.3112.107 Moblie Safari/537.36"
194.165.17.18 - - [17/Jan/2025:14:57:24 +0100] "GET /wp-includes///wp-includes/rest-api/ HTTP/1.1" 200 0 "-" "Mozlila/5.0 (Linux; Android 7.0; SM-G892A Bulid/NRD90M; wv) AppleWebKit/537.36 (KHTML, like Gecko) Version/4.0 Chrome/60.0.3112.107 Moblie Safari/537.36"
194.165.17.18 - - [17/Jan/2025:14:57:51 +0100] "GET /wp-includes///wp-includes/Text/ HTTP/1.1" 200 0 "-" "Mozlila/5.0 (Linux; Android 7.0; SM-G892A Bulid/NRD90M; wv) AppleWebKit/537.36 (KHTML, like Gecko) Version/4.0 Chrome/60.0.3112.107 Moblie Safari/537.36"
194.165.17.18 - - [17/Jan/2025:14:58:17 +0100] "GET /wp-includes//wp-includes/atomlib.php HTTP/1.1" 200 0 "-" "Mozlila/5.0 (Linux; Android 7.0; SM-G892A Bulid/NRD90M; wv) AppleWebKit/537.36 (KHTML, like Gecko) Version/4.0 Chrome/60.0.3112.107 Moblie Safari/537.36"
35.231.211.81 - - [17/Jan/2025:15:00:44 +0100] "GET /xmlrpc.php?rsd HTTP/1.1" 500 0 "-" "Mozilla/5.0 (Windows NT 10.0; Win64; x64) AppleWebKit/537.36 (KHTML, like Gecko) Chrome/78.0.3904.108 Safari/537.36"
35.231.211.81 - - [17/Jan/2025:15:00:44 +0100] "GET / HTTP/1.1" 200 0 "-" "Mozilla/5.0 (Windows NT 10.0; Win64; x64) AppleWebKit/537.36 (KHTML, like Gecko) Chrome/78.0.3904.108 Safari/537.36"
35.231.211.81 - - [17/Jan/2025:15:00:44 +0100] "GET /blog/wp-includes/wlwmanifest.xml HTTP/1.1" 200 0 "-" "Mozilla/5.0 (Windows NT 10.0; Win64; x64) AppleWebKit/537.36 (KHTML, like Gecko) Chrome/78.0.3904.108 Safari/537.36"
35.231.211.81 - - [17/Jan/2025:15:00:45 +0100] "GET /web/wp-includes/wlwmanifest.xml HTTP/1.1" 200 0 "-" "Mozilla/5.0 (Windows NT 10.0; Win64; x64) AppleWebKit/537.36 (KHTML, like Gecko) Chrome/78.0.3904.108 Safari/537.36"
35.231.211.81 - - [17/Jan/2025:15:00:45 +0100] "GET /wordpress/wp-includes/wlwmanifest.xml HTTP/1.1" 200 0 "-" "Mozilla/5.0 (Windows NT 10.0; Win64; x64) AppleWebKit/537.36 (KHTML, like Gecko) Chrome/78.0.3904.108 Safari/537.36"
35.231.211.81 - - [17/Jan/2025:15:00:45 +0100] "GET /website/wp-includes/wlwmanifest.xml HTTP/1.1" 200 0 "-" "Mozilla/5.0 (Windows NT 10.0; Win64; x64) AppleWebKit/537.36 (KHTML, like Gecko) Chrome/78.0.3904.108 Safari/537.36"
35.231.211.81 - - [17/Jan/2025:15:00:45 +0100] "GET /wp/wp-includes/wlwmanifest.xml HTTP/1.1" 200 0 "-" "Mozilla/5.0 (Windows NT 10.0; Win64; x64) AppleWebKit/537.36 (KHTML, like Gecko) Chrome/78.0.3904.108 Safari/537.36"
35.231.211.81 - - [17/Jan/2025:15:00:45 +0100] "GET /news/wp-includes/wlwmanifest.xml HTTP/1.1" 200 0 "-" "Mozilla/5.0 (Windows NT 10.0; Win64; x64) AppleWebKit/537.36 (KHTML, like Gecko) Chrome/78.0.3904.108 Safari/537.36"
35.231.211.81 - - [17/Jan/2025:15:00:45 +0100] "GET /2018/wp-includes/wlwmanifest.xml HTTP/1.1" 200 0 "-" "Mozilla/5.0 (Windows NT 10.0; Win64; x64) AppleWebKit/537.36 (KHTML, like Gecko) Chrome/78.0.3904.108 Safari/537.36"
35.231.211.81 - - [17/Jan/2025:15:00:46 +0100] "GET /2019/wp-includes/wlwmanifest.xml HTTP/1.1" 200 0 "-" "Mozilla/5.0 (Windows NT 10.0; Win64; x64) AppleWebKit/537.36 (KHTML, like Gecko) Chrome/78.0.3904.108 Safari/537.36"
35.231.211.81 - - [17/Jan/2025:15:00:46 +0100] "GET /shop/wp-includes/wlwmanifest.xml HTTP/1.1" 200 0 "-" "Mozilla/5.0 (Windows NT 10.0; Win64; x64) AppleWebKit/537.36 (KHTML, like Gecko) Chrome/78.0.3904.108 Safari/537.36"
35.231.211.81 - - [17/Jan/2025:15:00:46 +0100] "GET /wp1/wp-includes/wlwmanifest.xml HTTP/1.1" 200 0 "-" "Mozilla/5.0 (Windows NT 10.0; Win64; x64) AppleWebKit/537.36 (KHTML, like Gecko) Chrome/78.0.3904.108 Safari/537.36"
35.231.211.81 - - [17/Jan/2025:15:00:49 +0100] "GET /test/wp-includes/wlwmanifest.xml HTTP/1.1" 200 0 "-" "Mozilla/5.0 (Windows NT 10.0; Win64; x64) AppleWebKit/537.36 (KHTML, like Gecko) Chrome/78.0.3904.108 Safari/537.36"
35.231.211.81 - - [17/Jan/2025:15:00:50 +0100] "GET /media/wp-includes/wlwmanifest.xml HTTP/1.1" 200 0 "-" "Mozilla/5.0 (Windows NT 10.0; Win64; x64) AppleWebKit/537.36 (KHTML, like Gecko) Chrome/78.0.3904.108 Safari/537.36"
35.231.211.81 - - [17/Jan/2025:15:00:50 +0100] "GET /wp2/wp-includes/wlwmanifest.xml HTTP/1.1" 200 0 "-" "Mozilla/5.0 (Windows NT 10.0; Win64; x64) AppleWebKit/537.36 (KHTML, like Gecko) Chrome/78.0.3904.108 Safari/537.36"
35.231.211.81 - - [17/Jan/2025:15:00:50 +0100] "GET /site/wp-includes/wlwmanifest.xml HTTP/1.1" 200 0 "-" "Mozilla/5.0 (Windows NT 10.0; Win64; x64) AppleWebKit/537.36 (KHTML, like Gecko) Chrome/78.0.3904.108 Safari/537.36"
35.231.211.81 - - [17/Jan/2025:15:00:50 +0100] "GET /cms/wp-includes/wlwmanifest.xml HTTP/1.1" 200 0 "-" "Mozilla/5.0 (Windows NT 10.0; Win64; x64) AppleWebKit/537.36 (KHTML, like Gecko) Chrome/78.0.3904.108 Safari/537.36"
35.231.211.81 - - [17/Jan/2025:15:00:51 +0100] "GET /sito/wp-includes/wlwmanifest.xml HTTP/1.1" 200 0 "-" "Mozilla/5.0 (Windows NT 10.0; Win64; x64) AppleWebKit/537.36 (KHTML, like Gecko) Chrome/78.0.3904.108 Safari/537.36"
104.131.102.214 - - [17/Jan/2025:14:45:36 +0100] "GET /wp-login.php HTTP/1.1" 200 0 "-" "Mozilla/5.0 (X11; Ubuntu; Linux x86_64; rv:62.0) Gecko/20100101 Firefox/62.0"
194.165.17.18 - - [17/Jan/2025:14:54:05 +0100] "GET /vendor/phpunit/phpunit/src/Util/PHP/ HTTP/1.1" 200 0 "-" "Mozlila/5.0 (Linux; Android 7.0; SM-G892A Bulid/NRD90M; wv) AppleWebKit/537.36 (KHTML, like Gecko) Version/4.0 Chrome/60.0.3112.107 Moblie Safari/537.36"
194.165.17.18 - - [17/Jan/2025:14:54:13 +0100] "GET /.well-known/ HTTP/1.1" 200 827 "-" "Mozlila/5.0 (Linux; Android 7.0; SM-G892A Bulid/NRD90M; wv) AppleWebKit/537.36 (KHTML, like Gecko) Version/4.0 Chrome/60.0.3112.107 Moblie Safari/537.36"
194.165.17.18 - - [17/Jan/2025:14:54:19 +0100] "GET /.well-known//.well-known/mah.php HTTP/1.1" 200 0 "-" "Mozlila/5.0 (Linux; Android 7.0; SM-G892A Bulid/NRD90M; wv) AppleWebKit/537.36 (KHTML, like Gecko) Version/4.0 Chrome/60.0.3112.107 Moblie Safari/537.36"
194.165.17.18 - - [17/Jan/2025:14:55:33 +0100] "GET /wp-includes///wp-includes/assets/ HTTP/1.1" 200 0 "-" "Mozlila/5.0 (Linux; Android 7.0; SM-G892A Bulid/NRD90M; wv) AppleWebKit/537.36 (KHTML, like Gecko) Version/4.0 Chrome/60.0.3112.107 Moblie Safari/537.36"
194.165.17.18 - - [17/Jan/2025:14:55:57 +0100] "GET /wp-includes///wp-includes/certificates/ HTTP/1.1" 200 0 "-" "Mozlila/5.0 (Linux; Android 7.0; SM-G892A Bulid/NRD90M; wv) AppleWebKit/537.36 (KHTML, like Gecko) Version/4.0 Chrome/60.0.3112.107 Moblie Safari/537.36"
194.165.17.18 - - [17/Jan/2025:14:57:14 +0100] "GET /wp-includes///wp-includes/pomo/ HTTP/1.1" 200 0 "-" "Mozlila/5.0 (Linux; Android 7.0; SM-G892A Bulid/NRD90M; wv) AppleWebKit/537.36 (KHTML, like Gecko) Version/4.0 Chrome/60.0.3112.107 Moblie Safari/537.36"
194.165.17.18 - - [17/Jan/2025:14:57:34 +0100] "GET /wp-includes///wp-includes/sitemaps/ HTTP/1.1" 200 0 "-" "Mozlila/5.0 (Linux; Android 7.0; SM-G892A Bulid/NRD90M; wv) AppleWebKit/537.36 (KHTML, like Gecko) Version/4.0 Chrome/60.0.3112.107 Moblie Safari/537.36"
194.165.17.18 - - [17/Jan/2025:14:58:06 +0100] "GET /wp-includes///wp-includes/widgets/ HTTP/1.1" 200 0 "-" "Mozlila/5.0 (Linux; Android 7.0; SM-G892A Bulid/NRD90M; wv) AppleWebKit/537.36 (KHTML, like Gecko) Version/4.0 Chrome/60.0.3112.107 Moblie Safari/537.36"
194.165.17.18 - - [17/Jan/2025:14:58:08 +0100] "GET /wp-includes//wp-includes/admin-bar.php HTTP/1.1" 200 0 "-" "Mozlila/5.0 (Linux; Android 7.0; SM-G892A Bulid/NRD90M; wv) AppleWebKit/537.36 (KHTML, like Gecko) Version/4.0 Chrome/60.0.3112.107 Moblie Safari/537.36"
194.165.17.18 - - [17/Jan/2025:14:58:42 +0100] "GET /wp-includes//wp-includes/block-patterns.php HTTP/1.1" 200 0 "-" "Mozlila/5.0 (Linux; Android 7.0; SM-G892A Bulid/NRD90M; wv) AppleWebKit/537.36 (KHTML, like Gecko) Version/4.0 Chrome/60.0.3112.107 Moblie Safari/537.36"
194.165.17.18 - - [17/Jan/2025:14:58:56 +0100] "GET /wp-includes//wp-includes/block-template.php HTTP/1.1" 200 0 "-" "Mozlila/5.0 (Linux; Android 7.0; SM-G892A Bulid/NRD90M; wv) AppleWebKit/537.36 (KHTML, like Gecko) Version/4.0 Chrome/60.0.3112.107 Moblie Safari/537.36"
194.165.17.18 - - [17/Jan/2025:14:55:41 +0100] "GET /wp-includes///wp-includes/block-patterns/ HTTP/1.1" 200 0 "-" "Mozlila/5.0 (Linux; Android 7.0; SM-G892A Bulid/NRD90M; wv) AppleWebKit/537.36 (KHTML, like Gecko) Version/4.0 Chrome/60.0.3112.107 Moblie Safari/537.36"
194.165.17.18 - - [17/Jan/2025:14:55:52 +0100] "GET /wp-includes///wp-includes/blocks/ HTTP/1.1" 200 0 "-" "Mozlila/5.0 (Linux; Android 7.0; SM-G892A Bulid/NRD90M; wv) AppleWebKit/537.36 (KHTML, like Gecko) Version/4.0 Chrome/60.0.3112.107 Moblie Safari/537.36"
194.165.17.18 - - [17/Jan/2025:14:56:15 +0100] "GET /wp-includes///wp-includes/fonts/ HTTP/1.1" 200 0 "-" "Mozlila/5.0 (Linux; Android 7.0; SM-G892A Bulid/NRD90M; wv) AppleWebKit/537.36 (KHTML, like Gecko) Version/4.0 Chrome/60.0.3112.107 Moblie Safari/537.36"
194.165.17.18 - - [17/Jan/2025:14:56:31 +0100] "GET /wp-includes///wp-includes/images/ HTTP/1.1" 200 0 "-" "Mozlila/5.0 (Linux; Android 7.0; SM-G892A Bulid/NRD90M; wv) AppleWebKit/537.36 (KHTML, like Gecko) Version/4.0 Chrome/60.0.3112.107 Moblie Safari/537.36"
194.165.17.18 - - [17/Jan/2025:14:57:26 +0100] "GET /wp-includes///wp-includes/rest-api/ HTTP/1.1" 200 0 "-" "Mozlila/5.0 (Linux; Android 7.0; SM-G892A Bulid/NRD90M; wv) AppleWebKit/537.36 (KHTML, like Gecko) Version/4.0 Chrome/60.0.3112.107 Moblie Safari/537.36"
194.165.17.18 - - [17/Jan/2025:14:58:40 +0100] "GET /wp-includes//wp-includes/block-patterns.php HTTP/1.1" 200 0 "-" "Mozlila/5.0 (Linux; Android 7.0; SM-G892A Bulid/NRD90M; wv) AppleWebKit/537.36 (KHTML, like Gecko) Version/4.0 Chrome/60.0.3112.107 Moblie Safari/537.36"
194.165.17.18 - - [17/Jan/2025:14:58:53 +0100] "GET /wp-includes//wp-includes/block-template.php HTTP/1.1" 200 0 "-" "Mozlila/5.0 (Linux; Android 7.0; SM-G892A Bulid/NRD90M; wv) AppleWebKit/537.36 (KHTML, like Gecko) Version/4.0 Chrome/60.0.3112.107 Moblie Safari/537.36"
34.85.224.31 - - [17/Jan/2025:15:41:23 +0100] "GET / HTTP/1.1" 200 0 "-" "Mozilla/5.0 (Windows NT 10.0; Win64; x64) AppleWebKit/537.36 (KHTML, like Gecko) Chrome/78.0.3904.108 Safari/537.36"
34.85.224.31 - - [17/Jan/2025:15:41:23 +0100] "GET / HTTP/1.1" 200 0 "-" "Mozilla/5.0 (Windows NT 10.0; Win64; x64) AppleWebKit/537.36 (KHTML, like Gecko) Chrome/78.0.3904.108 Safari/537.36"
34.85.224.31 - - [17/Jan/2025:15:41:23 +0100] "GET /wp-includes/wlwmanifest.xml HTTP/1.1" 200 0 "-" "Mozilla/5.0 (Windows NT 10.0; Win64; x64) AppleWebKit/537.36 (KHTML, like Gecko) Chrome/78.0.3904.108 Safari/537.36"
34.85.224.31 - - [17/Jan/2025:15:41:23 +0100] "GET /xmlrpc.php?rsd HTTP/1.1" 500 0 "-" "Mozilla/5.0 (Windows NT 10.0; Win64; x64) AppleWebKit/537.36 (KHTML, like Gecko) Chrome/78.0.3904.108 Safari/537.36"
34.85.224.31 - - [17/Jan/2025:15:41:24 +0100] "GET / HTTP/1.1" 200 0 "-" "Mozilla/5.0 (Windows NT 10.0; Win64; x64) AppleWebKit/537.36 (KHTML, like Gecko) Chrome/78.0.3904.108 Safari/537.36"
34.85.224.31 - - [17/Jan/2025:15:41:24 +0100] "GET /blog/wp-includes/wlwmanifest.xml HTTP/1.1" 200 0 "-" "Mozilla/5.0 (Windows NT 10.0; Win64; x64) AppleWebKit/537.36 (KHTML, like Gecko) Chrome/78.0.3904.108 Safari/537.36"
34.85.224.31 - - [17/Jan/2025:15:41:24 +0100] "GET /web/wp-includes/wlwmanifest.xml HTTP/1.1" 200 0 "-" "Mozilla/5.0 (Windows NT 10.0; Win64; x64) AppleWebKit/537.36 (KHTML, like Gecko) Chrome/78.0.3904.108 Safari/537.36"
34.85.224.31 - - [17/Jan/2025:15:41:25 +0100] "GET /wordpress/wp-includes/wlwmanifest.xml HTTP/1.1" 200 0 "-" "Mozilla/5.0 (Windows NT 10.0; Win64; x64) AppleWebKit/537.36 (KHTML, like Gecko) Chrome/78.0.3904.108 Safari/537.36"
34.85.224.31 - - [17/Jan/2025:15:41:25 +0100] "GET /website/wp-includes/wlwmanifest.xml HTTP/1.1" 200 0 "-" "Mozilla/5.0 (Windows NT 10.0; Win64; x64) AppleWebKit/537.36 (KHTML, like Gecko) Chrome/78.0.3904.108 Safari/537.36"
34.85.224.31 - - [17/Jan/2025:15:41:26 +0100] "GET /wp/wp-includes/wlwmanifest.xml HTTP/1.1" 200 0 "-" "Mozilla/5.0 (Windows NT 10.0; Win64; x64) AppleWebKit/537.36 (KHTML, like Gecko) Chrome/78.0.3904.108 Safari/537.36"
34.85.224.31 - - [17/Jan/2025:15:41:26 +0100] "GET /news/wp-includes/wlwmanifest.xml HTTP/1.1" 200 0 "-" "Mozilla/5.0 (Windows NT 10.0; Win64; x64) AppleWebKit/537.36 (KHTML, like Gecko) Chrome/78.0.3904.108 Safari/537.36"
34.85.224.31 - - [17/Jan/2025:15:41:26 +0100] "GET /2018/wp-includes/wlwmanifest.xml HTTP/1.1" 200 0 "-" "Mozilla/5.0 (Windows NT 10.0; Win64; x64) AppleWebKit/537.36 (KHTML, like Gecko) Chrome/78.0.3904.108 Safari/537.36"
34.85.224.31 - - [17/Jan/2025:15:41:27 +0100] "GET /2019/wp-includes/wlwmanifest.xml HTTP/1.1" 200 0 "-" "Mozilla/5.0 (Windows NT 10.0; Win64; x64) AppleWebKit/537.36 (KHTML, like Gecko) Chrome/78.0.3904.108 Safari/537.36"
34.85.224.31 - - [17/Jan/2025:15:41:28 +0100] "GET /shop/wp-includes/wlwmanifest.xml HTTP/1.1" 200 0 "-" "Mozilla/5.0 (Windows NT 10.0; Win64; x64) AppleWebKit/537.36 (KHTML, like Gecko) Chrome/78.0.3904.108 Safari/537.36"
34.85.224.31 - - [17/Jan/2025:15:41:29 +0100] "GET /wp1/wp-includes/wlwmanifest.xml HTTP/1.1" 200 0 "-" "Mozilla/5.0 (Windows NT 10.0; Win64; x64) AppleWebKit/537.36 (KHTML, like Gecko) Chrome/78.0.3904.108 Safari/537.36"
34.85.224.31 - - [17/Jan/2025:15:41:29 +0100] "GET /test/wp-includes/wlwmanifest.xml HTTP/1.1" 200 0 "-" "Mozilla/5.0 (Windows NT 10.0; Win64; x64) AppleWebKit/537.36 (KHTML, like Gecko) Chrome/78.0.3904.108 Safari/537.36"
34.85.224.31 - - [17/Jan/2025:15:41:29 +0100] "GET /media/wp-includes/wlwmanifest.xml HTTP/1.1" 200 0 "-" "Mozilla/5.0 (Windows NT 10.0; Win64; x64) AppleWebKit/537.36 (KHTML, like Gecko) Chrome/78.0.3904.108 Safari/537.36"
34.85.224.31 - - [17/Jan/2025:15:41:29 +0100] "GET /wp2/wp-includes/wlwmanifest.xml HTTP/1.1" 200 0 "-" "Mozilla/5.0 (Windows NT 10.0; Win64; x64) AppleWebKit/537.36 (KHTML, like Gecko) Chrome/78.0.3904.108 Safari/537.36"
157.55.39.9 - - [17/Jan/2025:15:32:51 +0100] "GET /amata/f2648754.html HTTP/1.1" 200 0 "-" "Mozilla/5.0 AppleWebKit/537.36 (KHTML, like Gecko; compatible; bingbot/2.0; +http://www.bing.com/bingbot.htm) Chrome/116.0.1938.76 Safari/537.36"
207.46.13.54 - - [17/Jan/2025:15:26:10 +0100] "GET /aeimq/s3044799.html HTTP/1.1" 200 0 "-" "Mozilla/5.0 AppleWebKit/537.36 (KHTML, like Gecko; compatible; bingbot/2.0; +http://www.bing.com/bingbot.htm) Chrome/116.0.1938.76 Safari/537.36"
207.46.13.160 - - [17/Jan/2025:15:08:24 +0100] "GET /epjcg/h2077146.html HTTP/1.1" 200 0 "-" "Mozilla/5.0 AppleWebKit/537.36 (KHTML, like Gecko; compatible; bingbot/2.0; +http://www.bing.com/bingbot.htm) Chrome/116.0.1938.76 Safari/537.36"
34.85.224.31 - - [17/Jan/2025:15:41:29 +0100] "GET /site/wp-includes/wlwmanifest.xml HTTP/1.1" 200 0 "-" "Mozilla/5.0 (Windows NT 10.0; Win64; x64) AppleWebKit/537.36 (KHTML, like Gecko) Chrome/78.0.3904.108 Safari/537.36"
34.85.224.31 - - [17/Jan/2025:15:41:29 +0100] "GET /cms/wp-includes/wlwmanifest.xml HTTP/1.1" 200 0 "-" "Mozilla/5.0 (Windows NT 10.0; Win64; x64) AppleWebKit/537.36 (KHTML, like Gecko) Chrome/78.0.3904.108 Safari/537.36"
34.85.224.31 - - [17/Jan/2025:15:41:29 +0100] "GET /sito/wp-includes/wlwmanifest.xml HTTP/1.1" 200 0 "-" "Mozilla/5.0 (Windows NT 10.0; Win64; x64) AppleWebKit/537.36 (KHTML, like Gecko) Chrome/78.0.3904.108 Safari/537.36"
157.55.39.6 - - [17/Jan/2025:16:10:01 +0100] "GET /bxrds/v2783268.html HTTP/1.1" 200 0 "-" "Mozilla/5.0 AppleWebKit/537.36 (KHTML, like Gecko; compatible; bingbot/2.0; +http://www.bing.com/bingbot.htm) Chrome/116.0.1938.76 Safari/537.36"
60.188.57.0 - - [17/Jan/2025:16:36:58 +0100] "GET / HTTP/1.1" 200 0 "-" "Mozilla/5.0 (iPhone; CPU iPhone OS 13_2_3 like Mac OS X) AppleWebKit/605.1.15 (KHTML, like Gecko) Version/13.0.3 Mobile/15E148 Safari/604.1"
52.167.144.213 - - [17/Jan/2025:16:52:18 +0100] "GET /baqol/n1820818.html HTTP/1.1" 200 0 "-" "Mozilla/5.0 AppleWebKit/537.36 (KHTML, like Gecko; compatible; bingbot/2.0; +http://www.bing.com/bingbot.htm) Chrome/116.0.1938.76 Safari/537.36"
166.88.54.156 - - [17/Jan/2025:16:14:54 +0100] "GET /.env HTTP/1.1" 200 0 "-" "Mozilla/5.0 (Macintosh; Intel Mac OS X 10.15; rv:77.0) Gecko/20100101 Firefox/77.0"
52.167.144.219 - - [17/Jan/2025:16:15:52 +0100] "GET /canpa/m2249323.html HTTP/1.1" 200 0 "-" "Mozilla/5.0 AppleWebKit/537.36 (KHTML, like Gecko; compatible; bingbot/2.0; +http://www.bing.com/bingbot.htm) Chrome/116.0.1938.76 Safari/537.36"
66.249.66.65 - - [17/Jan/2025:16:24:22 +0100] "GET /robots.txt HTTP/1.1" 200 86 "-" "Mozilla/5.0 (compatible; Googlebot/2.1; +http://www.google.com/bot.html)"
66.249.66.65 - - [17/Jan/2025:16:39:37 +0100] "GET / HTTP/1.1" 200 0 "-" "Mozilla/5.0 (Linux; Android 6.0.1; Nexus 5X Build/MMB29P) AppleWebKit/537.36 (KHTML, like Gecko) Chrome/132.0.6834.83 Mobile Safari/537.36 (compatible; Googlebot/2.1; +http://www.google.com/bot.html)"
40.77.167.15 - - [17/Jan/2025:16:50:42 +0100] "GET /aakka/v2137350.html HTTP/1.1" 200 0 "-" "Mozilla/5.0 AppleWebKit/537.36 (KHTML, like Gecko; compatible; bingbot/2.0; +http://www.bing.com/bingbot.htm) Chrome/116.0.1938.76 Safari/537.36"
207.46.13.92 - - [17/Jan/2025:15:55:28 +0100] "GET /ariip/t1537788.html HTTP/1.1" 200 0 "-" "Mozilla/5.0 AppleWebKit/537.36 (KHTML, like Gecko; compatible; bingbot/2.0; +http://www.bing.com/bingbot.htm) Chrome/116.0.1938.76 Safari/537.36"
207.46.13.92 - - [17/Jan/2025:15:58:59 +0100] "GET /axydn/q1847835.html HTTP/1.1" 200 0 "-" "Mozilla/5.0 AppleWebKit/537.36 (KHTML, like Gecko; compatible; bingbot/2.0; +http://www.bing.com/bingbot.htm) Chrome/116.0.1938.76 Safari/537.36"
207.46.13.92 - - [17/Jan/2025:16:00:09 +0100] "GET /aqwat/i2724807.html HTTP/1.1" 200 0 "-" "Mozilla/5.0 AppleWebKit/537.36 (KHTML, like Gecko; compatible; bingbot/2.0; +http://www.bing.com/bingbot.htm) Chrome/116.0.1938.76 Safari/537.36"
66.249.66.65 - - [17/Jan/2025:16:24:22 +0100] "GET / HTTP/1.1" 200 0 "-" "Mozilla/5.0 (compatible; Googlebot/2.1; +http://www.google.com/bot.html)"
66.249.66.65 - - [17/Jan/2025:16:26:24 +0100] "GET /favicon.ico HTTP/1.1" 404 1251 "-" "Googlebot-Image/1.0"
40.77.167.70 - - [17/Jan/2025:17:22:16 +0100] "GET /ajacn/z967640.html HTTP/1.1" 200 0 "-" "Mozilla/5.0 AppleWebKit/537.36 (KHTML, like Gecko; compatible; bingbot/2.0; +http://www.bing.com/bingbot.htm) Chrome/116.0.1938.76 Safari/537.36"
52.167.144.20 - - [17/Jan/2025:17:03:48 +0100] "GET /caofm/k787991.html HTTP/1.1" 200 0 "-" "Mozilla/5.0 AppleWebKit/537.36 (KHTML, like Gecko; compatible; bingbot/2.0; +http://www.bing.com/bingbot.htm) Chrome/116.0.1938.76 Safari/537.36"
184.154.139.49 - - [17/Jan/2025:18:40:01 +0100] "GET /th1s_1s_a_4o4.html HTTP/1.1" 200 0 "http://www.realadssolution.com/th1s_1s_a_4o4.html" "Mozilla/5.0 (compatible; MSIE 9.0; Windows NT 6.1; WOW64; Trident/6.0)"
40.77.167.151 - - [17/Jan/2025:18:26:03 +0100] "GET /advaa/z971436.html HTTP/1.1" 200 0 "-" "Mozilla/5.0 AppleWebKit/537.36 (KHTML, like Gecko; compatible; bingbot/2.0; +http://www.bing.com/bingbot.htm) Chrome/116.0.1938.76 Safari/537.36"
184.154.139.49 - - [17/Jan/2025:18:40:01 +0100] "GET /th1s_1s_a_4o4.html HTTP/1.1" 200 0 "http://www.google.com/url?url=www.realadssolution.com&yahoo.com" "Mozilla/5.0 (compatible; MSIE 9.0; Windows NT 6.1; WOW64; Trident/6.0)"
184.154.139.49 - - [17/Jan/2025:18:40:01 +0100] "GET / HTTP/1.1" 200 0 "http://www.google.com/url?url=www.realadssolution.com&yahoo.com" "Mozilla/5.0 (compatible; MSIE 9.0; Windows NT 6.1; WOW64; Trident/6.0)"
207.46.13.102 - - [17/Jan/2025:18:43:18 +0100] "GET /amdnw/y2092711.html HTTP/1.1" 200 0 "-" "Mozilla/5.0 AppleWebKit/537.36 (KHTML, like Gecko; compatible; bingbot/2.0; +http://www.bing.com/bingbot.htm) Chrome/116.0.1938.76 Safari/537.36"
40.77.167.55 - - [17/Jan/2025:18:13:42 +0100] "GET /araab/n1902718.html HTTP/1.1" 200 0 "-" "Mozilla/5.0 AppleWebKit/537.36 (KHTML, like Gecko; compatible; bingbot/2.0; +http://www.bing.com/bingbot.htm) Chrome/116.0.1938.76 Safari/537.36"
207.46.13.153 - - [17/Jan/2025:18:04:24 +0100] "GET /abago/g620963.html HTTP/1.1" 200 0 "-" "Mozilla/5.0 AppleWebKit/537.36 (KHTML, like Gecko; compatible; bingbot/2.0; +http://www.bing.com/bingbot.htm) Chrome/116.0.1938.76 Safari/537.36"
184.154.139.49 - - [17/Jan/2025:18:40:01 +0100] "GET / HTTP/1.1" 200 0 "http://www.realadssolution.com" "Mozilla/5.0 (compatible; MSIE 9.0; Windows NT 6.1; WOW64; Trident/6.0)"
52.167.144.221 - - [17/Jan/2025:18:04:03 +0100] "GET /akfas/j782244.html HTTP/1.1" 200 0 "-" "Mozilla/5.0 AppleWebKit/537.36 (KHTML, like Gecko; compatible; bingbot/2.0; +http://www.bing.com/bingbot.htm) Chrome/116.0.1938.76 Safari/537.36"
212.227.201.53 - - [17/Jan/2025:19:17:19 +0100] "GET /wp-content/plugins/WordPressCore/include.php HTTP/1.1" 200 0 "www.google.com" "Mozlila/5.0 (Linux; Android 7.0; SM-G892A Bulid/NRD90M; wv) AppleWebKit/537.36 (KHTML, like Gecko) Version/4.0 Chrome/60.0.3112.107 Moblie Safari/537.36"
212.227.201.53 - - [17/Jan/2025:19:17:18 +0100] "GET /wp-content/plugins/include.php HTTP/1.1" 200 0 "www.google.com" "Mozlila/5.0 (Linux; Android 7.0; SM-G892A Bulid/NRD90M; wv) AppleWebKit/537.36 (KHTML, like Gecko) Version/4.0 Chrome/60.0.3112.107 Moblie Safari/537.36"
212.227.201.53 - - [17/Jan/2025:19:17:18 +0100] "GET /wp-content/themes/include.php HTTP/1.1" 200 0 "www.google.com" "Mozlila/5.0 (Linux; Android 7.0; SM-G892A Bulid/NRD90M; wv) AppleWebKit/537.36 (KHTML, like Gecko) Version/4.0 Chrome/60.0.3112.107 Moblie Safari/537.36"
43.128.100.220 - - [17/Jan/2025:20:10:45 +0100] "GET / HTTP/1.1" 200 0 "-" "Mozilla/5.0 (iPhone; CPU iPhone OS 13_2_3 like Mac OS X) AppleWebKit/605.1.15 (KHTML, like Gecko) Version/13.0.3 Mobile/15E148 Safari/604.1"
157.245.146.26 - - [17/Jan/2025:20:17:12 +0100] "GET /sendgrid/.env HTTP/1.1" 200 0 "-" "Mozilla/5.0 (X11; Linux x86_64) AppleWebKit/537.36 (KHTML, like Gecko) Chrome/81.0.4044.129 Safari/537.36"
157.245.146.26 - - [17/Jan/2025:20:17:12 +0100] "POST / HTTP/1.1" 200 0 "-" "Mozilla/5.0 (X11; Linux x86_64) AppleWebKit/537.36 (KHTML, like Gecko) Chrome/81.0.4044.129 Safari/537.36"
157.245.146.26 - - [17/Jan/2025:20:17:11 +0100] "GET /.env HTTP/1.1" 200 0 "-" "Mozilla/5.0 (X11; Linux x86_64) AppleWebKit/537.36 (KHTML, like Gecko) Chrome/81.0.4044.129 Safari/537.36"
157.245.146.26 - - [17/Jan/2025:20:17:13 +0100] "POST / HTTP/1.1" 200 0 "-" "Mozilla/5.0 (X11; Linux x86_64) AppleWebKit/537.36 (KHTML, like Gecko) Chrome/81.0.4044.129 Safari/537.36"
178.128.48.219 - - [17/Jan/2025:21:05:55 +0100] "GET / HTTP/1.1" 200 0 "-" "Mozilla/5.0 (Windows NT 10.0; Win64; x64) AppleWebKit/537.36 (KHTML, like Gecko) Chrome/95.0.4638.69 Safari/537.36"
178.128.48.219 - - [17/Jan/2025:21:05:55 +0100] "GET /wp-includes/ID3/license.txt HTTP/1.1" 200 1396 "-" "Mozilla/5.0 (Windows NT 10.0; Win64; x64) AppleWebKit/537.36 (KHTML, like Gecko) Chrome/95.0.4638.69 Safari/537.36"
178.128.48.219 - - [17/Jan/2025:21:05:55 +0100] "GET /feed/ HTTP/1.1" 200 0 "-" "Mozilla/5.0 (Windows NT 10.0; Win64; x64) AppleWebKit/537.36 (KHTML, like Gecko) Chrome/95.0.4638.69 Safari/537.36"
178.128.48.219 - - [17/Jan/2025:21:05:56 +0100] "GET /xmlrpc.php?rsd HTTP/1.1" 500 0 "-" "Mozilla/5.0 (Windows NT 10.0; Win64; x64) AppleWebKit/537.36 (KHTML, like Gecko) Chrome/95.0.4638.69 Safari/537.36"
178.128.48.219 - - [17/Jan/2025:21:05:56 +0100] "GET /blog/wp-includes/wlwmanifest.xml HTTP/1.1" 200 0 "-" "Mozilla/5.0 (Windows NT 10.0; Win64; x64) AppleWebKit/537.36 (KHTML, like Gecko) Chrome/95.0.4638.69 Safari/537.36"
178.128.48.219 - - [17/Jan/2025:21:05:56 +0100] "GET /web/wp-includes/wlwmanifest.xml HTTP/1.1" 200 0 "-" "Mozilla/5.0 (Windows NT 10.0; Win64; x64) AppleWebKit/537.36 (KHTML, like Gecko) Chrome/95.0.4638.69 Safari/537.36"
178.128.48.219 - - [17/Jan/2025:21:05:56 +0100] "GET /wordpress/wp-includes/wlwmanifest.xml HTTP/1.1" 200 0 "-" "Mozilla/5.0 (Windows NT 10.0; Win64; x64) AppleWebKit/537.36 (KHTML, like Gecko) Chrome/95.0.4638.69 Safari/537.36"
178.128.48.219 - - [17/Jan/2025:21:05:57 +0100] "GET /wp/wp-includes/wlwmanifest.xml HTTP/1.1" 200 0 "-" "Mozilla/5.0 (Windows NT 10.0; Win64; x64) AppleWebKit/537.36 (KHTML, like Gecko) Chrome/95.0.4638.69 Safari/537.36"
178.128.48.219 - - [17/Jan/2025:21:05:57 +0100] "GET /2020/wp-includes/wlwmanifest.xml HTTP/1.1" 200 0 "-" "Mozilla/5.0 (Windows NT 10.0; Win64; x64) AppleWebKit/537.36 (KHTML, like Gecko) Chrome/95.0.4638.69 Safari/537.36"
178.128.48.219 - - [17/Jan/2025:21:05:57 +0100] "GET /2019/wp-includes/wlwmanifest.xml HTTP/1.1" 200 0 "-" "Mozilla/5.0 (Windows NT 10.0; Win64; x64) AppleWebKit/537.36 (KHTML, like Gecko) Chrome/95.0.4638.69 Safari/537.36"
178.128.48.219 - - [17/Jan/2025:21:05:57 +0100] "GET /2021/wp-includes/wlwmanifest.xml HTTP/1.1" 200 0 "-" "Mozilla/5.0 (Windows NT 10.0; Win64; x64) AppleWebKit/537.36 (KHTML, like Gecko) Chrome/95.0.4638.69 Safari/537.36"
178.128.48.219 - - [17/Jan/2025:21:05:58 +0100] "GET /shop/wp-includes/wlwmanifest.xml HTTP/1.1" 200 0 "-" "Mozilla/5.0 (Windows NT 10.0; Win64; x64) AppleWebKit/537.36 (KHTML, like Gecko) Chrome/95.0.4638.69 Safari/537.36"
178.128.48.219 - - [17/Jan/2025:21:05:58 +0100] "GET /wp1/wp-includes/wlwmanifest.xml HTTP/1.1" 200 0 "-" "Mozilla/5.0 (Windows NT 10.0; Win64; x64) AppleWebKit/537.36 (KHTML, like Gecko) Chrome/95.0.4638.69 Safari/537.36"
178.128.48.219 - - [17/Jan/2025:21:05:58 +0100] "GET /test/wp-includes/wlwmanifest.xml HTTP/1.1" 200 0 "-" "Mozilla/5.0 (Windows NT 10.0; Win64; x64) AppleWebKit/537.36 (KHTML, like Gecko) Chrome/95.0.4638.69 Safari/537.36"
178.128.48.219 - - [17/Jan/2025:21:05:58 +0100] "GET /site/wp-includes/wlwmanifest.xml HTTP/1.1" 200 0 "-" "Mozilla/5.0 (Windows NT 10.0; Win64; x64) AppleWebKit/537.36 (KHTML, like Gecko) Chrome/95.0.4638.69 Safari/537.36"
178.128.48.219 - - [17/Jan/2025:21:05:59 +0100] "GET /cms/wp-includes/wlwmanifest.xml HTTP/1.1" 200 0 "-" "Mozilla/5.0 (Windows NT 10.0; Win64; x64) AppleWebKit/537.36 (KHTML, like Gecko) Chrome/95.0.4638.69 Safari/537.36"
170.64.181.127 - - [17/Jan/2025:21:19:54 +0100] "GET /?author=21 HTTP/1.1" 200 0 "-" "Mozilla/5.0 (Linux; Android 10; LM-Q720) AppleWebKit/537.36 (KHTML, like Gecko) Chrome/91.0.4472.114 Mobile Safari/537.36"
170.64.181.127 - - [17/Jan/2025:21:19:55 +0100] "GET /?author=22 HTTP/1.1" 200 0 "-" "Mozilla/5.0 (Linux; Android 10; LM-Q720) AppleWebKit/537.36 (KHTML, like Gecko) Chrome/91.0.4472.114 Mobile Safari/537.36"
47.242.68.101 - - [17/Jan/2025:21:19:55 +0100] "GET /?author=12 HTTP/1.1" 200 0 "-" "Mozilla/5.0 (Windows NT 6.1; WOW64; rv:44.0) Gecko/20100101 Firefox/44.0"
170.64.181.127 - - [17/Jan/2025:21:19:53 +0100] "GET /?author=21 HTTP/1.1" 200 0 "-" "Mozilla/5.0 (Linux; Android 10; LM-Q720) AppleWebKit/537.36 (KHTML, like Gecko) Chrome/91.0.4472.114 Mobile Safari/537.36"
47.242.68.101 - - [17/Jan/2025:21:19:55 +0100] "GET /?author=11 HTTP/1.1" 200 0 "-" "Mozilla/5.0 (Windows NT 6.1; WOW64; rv:44.0) Gecko/20100101 Firefox/44.0"
89.117.74.245 - - [17/Jan/2025:21:19:55 +0100] "GET /?author=4 HTTP/1.1" 200 0 "-" "Mozilla/5.0 (Windows NT 10.0; Win64; x64) AppleWebKit/537.36 (KHTML, like Gecko) Chrome/64.0.3282.186 Safari/537.36"
89.117.74.245 - - [17/Jan/2025:21:19:55 +0100] "GET /?author=5 HTTP/1.1" 200 0 "-" "Mozilla/5.0 (Windows NT 10.0; Win64; x64) AppleWebKit/537.36 (KHTML, like Gecko) Chrome/64.0.3282.186 Safari/537.36"
47.242.68.101 - - [17/Jan/2025:21:19:55 +0100] "GET /?author=13 HTTP/1.1" 200 0 "-" "Mozilla/5.0 (Windows NT 6.1; WOW64; rv:44.0) Gecko/20100101 Firefox/44.0"
89.117.74.245 - - [17/Jan/2025:21:19:56 +0100] "GET /?author=7 HTTP/1.1" 200 0 "-" "Mozilla/5.0 (Windows NT 10.0; Win64; x64) AppleWebKit/537.36 (KHTML, like Gecko) Chrome/64.0.3282.186 Safari/537.36"
89.117.74.245 - - [17/Jan/2025:21:19:56 +0100] "GET /?author=8 HTTP/1.1" 200 0 "-" "Mozilla/5.0 (Windows NT 10.0; Win64; x64) AppleWebKit/537.36 (KHTML, like Gecko) Chrome/64.0.3282.186 Safari/537.36"
89.117.74.245 - - [17/Jan/2025:21:19:56 +0100] "GET /?author=9 HTTP/1.1" 200 0 "-" "Mozilla/5.0 (Windows NT 10.0; Win64; x64) AppleWebKit/537.36 (KHTML, like Gecko) Chrome/64.0.3282.186 Safari/537.36"
170.64.181.127 - - [17/Jan/2025:21:19:56 +0100] "GET /?author=25 HTTP/1.1" 200 0 "-" "Mozilla/5.0 (Linux; Android 10; LM-Q720) AppleWebKit/537.36 (KHTML, like Gecko) Chrome/91.0.4472.114 Mobile Safari/537.36"
170.64.181.127 - - [17/Jan/2025:21:19:57 +0100] "GET /?author=26 HTTP/1.1" 200 0 "-" "Mozilla/5.0 (Linux; Android 10; LM-Q720) AppleWebKit/537.36 (KHTML, like Gecko) Chrome/91.0.4472.114 Mobile Safari/537.36"
65.21.25.53 - - [17/Jan/2025:21:20:00 +0100] "GET /?author=5 HTTP/1.1" 200 0 "-" "Mozilla/5.0 (Windows NT 10.0; Win64; x64; rv:85.0) Gecko/20100101 Firefox/85.0"
65.109.82.50 - - [17/Jan/2025:21:20:08 +0100] "GET /?author=21 HTTP/1.1" 200 0 "-" "Mozilla/5.0 (Windows NT 6.1; WOW64; rv:38.0) Gecko/20100101 Firefox/38.0"
65.109.82.50 - - [17/Jan/2025:21:20:08 +0100] "GET /?author=22 HTTP/1.1" 200 0 "-" "Mozilla/5.0 (Windows NT 6.1; WOW64; rv:38.0) Gecko/20100101 Firefox/38.0"
78.108.80.33 - - [17/Jan/2025:21:20:08 +0100] "GET /?author=5 HTTP/1.1" 200 0 "-" "Mozilla/5.0 (Windows NT 10.0; Win64; x64) AppleWebKit/537.36 (KHTML, like Gecko) Chrome/79.0.3945.130 Safari/537.36"
78.108.80.33 - - [17/Jan/2025:21:20:08 +0100] "GET /?author=8 HTTP/1.1" 200 0 "-" "Mozilla/5.0 (Windows NT 10.0; Win64; x64) AppleWebKit/537.36 (KHTML, like Gecko) Chrome/79.0.3945.130 Safari/537.36"
65.109.82.50 - - [17/Jan/2025:21:20:10 +0100] "GET /?author=13 HTTP/1.1" 200 0 "-" "Mozilla/5.0 (Windows NT 10.0; Win64; x64) AppleWebKit/537.36 (KHTML, like Gecko) Chrome/83.0.4103.116 Safari/537.36"
65.109.82.50 - - [17/Jan/2025:21:20:10 +0100] "GET /?author=19 HTTP/1.1" 200 0 "-" "Mozilla/5.0 (Windows NT 10.0; Win64; x64) AppleWebKit/537.36 (KHTML, like Gecko) Chrome/83.0.4103.116 Safari/537.36"
62.234.219.29 - - [17/Jan/2025:21:20:13 +0100] "GET /?author=21 HTTP/1.1" 200 0 "-" "Mozilla/5.0 (Windows NT 5.1; Win64; x64) AppleWebKit/537.36 (KHTML, like Gecko) Chrome/60.0.3112.90 Safari/537.36"
62.234.219.29 - - [17/Jan/2025:21:20:15 +0100] "GET /?author=23 HTTP/1.1" 200 0 "-" "Mozilla/5.0 (Windows NT 5.1; Win64; x64) AppleWebKit/537.36 (KHTML, like Gecko) Chrome/60.0.3112.90 Safari/537.36"
139.59.73.249 - - [17/Jan/2025:21:20:15 +0100] "GET /?author=31 HTTP/1.1" 200 0 "-" "Mozilla/5.0 (X11; Ubuntu; Linux i686; rv:24.0) Gecko/20100101 Firefox/24.0"
139.59.73.249 - - [17/Jan/2025:21:20:16 +0100] "GET /?author=33 HTTP/1.1" 200 0 "-" "Mozilla/5.0 (X11; Ubuntu; Linux i686; rv:24.0) Gecko/20100101 Firefox/24.0"
89.117.74.245 - - [17/Jan/2025:21:20:01 +0100] "GET /?author=39 HTTP/1.1" 200 0 "-" "Mozilla/5.0 (Windows NT 10.0; Win64; x64) AppleWebKit/537.36 (KHTML, like Gecko) Chrome/86.0.4240.198 Safari/537.36"
47.242.68.101 - - [17/Jan/2025:21:20:04 +0100] "GET /?author=49 HTTP/1.1" 200 0 "-" "Mozilla/5.0 (Windows NT 10.0; Win64; x64) AppleWebKit/537.36 (KHTML, like Gecko) Chrome/79.0.3945.117 Safari/537.36"
65.109.82.50 - - [17/Jan/2025:21:20:05 +0100] "GET /?author=19 HTTP/1.1" 200 0 "-" "Mozilla/5.0 (Windows NT 6.1; WOW64) AppleWebKit/537.1 (KHTML, like Gecko) Chrome/21.0.1180.83 Safari/537.1"
65.109.82.50 - - [17/Jan/2025:21:20:08 +0100] "GET /?author=23 HTTP/1.1" 200 0 "-" "Mozilla/5.0 (Windows NT 6.1; WOW64; rv:38.0) Gecko/20100101 Firefox/38.0"
65.109.82.50 - - [17/Jan/2025:21:20:08 +0100] "GET /?author=24 HTTP/1.1" 200 0 "-" "Mozilla/5.0 (Windows NT 6.1; WOW64; rv:38.0) Gecko/20100101 Firefox/38.0"
65.109.82.50 - - [17/Jan/2025:21:20:08 +0100] "GET /?author=26 HTTP/1.1" 200 0 "-" "Mozilla/5.0 (Windows NT 6.1; WOW64; rv:38.0) Gecko/20100101 Firefox/38.0"
65.109.82.50 - - [17/Jan/2025:21:20:08 +0100] "GET /?author=28 HTTP/1.1" 200 0 "-" "Mozilla/5.0 (Windows NT 6.1; WOW64; rv:38.0) Gecko/20100101 Firefox/38.0"
78.108.80.33 - - [17/Jan/2025:21:20:08 +0100] "GET /?author=2 HTTP/1.1" 200 0 "-" "Mozilla/5.0 (Windows NT 10.0; Win64; x64) AppleWebKit/537.36 (KHTML, like Gecko) Chrome/79.0.3945.130 Safari/537.36"
65.109.82.50 - - [17/Jan/2025:21:20:10 +0100] "GET /?author=12 HTTP/1.1" 200 0 "-" "Mozilla/5.0 (Windows NT 10.0; Win64; x64) AppleWebKit/537.36 (KHTML, like Gecko) Chrome/83.0.4103.116 Safari/537.36"
65.109.82.50 - - [17/Jan/2025:21:20:10 +0100] "GET /?author=17 HTTP/1.1" 200 0 "-" "Mozilla/5.0 (Windows NT 10.0; Win64; x64) AppleWebKit/537.36 (KHTML, like Gecko) Chrome/83.0.4103.116 Safari/537.36"
65.109.82.50 - - [17/Jan/2025:21:20:10 +0100] "GET /?author=18 HTTP/1.1" 200 0 "-" "Mozilla/5.0 (Windows NT 10.0; Win64; x64) AppleWebKit/537.36 (KHTML, like Gecko) Chrome/83.0.4103.116 Safari/537.36"
89.117.74.245 - - [17/Jan/2025:21:20:12 +0100] "GET /?author=43 HTTP/1.1" 200 0 "-" "Mozilla/5.0 (Windows NT 10.0; WOW64; rv:50.0) Gecko/20100101 Firefox/50.0"
89.117.74.245 - - [17/Jan/2025:21:20:12 +0100] "GET /?author=45 HTTP/1.1" 200 0 "-" "Mozilla/5.0 (Windows NT 10.0; WOW64; rv:50.0) Gecko/20100101 Firefox/50.0"
89.117.74.245 - - [17/Jan/2025:21:20:13 +0100] "GET /?author=50 HTTP/1.1" 200 0 "-" "Mozilla/5.0 (Windows NT 10.0; WOW64; rv:50.0) Gecko/20100101 Firefox/50.0"
62.234.219.29 - - [17/Jan/2025:21:20:13 +0100] "GET /?author=21 HTTP/1.1" 200 0 "-" "Mozilla/5.0 (Windows NT 5.1; Win64; x64) AppleWebKit/537.36 (KHTML, like Gecko) Chrome/60.0.3112.90 Safari/537.36"
139.59.73.249 - - [17/Jan/2025:21:20:16 +0100] "GET /?author=32 HTTP/1.1" 200 0 "-" "Mozilla/5.0 (X11; Ubuntu; Linux i686; rv:24.0) Gecko/20100101 Firefox/24.0"
139.59.73.249 - - [17/Jan/2025:21:20:17 +0100] "GET /?author=36 HTTP/1.1" 200 0 "-" "Mozilla/5.0 (X11; Ubuntu; Linux i686; rv:24.0) Gecko/20100101 Firefox/24.0"
62.234.219.29 - - [17/Jan/2025:21:20:22 +0100] "GET /?author=44 HTTP/1.1" 200 0 "-" "Mozilla/5.0 (Windows NT 10.0; WOW64; rv:52.0) Gecko/20100101 Firefox/52.0"
170.64.181.127 - - [17/Jan/2025:21:20:23 +0100] "GET /?author=3 HTTP/1.1" 200 0 "-" "Mozilla/5.0 (Windows NT 10.0; Win64; x64) AppleWebKit/537.36 (KHTML, like Gecko) Chrome/80.0.3987.149 Safari/537.36"
62.234.219.29 - - [17/Jan/2025:21:20:23 +0100] "GET /?author=45 HTTP/1.1" 200 0 "-" "Mozilla/5.0 (Windows NT 10.0; WOW64; rv:52.0) Gecko/20100101 Firefox/52.0"
170.64.181.127 - - [17/Jan/2025:21:20:24 +0100] "GET /?author=5 HTTP/1.1" 200 0 "-" "Mozilla/5.0 (Windows NT 10.0; Win64; x64) AppleWebKit/537.36 (KHTML, like Gecko) Chrome/80.0.3987.149 Safari/537.36"
62.234.219.29 - - [17/Jan/2025:21:20:25 +0100] "GET /?author=50 HTTP/1.1" 200 0 "-" "Mozilla/5.0 (Windows NT 10.0; WOW64; rv:52.0) Gecko/20100101 Firefox/52.0"
89.117.74.245 - - [17/Jan/2025:21:19:54 +0100] "GET /?author=1 HTTP/1.1" 200 0 "-" "Mozilla/5.0 (Windows NT 10.0; Win64; x64) AppleWebKit/537.36 (KHTML, like Gecko) Chrome/64.0.3282.186 Safari/537.36"
89.117.74.245 - - [17/Jan/2025:21:19:55 +0100] "GET /?author=2 HTTP/1.1" 200 0 "-" "Mozilla/5.0 (Windows NT 10.0; Win64; x64) AppleWebKit/537.36 (KHTML, like Gecko) Chrome/64.0.3282.186 Safari/537.36"
89.117.74.245 - - [17/Jan/2025:21:19:55 +0100] "GET /?author=3 HTTP/1.1" 200 0 "-" "Mozilla/5.0 (Windows NT 10.0; Win64; x64) AppleWebKit/537.36 (KHTML, like Gecko) Chrome/64.0.3282.186 Safari/537.36"
47.242.68.101 - - [17/Jan/2025:21:19:57 +0100] "GET /?author=16 HTTP/1.1" 200 0 "-" "Mozilla/5.0 (Windows NT 6.1; WOW64; rv:44.0) Gecko/20100101 Firefox/44.0"
47.242.68.101 - - [17/Jan/2025:21:19:58 +0100] "GET /?author=19 HTTP/1.1" 200 0 "-" "Mozilla/5.0 (Windows NT 6.1; WOW64; rv:44.0) Gecko/20100101 Firefox/44.0"
47.242.68.101 - - [17/Jan/2025:21:20:01 +0100] "GET /?author=41 HTTP/1.1" 200 0 "-" "Mozilla/5.0 (Windows NT 10.0; Win64; x64) AppleWebKit/537.36 (KHTML, like Gecko) Chrome/79.0.3945.117 Safari/537.36"
47.242.68.101 - - [17/Jan/2025:21:20:03 +0100] "GET /?author=45 HTTP/1.1" 200 0 "-" "Mozilla/5.0 (Windows NT 10.0; Win64; x64) AppleWebKit/537.36 (KHTML, like Gecko) Chrome/79.0.3945.117 Safari/537.36"
47.242.68.101 - - [17/Jan/2025:21:20:04 +0100] "GET /?author=47 HTTP/1.1" 200 0 "-" "Mozilla/5.0 (Windows NT 10.0; Win64; x64) AppleWebKit/537.36 (KHTML, like Gecko) Chrome/79.0.3945.117 Safari/537.36"
65.109.82.50 - - [17/Jan/2025:21:20:05 +0100] "GET /?author=11 HTTP/1.1" 200 0 "-" "Mozilla/5.0 (Windows NT 6.1; WOW64) AppleWebKit/537.1 (KHTML, like Gecko) Chrome/21.0.1180.83 Safari/537.1"
65.109.82.50 - - [17/Jan/2025:21:20:05 +0100] "GET /?author=17 HTTP/1.1" 200 0 "-" "Mozilla/5.0 (Windows NT 6.1; WOW64) AppleWebKit/537.1 (KHTML, like Gecko) Chrome/21.0.1180.83 Safari/537.1"
65.109.82.50 - - [17/Jan/2025:21:20:08 +0100] "GET /?author=21 HTTP/1.1" 200 0 "-" "Mozilla/5.0 (Windows NT 6.1; WOW64; rv:38.0) Gecko/20100101 Firefox/38.0"
65.109.82.50 - - [17/Jan/2025:21:20:08 +0100] "GET /?author=27 HTTP/1.1" 200 0 "-" "Mozilla/5.0 (Windows NT 6.1; WOW64; rv:38.0) Gecko/20100101 Firefox/38.0"
65.109.82.50 - - [17/Jan/2025:21:20:08 +0100] "GET /?author=30 HTTP/1.1" 200 0 "-" "Mozilla/5.0 (Windows NT 6.1; WOW64; rv:38.0) Gecko/20100101 Firefox/38.0"
78.108.80.33 - - [17/Jan/2025:21:20:08 +0100] "GET /?author=3 HTTP/1.1" 200 0 "-" "Mozilla/5.0 (Windows NT 10.0; Win64; x64) AppleWebKit/537.36 (KHTML, like Gecko) Chrome/79.0.3945.130 Safari/537.36"
78.108.80.33 - - [17/Jan/2025:21:20:08 +0100] "GET /?author=4 HTTP/1.1" 200 0 "-" "Mozilla/5.0 (Windows NT 10.0; Win64; x64) AppleWebKit/537.36 (KHTML, like Gecko) Chrome/79.0.3945.130 Safari/537.36"
65.109.82.50 - - [17/Jan/2025:21:20:10 +0100] "GET /?author=11 HTTP/1.1" 200 0 "-" "Mozilla/5.0 (Windows NT 10.0; Win64; x64) AppleWebKit/537.36 (KHTML, like Gecko) Chrome/83.0.4103.116 Safari/537.36"
65.109.82.50 - - [17/Jan/2025:21:20:10 +0100] "GET /?author=15 HTTP/1.1" 200 0 "-" "Mozilla/5.0 (Windows NT 10.0; Win64; x64) AppleWebKit/537.36 (KHTML, like Gecko) Chrome/83.0.4103.116 Safari/537.36"
62.234.219.29 - - [17/Jan/2025:21:20:21 +0100] "GET /?author=41 HTTP/1.1" 200 0 "-" "Mozilla/5.0 (Windows NT 10.0; WOW64; rv:52.0) Gecko/20100101 Firefox/52.0"
170.64.181.127 - - [17/Jan/2025:21:20:21 +0100] "GET /?author=1 HTTP/1.1" 200 0 "-" "Mozilla/5.0 (Windows NT 10.0; Win64; x64) AppleWebKit/537.36 (KHTML, like Gecko) Chrome/80.0.3987.149 Safari/537.36"
62.234.219.29 - - [17/Jan/2025:21:20:24 +0100] "GET /?author=48 HTTP/1.1" 200 0 "-" "Mozilla/5.0 (Windows NT 10.0; WOW64; rv:52.0) Gecko/20100101 Firefox/52.0"
170.64.181.127 - - [17/Jan/2025:21:20:27 +0100] "GET /?author=10 HTTP/1.1" 200 0 "-" "Mozilla/5.0 (Windows NT 10.0; Win64; x64) AppleWebKit/537.36 (KHTML, like Gecko) Chrome/80.0.3987.149 Safari/537.36"
47.242.68.101 - - [17/Jan/2025:21:19:54 +0100] "GET /?author=11 HTTP/1.1" 200 0 "-" "Mozilla/5.0 (Windows NT 6.1; WOW64; rv:44.0) Gecko/20100101 Firefox/44.0"
47.242.68.101 - - [17/Jan/2025:21:19:56 +0100] "GET /?author=15 HTTP/1.1" 200 0 "-" "Mozilla/5.0 (Windows NT 6.1; WOW64; rv:44.0) Gecko/20100101 Firefox/44.0"
47.242.68.101 - - [17/Jan/2025:21:19:58 +0100] "GET /?author=20 HTTP/1.1" 200 0 "-" "Mozilla/5.0 (Windows NT 6.1; WOW64; rv:44.0) Gecko/20100101 Firefox/44.0"
