89.117.74.245 - - [17/Jan/2025:21:19:59 +0100] "GET /?author=31 HTTP/1.1" 200 0 "-" "Mozilla/5.0 (Windows NT 10.0; Win64; x64) AppleWebKit/537.36 (KHTML, like Gecko) Chrome/86.0.4240.198 Safari/537.36"
89.117.74.245 - - [17/Jan/2025:21:19:59 +0100] "GET /?author=31 HTTP/1.1" 200 0 "-" "Mozilla/5.0 (Windows NT 10.0; Win64; x64) AppleWebKit/537.36 (KHTML, like Gecko) Chrome/86.0.4240.198 Safari/537.36"
170.64.181.127 - - [17/Jan/2025:21:20:00 +0100] "GET /?author=30 HTTP/1.1" 200 0 "-" "Mozilla/5.0 (Linux; Android 10; LM-Q720) AppleWebKit/537.36 (KHTML, like Gecko) Chrome/91.0.4472.114 Mobile Safari/537.36"
89.117.74.245 - - [17/Jan/2025:21:20:00 +0100] "GET /?author=34 HTTP/1.1" 200 0 "-" "Mozilla/5.0 (Windows NT 10.0; Win64; x64) AppleWebKit/537.36 (KHTML, like Gecko) Chrome/86.0.4240.198 Safari/537.36"
65.21.25.53 - - [17/Jan/2025:21:20:00 +0100] "GET /?author=1 HTTP/1.1" 200 0 "-" "Mozilla/5.0 (Windows NT 10.0; Win64; x64; rv:85.0) Gecko/20100101 Firefox/85.0"
65.21.25.53 - - [17/Jan/2025:21:20:00 +0100] "GET /?author=4 HTTP/1.1" 200 0 "-" "Mozilla/5.0 (Windows NT 10.0; Win64; x64; rv:85.0) Gecko/20100101 Firefox/85.0"
65.21.25.53 - - [17/Jan/2025:21:20:00 +0100] "GET /?author=6 HTTP/1.1" 200 0 "-" "Mozilla/5.0 (Windows NT 10.0; Win64; x64; rv:85.0) Gecko/20100101 Firefox/85.0"
65.21.25.53 - - [17/Jan/2025:21:20:01 +0100] "GET /?author=7 HTTP/1.1" 200 0 "-" "Mozilla/5.0 (Windows NT 10.0; Win64; x64; rv:85.0) Gecko/20100101 Firefox/85.0"
65.21.25.53 - - [17/Jan/2025:21:20:01 +0100] "GET /?author=8 HTTP/1.1" 200 0 "-" "Mozilla/5.0 (Windows NT 10.0; Win64; x64; rv:85.0) Gecko/20100101 Firefox/85.0"
65.21.25.53 - - [17/Jan/2025:21:20:01 +0100] "GET /?author=9 HTTP/1.1" 200 0 "-" "Mozilla/5.0 (Windows NT 10.0; Win64; x64; rv:85.0) Gecko/20100101 Firefox/85.0"
47.242.68.101 - - [17/Jan/2025:21:20:01 +0100] "GET /?author=41 HTTP/1.1" 200 0 "-" "Mozilla/5.0 (Windows NT 10.0; Win64; x64) AppleWebKit/537.36 (KHTML, like Gecko) Chrome/79.0.3945.117 Safari/537.36"
47.242.68.101 - - [17/Jan/2025:21:20:03 +0100] "GET /?author=44 HTTP/1.1" 200 0 "-" "Mozilla/5.0 (Windows NT 10.0; Win64; x64) AppleWebKit/537.36 (KHTML, like Gecko) Chrome/79.0.3945.117 Safari/537.36"
65.109.82.50 - - [17/Jan/2025:21:20:05 +0100] "GET /?author=11 HTTP/1.1" 200 0 "-" "Mozilla/5.0 (Windows NT 6.1; WOW64) AppleWebKit/537.1 (KHTML, like Gecko) Chrome/21.0.1180.83 Safari/537.1"
65.109.82.50 - - [17/Jan/2025:21:20:05 +0100] "GET /?author=18 HTTP/1.1" 200 0 "-" "Mozilla/5.0 (Windows NT 6.1; WOW64) AppleWebKit/537.1 (KHTML, like Gecko) Chrome/21.0.1180.83 Safari/537.1"
78.108.80.33 - - [17/Jan/2025:21:20:08 +0100] "GET /?author=1 HTTP/1.1" 200 0 "-" "Mozilla/5.0 (Windows NT 10.0; Win64; x64) AppleWebKit/537.36 (KHTML, like Gecko) Chrome/79.0.3945.130 Safari/537.36"
65.109.82.50 - - [17/Jan/2025:21:20:10 +0100] "GET /?author=11 HTTP/1.1" 200 0 "-" "Mozilla/5.0 (Windows NT 10.0; Win64; x64) AppleWebKit/537.36 (KHTML, like Gecko) Chrome/83.0.4103.116 Safari/537.36"
65.109.82.50 - - [17/Jan/2025:21:20:10 +0100] "GET /?author=20 HTTP/1.1" 200 0 "-" "Mozilla/5.0 (Windows NT 10.0; Win64; x64) AppleWebKit/537.36 (KHTML, like Gecko) Chrome/83.0.4103.116 Safari/537.36"
89.117.74.245 - - [17/Jan/2025:21:20:12 +0100] "GET /?author=42 HTTP/1.1" 200 0 "-" "Mozilla/5.0 (Windows NT 10.0; WOW64; rv:50.0) Gecko/20100101 Firefox/50.0"
139.59.73.249 - - [17/Jan/2025:21:20:18 +0100] "GET /?author=39 HTTP/1.1" 200 0 "-" "Mozilla/5.0 (X11; Ubuntu; Linux i686; rv:24.0) Gecko/20100101 Firefox/24.0"
89.117.74.245 - - [17/Jan/2025:21:19:56 +0100] "GET /?author=6 HTTP/1.1" 200 0 "-" "Mozilla/5.0 (Windows NT 10.0; Win64; x64) AppleWebKit/537.36 (KHTML, like Gecko) Chrome/64.0.3282.186 Safari/537.36"
47.242.68.101 - - [17/Jan/2025:21:19:57 +0100] "GET /?author=18 HTTP/1.1" 200 0 "-" "Mozilla/5.0 (Windows NT 6.1; WOW64; rv:44.0) Gecko/20100101 Firefox/44.0"
170.64.181.127 - - [17/Jan/2025:21:19:58 +0100] "GET /?author=27 HTTP/1.1" 200 0 "-" "Mozilla/5.0 (Linux; Android 10; LM-Q720) AppleWebKit/537.36 (KHTML, like Gecko) Chrome/91.0.4472.114 Mobile Safari/537.36"
89.117.74.245 - - [17/Jan/2025:21:20:00 +0100] "GET /?author=32 HTTP/1.1" 200 0 "-" "Mozilla/5.0 (Windows NT 10.0; Win64; x64) AppleWebKit/537.36 (KHTML, like Gecko) Chrome/86.0.4240.198 Safari/537.36"
89.117.74.245 - - [17/Jan/2025:21:20:01 +0100] "GET /?author=37 HTTP/1.1" 200 0 "-" "Mozilla/5.0 (Windows NT 10.0; Win64; x64) AppleWebKit/537.36 (KHTML, like Gecko) Chrome/86.0.4240.198 Safari/537.36"
47.242.68.101 - - [17/Jan/2025:21:20:04 +0100] "GET /?author=48 HTTP/1.1" 200 0 "-" "Mozilla/5.0 (Windows NT 10.0; Win64; x64) AppleWebKit/537.36 (KHTML, like Gecko) Chrome/79.0.3945.117 Safari/537.36"
65.109.82.50 - - [17/Jan/2025:21:20:05 +0100] "GET /?author=16 HTTP/1.1" 200 0 "-" "Mozilla/5.0 (Windows NT 6.1; WOW64) AppleWebKit/537.1 (KHTML, like Gecko) Chrome/21.0.1180.83 Safari/537.1"
89.117.74.245 - - [17/Jan/2025:21:20:07 +0100] "GET /?author=40 HTTP/1.1" 200 0 "-" "Mozilla/5.0 (Windows NT 10.0; Win64; x64) AppleWebKit/537.36 (KHTML, like Gecko) Chrome/86.0.4240.198 Safari/537.36"
78.108.80.33 - - [17/Jan/2025:21:20:08 +0100] "GET /?author=6 HTTP/1.1" 200 0 "-" "Mozilla/5.0 (Windows NT 10.0; Win64; x64) AppleWebKit/537.36 (KHTML, like Gecko) Chrome/79.0.3945.130 Safari/537.36"
65.109.82.50 - - [17/Jan/2025:21:20:10 +0100] "GET /?author=16 HTTP/1.1" 200 0 "-" "Mozilla/5.0 (Windows NT 10.0; Win64; x64) AppleWebKit/537.36 (KHTML, like Gecko) Chrome/83.0.4103.116 Safari/537.36"
89.117.74.245 - - [17/Jan/2025:21:20:11 +0100] "GET /?author=41 HTTP/1.1" 200 0 "-" "Mozilla/5.0 (Windows NT 10.0; WOW64; rv:50.0) Gecko/20100101 Firefox/50.0"
89.117.74.245 - - [17/Jan/2025:21:20:12 +0100] "GET /?author=44 HTTP/1.1" 200 0 "-" "Mozilla/5.0 (Windows NT 10.0; WOW64; rv:50.0) Gecko/20100101 Firefox/50.0"
89.117.74.245 - - [17/Jan/2025:21:20:12 +0100] "GET /?author=46 HTTP/1.1" 200 0 "-" "Mozilla/5.0 (Windows NT 10.0; WOW64; rv:50.0) Gecko/20100101 Firefox/50.0"
89.117.74.245 - - [17/Jan/2025:21:20:13 +0100] "GET /?author=47 HTTP/1.1" 200 0 "-" "Mozilla/5.0 (Windows NT 10.0; WOW64; rv:50.0) Gecko/20100101 Firefox/50.0"
62.234.219.29 - - [17/Jan/2025:21:20:16 +0100] "GET /?author=26 HTTP/1.1" 200 0 "-" "Mozilla/5.0 (Windows NT 5.1; Win64; x64) AppleWebKit/537.36 (KHTML, like Gecko) Chrome/60.0.3112.90 Safari/537.36"
170.64.181.127 - - [17/Jan/2025:21:20:23 +0100] "GET /?author=4 HTTP/1.1" 200 0 "-" "Mozilla/5.0 (Windows NT 10.0; Win64; x64) AppleWebKit/537.36 (KHTML, like Gecko) Chrome/80.0.3987.149 Safari/537.36"
62.234.219.29 - - [17/Jan/2025:21:20:24 +0100] "GET /?author=47 HTTP/1.1" 200 0 "-" "Mozilla/5.0 (Windows NT 10.0; WOW64; rv:52.0) Gecko/20100101 Firefox/52.0"
62.234.219.29 - - [17/Jan/2025:21:20:27 +0100] "GET /?author=11 HTTP/1.1" 200 0 "-" "Mozilla/5.0 (Windows NT 10.0; Win64; x64) AppleWebKit/537.36 (KHTML, like Gecko) Chrome/87.0.4280.141 Safari/537.36"
62.234.219.29 - - [17/Jan/2025:21:20:27 +0100] "GET /?author=11 HTTP/1.1" 200 0 "-" "Mozilla/5.0 (Windows NT 10.0; Win64; x64) AppleWebKit/537.36 (KHTML, like Gecko) Chrome/87.0.4280.141 Safari/537.36"
78.108.80.33 - - [17/Jan/2025:21:20:50 +0100] "GET /?author=35 HTTP/1.1" 200 0 "-" "Mozilla/5.0 (Windows NT 10.0; Win64; x64) AppleWebKit/537.36 (KHTML, like Gecko) Chrome/85.0.4183.102 Safari/537.36"
170.64.181.127 - - [17/Jan/2025:21:19:55 +0100] "GET /?author=23 HTTP/1.1" 200 0 "-" "Mozilla/5.0 (Linux; Android 10; LM-Q720) AppleWebKit/537.36 (KHTML, like Gecko) Chrome/91.0.4472.114 Mobile Safari/537.36"
47.242.68.101 - - [17/Jan/2025:21:19:57 +0100] "GET /?author=17 HTTP/1.1" 200 0 "-" "Mozilla/5.0 (Windows NT 6.1; WOW64; rv:44.0) Gecko/20100101 Firefox/44.0"
170.64.181.127 - - [17/Jan/2025:21:19:59 +0100] "GET /?author=29 HTTP/1.1" 200 0 "-" "Mozilla/5.0 (Linux; Android 10; LM-Q720) AppleWebKit/537.36 (KHTML, like Gecko) Chrome/91.0.4472.114 Mobile Safari/537.36"
89.117.74.245 - - [17/Jan/2025:21:20:00 +0100] "GET /?author=33 HTTP/1.1" 200 0 "-" "Mozilla/5.0 (Windows NT 10.0; Win64; x64) AppleWebKit/537.36 (KHTML, like Gecko) Chrome/86.0.4240.198 Safari/537.36"
65.21.25.53 - - [17/Jan/2025:21:20:00 +0100] "GET /?author=1 HTTP/1.1" 200 0 "-" "Mozilla/5.0 (Windows NT 10.0; Win64; x64; rv:85.0) Gecko/20100101 Firefox/85.0"
89.117.74.245 - - [17/Jan/2025:21:20:00 +0100] "GET /?author=36 HTTP/1.1" 200 0 "-" "Mozilla/5.0 (Windows NT 10.0; Win64; x64) AppleWebKit/537.36 (KHTML, like Gecko) Chrome/86.0.4240.198 Safari/537.36"
47.242.68.101 - - [17/Jan/2025:21:20:02 +0100] "GET /?author=43 HTTP/1.1" 200 0 "-" "Mozilla/5.0 (Windows NT 10.0; Win64; x64) AppleWebKit/537.36 (KHTML, like Gecko) Chrome/79.0.3945.117 Safari/537.36"
65.109.82.50 - - [17/Jan/2025:21:20:05 +0100] "GET /?author=12 HTTP/1.1" 200 0 "-" "Mozilla/5.0 (Windows NT 6.1; WOW64) AppleWebKit/537.1 (KHTML, like Gecko) Chrome/21.0.1180.83 Safari/537.1"
65.109.82.50 - - [17/Jan/2025:21:20:05 +0100] "GET /?author=13 HTTP/1.1" 200 0 "-" "Mozilla/5.0 (Windows NT 6.1; WOW64) AppleWebKit/537.1 (KHTML, like Gecko) Chrome/21.0.1180.83 Safari/537.1"
47.242.68.101 - - [17/Jan/2025:21:20:05 +0100] "GET /?author=50 HTTP/1.1" 200 0 "-" "Mozilla/5.0 (Windows NT 10.0; Win64; x64) AppleWebKit/537.36 (KHTML, like Gecko) Chrome/79.0.3945.117 Safari/537.36"
65.109.82.50 - - [17/Jan/2025:21:20:05 +0100] "GET /?author=20 HTTP/1.1" 200 0 "-" "Mozilla/5.0 (Windows NT 6.1; WOW64) AppleWebKit/537.1 (KHTML, like Gecko) Chrome/21.0.1180.83 Safari/537.1"
65.109.82.50 - - [17/Jan/2025:21:20:08 +0100] "GET /?author=29 HTTP/1.1" 200 0 "-" "Mozilla/5.0 (Windows NT 6.1; WOW64; rv:38.0) Gecko/20100101 Firefox/38.0"
78.108.80.33 - - [17/Jan/2025:21:20:08 +0100] "GET /?author=7 HTTP/1.1" 200 0 "-" "Mozilla/5.0 (Windows NT 10.0; Win64; x64) AppleWebKit/537.36 (KHTML, like Gecko) Chrome/79.0.3945.130 Safari/537.36"
89.117.74.245 - - [17/Jan/2025:21:20:11 +0100] "GET /?author=41 HTTP/1.1" 200 0 "-" "Mozilla/5.0 (Windows NT 10.0; WOW64; rv:50.0) Gecko/20100101 Firefox/50.0"
89.117.74.245 - - [17/Jan/2025:21:20:13 +0100] "GET /?author=49 HTTP/1.1" 200 0 "-" "Mozilla/5.0 (Windows NT 10.0; WOW64; rv:50.0) Gecko/20100101 Firefox/50.0"
62.234.219.29 - - [17/Jan/2025:21:20:15 +0100] "GET /?author=24 HTTP/1.1" 200 0 "-" "Mozilla/5.0 (Windows NT 5.1; Win64; x64) AppleWebKit/537.36 (KHTML, like Gecko) Chrome/60.0.3112.90 Safari/537.36"
139.59.73.249 - - [17/Jan/2025:21:20:17 +0100] "GET /?author=34 HTTP/1.1" 200 0 "-" "Mozilla/5.0 (X11; Ubuntu; Linux i686; rv:24.0) Gecko/20100101 Firefox/24.0"
170.64.181.127 - - [17/Jan/2025:21:20:26 +0100] "GET /?author=9 HTTP/1.1" 200 0 "-" "Mozilla/5.0 (Windows NT 10.0; Win64; x64) AppleWebKit/537.36 (KHTML, like Gecko) Chrome/80.0.3987.149 Safari/537.36"
78.108.80.33 - - [17/Jan/2025:21:20:50 +0100] "GET /?author=34 HTTP/1.1" 200 0 "-" "Mozilla/5.0 (Windows NT 10.0; Win64; x64) AppleWebKit/537.36 (KHTML, like Gecko) Chrome/85.0.4183.102 Safari/537.36"
62.234.219.29 - - [17/Jan/2025:21:20:28 +0100] "GET /?author=12 HTTP/1.1" 200 0 "-" "Mozilla/5.0 (Windows NT 10.0; Win64; x64) AppleWebKit/537.36 (KHTML, like Gecko) Chrome/87.0.4280.141 Safari/537.36"
62.234.219.29 - - [17/Jan/2025:21:20:29 +0100] "GET /?author=14 HTTP/1.1" 200 0 "-" "Mozilla/5.0 (Windows NT 10.0; Win64; x64) AppleWebKit/537.36 (KHTML, like Gecko) Chrome/87.0.4280.141 Safari/537.36"
78.108.80.33 - - [17/Jan/2025:21:20:29 +0100] "GET /?author=10 HTTP/1.1" 200 0 "-" "Mozilla/5.0 (Windows NT 10.0; Win64; x64) AppleWebKit/537.36 (KHTML, like Gecko) Chrome/79.0.3945.130 Safari/537.36"
62.234.219.29 - - [17/Jan/2025:21:20:32 +0100] "GET /?author=20 HTTP/1.1" 200 0 "-" "Mozilla/5.0 (Windows NT 10.0; Win64; x64) AppleWebKit/537.36 (KHTML, like Gecko) Chrome/87.0.4280.141 Safari/537.36"
78.108.80.33 - - [17/Jan/2025:21:20:50 +0100] "GET /?author=31 HTTP/1.1" 200 0 "-" "Mozilla/5.0 (Windows NT 10.0; Win64; x64) AppleWebKit/537.36 (KHTML, like Gecko) Chrome/85.0.4183.102 Safari/537.36"
78.108.80.33 - - [17/Jan/2025:21:20:50 +0100] "GET /?author=37 HTTP/1.1" 200 0 "-" "Mozilla/5.0 (Windows NT 10.0; Win64; x64) AppleWebKit/537.36 (KHTML, like Gecko) Chrome/85.0.4183.102 Safari/537.36"
78.108.80.33 - - [17/Jan/2025:21:21:10 +0100] "GET /?author=39 HTTP/1.1" 200 0 "-" "Mozilla/5.0 (Windows NT 10.0; Win64; x64) AppleWebKit/537.36 (KHTML, like Gecko) Chrome/85.0.4183.102 Safari/537.36"
180.102.134.69 - - [17/Jan/2025:21:23:59 +0100] "GET / HTTP/1.1" 200 0 "-" "Mozilla/5.0 (iPhone; CPU iPhone OS 13_2_3 like Mac OS X) AppleWebKit/605.1.15 (KHTML, like Gecko) Version/13.0.3 Mobile/15E148 Safari/604.1"
139.59.73.249 - - [17/Jan/2025:21:20:18 +0100] "GET /?author=37 HTTP/1.1" 200 0 "-" "Mozilla/5.0 (X11; Ubuntu; Linux i686; rv:24.0) Gecko/20100101 Firefox/24.0"
170.64.181.127 - - [17/Jan/2025:21:20:21 +0100] "GET /?author=1 HTTP/1.1" 200 0 "-" "Mozilla/5.0 (Windows NT 10.0; Win64; x64) AppleWebKit/537.36 (KHTML, like Gecko) Chrome/80.0.3987.149 Safari/537.36"
170.64.181.127 - - [17/Jan/2025:21:20:24 +0100] "GET /?author=6 HTTP/1.1" 200 0 "-" "Mozilla/5.0 (Windows NT 10.0; Win64; x64) AppleWebKit/537.36 (KHTML, like Gecko) Chrome/80.0.3987.149 Safari/537.36"
62.234.219.29 - - [17/Jan/2025:21:20:28 +0100] "GET /?author=13 HTTP/1.1" 200 0 "-" "Mozilla/5.0 (Windows NT 10.0; Win64; x64) AppleWebKit/537.36 (KHTML, like Gecko) Chrome/87.0.4280.141 Safari/537.36"
78.108.80.33 - - [17/Jan/2025:21:20:50 +0100] "GET /?author=32 HTTP/1.1" 200 0 "-" "Mozilla/5.0 (Windows NT 10.0; Win64; x64) AppleWebKit/537.36 (KHTML, like Gecko) Chrome/85.0.4183.102 Safari/537.36"
78.108.80.33 - - [17/Jan/2025:21:20:50 +0100] "GET /?author=36 HTTP/1.1" 200 0 "-" "Mozilla/5.0 (Windows NT 10.0; Win64; x64) AppleWebKit/537.36 (KHTML, like Gecko) Chrome/85.0.4183.102 Safari/537.36"
89.117.74.245 - - [17/Jan/2025:21:19:54 +0100] "GET /?author=1 HTTP/1.1" 200 0 "-" "Mozilla/5.0 (Windows NT 10.0; Win64; x64) AppleWebKit/537.36 (KHTML, like Gecko) Chrome/64.0.3282.186 Safari/537.36"
170.64.181.127 - - [17/Jan/2025:21:19:56 +0100] "GET /?author=24 HTTP/1.1" 200 0 "-" "Mozilla/5.0 (Linux; Android 10; LM-Q720) AppleWebKit/537.36 (KHTML, like Gecko) Chrome/91.0.4472.114 Mobile Safari/537.36"
89.117.74.245 - - [17/Jan/2025:21:19:56 +0100] "GET /?author=10 HTTP/1.1" 200 0 "-" "Mozilla/5.0 (Windows NT 10.0; Win64; x64) AppleWebKit/537.36 (KHTML, like Gecko) Chrome/64.0.3282.186 Safari/537.36"
170.64.181.127 - - [17/Jan/2025:21:19:58 +0100] "GET /?author=28 HTTP/1.1" 200 0 "-" "Mozilla/5.0 (Linux; Android 10; LM-Q720) AppleWebKit/537.36 (KHTML, like Gecko) Chrome/91.0.4472.114 Mobile Safari/537.36"
89.117.74.245 - - [17/Jan/2025:21:20:00 +0100] "GET /?author=35 HTTP/1.1" 200 0 "-" "Mozilla/5.0 (Windows NT 10.0; Win64; x64) AppleWebKit/537.36 (KHTML, like Gecko) Chrome/86.0.4240.198 Safari/537.36"
65.21.25.53 - - [17/Jan/2025:21:20:00 +0100] "GET /?author=2 HTTP/1.1" 200 0 "-" "Mozilla/5.0 (Windows NT 10.0; Win64; x64; rv:85.0) Gecko/20100101 Firefox/85.0"
65.21.25.53 - - [17/Jan/2025:21:20:00 +0100] "GET /?author=3 HTTP/1.1" 200 0 "-" "Mozilla/5.0 (Windows NT 10.0; Win64; x64; rv:85.0) Gecko/20100101 Firefox/85.0"
65.21.25.53 - - [17/Jan/2025:21:20:01 +0100] "GET /?author=10 HTTP/1.1" 200 0 "-" "Mozilla/5.0 (Windows NT 10.0; Win64; x64; rv:85.0) Gecko/20100101 Firefox/85.0"
65.109.82.50 - - [17/Jan/2025:21:20:05 +0100] "GET /?author=14 HTTP/1.1" 200 0 "-" "Mozilla/5.0 (Windows NT 6.1; WOW64) AppleWebKit/537.1 (KHTML, like Gecko) Chrome/21.0.1180.83 Safari/537.1"
65.109.82.50 - - [17/Jan/2025:21:20:05 +0100] "GET /?author=15 HTTP/1.1" 200 0 "-" "Mozilla/5.0 (Windows NT 6.1; WOW64) AppleWebKit/537.1 (KHTML, like Gecko) Chrome/21.0.1180.83 Safari/537.1"
65.109.82.50 - - [17/Jan/2025:21:20:08 +0100] "GET /?author=25 HTTP/1.1" 200 0 "-" "Mozilla/5.0 (Windows NT 6.1; WOW64; rv:38.0) Gecko/20100101 Firefox/38.0"
65.109.82.50 - - [17/Jan/2025:21:20:10 +0100] "GET /?author=14 HTTP/1.1" 200 0 "-" "Mozilla/5.0 (Windows NT 10.0; Win64; x64) AppleWebKit/537.36 (KHTML, like Gecko) Chrome/83.0.4103.116 Safari/537.36"
62.234.219.29 - - [17/Jan/2025:21:20:14 +0100] "GET /?author=22 HTTP/1.1" 200 0 "-" "Mozilla/5.0 (Windows NT 5.1; Win64; x64) AppleWebKit/537.36 (KHTML, like Gecko) Chrome/60.0.3112.90 Safari/537.36"
62.234.219.29 - - [17/Jan/2025:21:20:17 +0100] "GET /?author=27 HTTP/1.1" 200 0 "-" "Mozilla/5.0 (Windows NT 5.1; Win64; x64) AppleWebKit/537.36 (KHTML, like Gecko) Chrome/60.0.3112.90 Safari/537.36"
139.59.73.249 - - [17/Jan/2025:21:20:17 +0100] "GET /?author=35 HTTP/1.1" 200 0 "-" "Mozilla/5.0 (X11; Ubuntu; Linux i686; rv:24.0) Gecko/20100101 Firefox/24.0"
139.59.73.249 - - [17/Jan/2025:21:20:18 +0100] "GET /?author=38 HTTP/1.1" 200 0 "-" "Mozilla/5.0 (X11; Ubuntu; Linux i686; rv:24.0) Gecko/20100101 Firefox/24.0"
62.234.219.29 - - [17/Jan/2025:21:20:21 +0100] "GET /?author=42 HTTP/1.1" 200 0 "-" "Mozilla/5.0 (Windows NT 10.0; WOW64; rv:52.0) Gecko/20100101 Firefox/52.0"
62.234.219.29 - - [17/Jan/2025:21:20:23 +0100] "GET /?author=46 HTTP/1.1" 200 0 "-" "Mozilla/5.0 (Windows NT 10.0; WOW64; rv:52.0) Gecko/20100101 Firefox/52.0"
62.234.219.29 - - [17/Jan/2025:21:20:29 +0100] "GET /?author=15 HTTP/1.1" 200 0 "-" "Mozilla/5.0 (Windows NT 10.0; Win64; x64) AppleWebKit/537.36 (KHTML, like Gecko) Chrome/87.0.4280.141 Safari/537.36"
62.234.219.29 - - [17/Jan/2025:21:20:32 +0100] "GET /?author=19 HTTP/1.1" 200 0 "-" "Mozilla/5.0 (Windows NT 10.0; Win64; x64) AppleWebKit/537.36 (KHTML, like Gecko) Chrome/87.0.4280.141 Safari/537.36"
47.242.68.101 - - [17/Jan/2025:21:19:56 +0100] "GET /?author=14 HTTP/1.1" 200 0 "-" "Mozilla/5.0 (Windows NT 6.1; WOW64; rv:44.0) Gecko/20100101 Firefox/44.0"
89.117.74.245 - - [17/Jan/2025:21:20:01 +0100] "GET /?author=38 HTTP/1.1" 200 0 "-" "Mozilla/5.0 (Windows NT 10.0; Win64; x64) AppleWebKit/537.36 (KHTML, like Gecko) Chrome/86.0.4240.198 Safari/537.36"
47.242.68.101 - - [17/Jan/2025:21:20:02 +0100] "GET /?author=42 HTTP/1.1" 200 0 "-" "Mozilla/5.0 (Windows NT 10.0; Win64; x64) AppleWebKit/537.36 (KHTML, like Gecko) Chrome/79.0.3945.117 Safari/537.36"
47.242.68.101 - - [17/Jan/2025:21:20:03 +0100] "GET /?author=46 HTTP/1.1" 200 0 "-" "Mozilla/5.0 (Windows NT 10.0; Win64; x64) AppleWebKit/537.36 (KHTML, like Gecko) Chrome/79.0.3945.117 Safari/537.36"
78.108.80.33 - - [17/Jan/2025:21:20:08 +0100] "GET /?author=1 HTTP/1.1" 200 0 "-" "Mozilla/5.0 (Windows NT 10.0; Win64; x64) AppleWebKit/537.36 (KHTML, like Gecko) Chrome/79.0.3945.130 Safari/537.36"
89.117.74.245 - - [17/Jan/2025:21:20:13 +0100] "GET /?author=48 HTTP/1.1" 200 0 "-" "Mozilla/5.0 (Windows NT 10.0; WOW64; rv:50.0) Gecko/20100101 Firefox/50.0"
139.59.73.249 - - [17/Jan/2025:21:20:15 +0100] "GET /?author=31 HTTP/1.1" 200 0 "-" "Mozilla/5.0 (X11; Ubuntu; Linux i686; rv:24.0) Gecko/20100101 Firefox/24.0"
62.234.219.29 - - [17/Jan/2025:21:20:16 +0100] "GET /?author=25 HTTP/1.1" 200 0 "-" "Mozilla/5.0 (Windows NT 5.1; Win64; x64) AppleWebKit/537.36 (KHTML, like Gecko) Chrome/60.0.3112.90 Safari/537.36"
62.234.219.29 - - [17/Jan/2025:21:20:18 +0100] "GET /?author=28 HTTP/1.1" 200 0 "-" "Mozilla/5.0 (Windows NT 5.1; Win64; x64) AppleWebKit/537.36 (KHTML, like Gecko) Chrome/60.0.3112.90 Safari/537.36"
62.234.219.29 - - [17/Jan/2025:21:20:18 +0100] "GET /?author=29 HTTP/1.1" 200 0 "-" "Mozilla/5.0 (Windows NT 5.1; Win64; x64) AppleWebKit/537.36 (KHTML, like Gecko) Chrome/60.0.3112.90 Safari/537.36"
62.234.219.29 - - [17/Jan/2025:21:20:19 +0100] "GET /?author=30 HTTP/1.1" 200 0 "-" "Mozilla/5.0 (Windows NT 5.1; Win64; x64) AppleWebKit/537.36 (KHTML, like Gecko) Chrome/60.0.3112.90 Safari/537.36"
62.234.219.29 - - [17/Jan/2025:21:20:20 +0100] "GET /?author=41 HTTP/1.1" 200 0 "-" "Mozilla/5.0 (Windows NT 10.0; WOW64; rv:52.0) Gecko/20100101 Firefox/52.0"
62.234.219.29 - - [17/Jan/2025:21:20:22 +0100] "GET /?author=43 HTTP/1.1" 200 0 "-" "Mozilla/5.0 (Windows NT 10.0; WOW64; rv:52.0) Gecko/20100101 Firefox/52.0"
170.64.181.127 - - [17/Jan/2025:21:20:22 +0100] "GET /?author=2 HTTP/1.1" 200 0 "-" "Mozilla/5.0 (Windows NT 10.0; Win64; x64) AppleWebKit/537.36 (KHTML, like Gecko) Chrome/80.0.3987.149 Safari/537.36"
62.234.219.29 - - [17/Jan/2025:21:20:25 +0100] "GET /?author=49 HTTP/1.1" 200 0 "-" "Mozilla/5.0 (Windows NT 10.0; WOW64; rv:52.0) Gecko/20100101 Firefox/52.0"
170.64.181.127 - - [17/Jan/2025:21:20:25 +0100] "GET /?author=7 HTTP/1.1" 200 0 "-" "Mozilla/5.0 (Windows NT 10.0; Win64; x64) AppleWebKit/537.36 (KHTML, like Gecko) Chrome/80.0.3987.149 Safari/537.36"
62.234.219.29 - - [17/Jan/2025:21:20:30 +0100] "GET /?author=16 HTTP/1.1" 200 0 "-" "Mozilla/5.0 (Windows NT 10.0; Win64; x64) AppleWebKit/537.36 (KHTML, like Gecko) Chrome/87.0.4280.141 Safari/537.36"
78.108.80.33 - - [17/Jan/2025:21:20:50 +0100] "GET /?author=33 HTTP/1.1" 200 0 "-" "Mozilla/5.0 (Windows NT 10.0; Win64; x64) AppleWebKit/537.36 (KHTML, like Gecko) Chrome/85.0.4183.102 Safari/537.36"
170.64.181.127 - - [17/Jan/2025:21:20:26 +0100] "GET /?author=8 HTTP/1.1" 200 0 "-" "Mozilla/5.0 (Windows NT 10.0; Win64; x64) AppleWebKit/537.36 (KHTML, like Gecko) Chrome/80.0.3987.149 Safari/537.36"
62.234.219.29 - - [17/Jan/2025:21:20:31 +0100] "GET /?author=17 HTTP/1.1" 200 0 "-" "Mozilla/5.0 (Windows NT 10.0; Win64; x64) AppleWebKit/537.36 (KHTML, like Gecko) Chrome/87.0.4280.141 Safari/537.36"
62.234.219.29 - - [17/Jan/2025:21:20:31 +0100] "GET /?author=18 HTTP/1.1" 200 0 "-" "Mozilla/5.0 (Windows NT 10.0; Win64; x64) AppleWebKit/537.36 (KHTML, like Gecko) Chrome/87.0.4280.141 Safari/537.36"
52.167.144.20 - - [17/Jan/2025:22:30:36 +0100] "GET /aoysw/z2852458.html HTTP/1.1" 200 0 "-" "Mozilla/5.0 AppleWebKit/537.36 (KHTML, like Gecko; compatible; bingbot/2.0; +http://www.bing.com/bingbot.htm) Chrome/116.0.1938.76 Safari/537.36"
205.210.31.164 - - [17/Jan/2025:22:36:46 +0100] "GET / HTTP/1.1" 200 0 "-" "-"
40.77.167.32 - - [17/Jan/2025:22:05:22 +0100] "GET /awvak/e1288719.html HTTP/1.1" 200 0 "-" "Mozilla/5.0 AppleWebKit/537.36 (KHTML, like Gecko; compatible; bingbot/2.0; +http://www.bing.com/bingbot.htm) Chrome/116.0.1938.76 Safari/537.36"
87.121.86.222 - - [17/Jan/2025:23:27:11 +0100] "GET / HTTP/1.1" 200 0 "-" "Mozilla/5.0 (Windows NT 10.0; Win64; x64) AppleWebKit/537.36 (KHTML, like Gecko) Chrome/89.0.4389.114 Safari/537.36"
87.121.86.222 - - [17/Jan/2025:23:27:11 +0100] "GET / HTTP/1.1" 200 0 "-" "Mozilla/5.0 (Windows NT 10.0; Win64; x64) AppleWebKit/537.36 (KHTML, like Gecko) Chrome/89.0.4389.114 Safari/537.36"
87.121.86.222 - - [17/Jan/2025:23:27:11 +0100] "GET /wp-includes/wlwmanifest.xml HTTP/1.1" 200 0 "-" "Mozilla/5.0 (Windows NT 10.0; Win64; x64) AppleWebKit/537.36 (KHTML, like Gecko) Chrome/89.0.4389.114 Safari/537.36"
87.121.86.222 - - [17/Jan/2025:23:27:12 +0100] "GET /xmlrpc.php?rsd HTTP/1.1" 500 0 "-" "Mozilla/5.0 (Windows NT 10.0; Win64; x64) AppleWebKit/537.36 (KHTML, like Gecko) Chrome/89.0.4389.114 Safari/537.36"
87.121.86.222 - - [17/Jan/2025:23:27:12 +0100] "GET / HTTP/1.1" 200 0 "-" "Mozilla/5.0 (Windows NT 10.0; Win64; x64) AppleWebKit/537.36 (KHTML, like Gecko) Chrome/89.0.4389.114 Safari/537.36"
87.121.86.222 - - [17/Jan/2025:23:27:12 +0100] "GET /blog/wp-includes/wlwmanifest.xml HTTP/1.1" 200 0 "-" "Mozilla/5.0 (Windows NT 10.0; Win64; x64) AppleWebKit/537.36 (KHTML, like Gecko) Chrome/89.0.4389.114 Safari/537.36"
87.121.86.222 - - [17/Jan/2025:23:27:12 +0100] "GET /web/wp-includes/wlwmanifest.xml HTTP/1.1" 200 0 "-" "Mozilla/5.0 (Windows NT 10.0; Win64; x64) AppleWebKit/537.36 (KHTML, like Gecko) Chrome/89.0.4389.114 Safari/537.36"
87.121.86.222 - - [17/Jan/2025:23:27:12 +0100] "GET /wordpress/wp-includes/wlwmanifest.xml HTTP/1.1" 200 0 "-" "Mozilla/5.0 (Windows NT 10.0; Win64; x64) AppleWebKit/537.36 (KHTML, like Gecko) Chrome/89.0.4389.114 Safari/537.36"
87.121.86.222 - - [17/Jan/2025:23:27:13 +0100] "GET /website/wp-includes/wlwmanifest.xml HTTP/1.1" 200 0 "-" "Mozilla/5.0 (Windows NT 10.0; Win64; x64) AppleWebKit/537.36 (KHTML, like Gecko) Chrome/89.0.4389.114 Safari/537.36"
87.121.86.222 - - [17/Jan/2025:23:27:13 +0100] "GET /wp/wp-includes/wlwmanifest.xml HTTP/1.1" 200 0 "-" "Mozilla/5.0 (Windows NT 10.0; Win64; x64) AppleWebKit/537.36 (KHTML, like Gecko) Chrome/89.0.4389.114 Safari/537.36"
87.121.86.222 - - [17/Jan/2025:23:27:13 +0100] "GET /news/wp-includes/wlwmanifest.xml HTTP/1.1" 200 0 "-" "Mozilla/5.0 (Windows NT 10.0; Win64; x64) AppleWebKit/537.36 (KHTML, like Gecko) Chrome/89.0.4389.114 Safari/537.36"
87.121.86.222 - - [17/Jan/2025:23:27:13 +0100] "GET /2020/wp-includes/wlwmanifest.xml HTTP/1.1" 200 0 "-" "Mozilla/5.0 (Windows NT 10.0; Win64; x64) AppleWebKit/537.36 (KHTML, like Gecko) Chrome/89.0.4389.114 Safari/537.36"
87.121.86.222 - - [17/Jan/2025:23:27:13 +0100] "GET /2019/wp-includes/wlwmanifest.xml HTTP/1.1" 200 0 "-" "Mozilla/5.0 (Windows NT 10.0; Win64; x64) AppleWebKit/537.36 (KHTML, like Gecko) Chrome/89.0.4389.114 Safari/537.36"
87.121.86.222 - - [17/Jan/2025:23:27:13 +0100] "GET /shop/wp-includes/wlwmanifest.xml HTTP/1.1" 200 0 "-" "Mozilla/5.0 (Windows NT 10.0; Win64; x64) AppleWebKit/537.36 (KHTML, like Gecko) Chrome/89.0.4389.114 Safari/537.36"
87.121.86.222 - - [17/Jan/2025:23:27:13 +0100] "GET /wp1/wp-includes/wlwmanifest.xml HTTP/1.1" 200 0 "-" "Mozilla/5.0 (Windows NT 10.0; Win64; x64) AppleWebKit/537.36 (KHTML, like Gecko) Chrome/89.0.4389.114 Safari/537.36"
87.121.86.222 - - [17/Jan/2025:23:27:14 +0100] "GET /test/wp-includes/wlwmanifest.xml HTTP/1.1" 200 0 "-" "Mozilla/5.0 (Windows NT 10.0; Win64; x64) AppleWebKit/537.36 (KHTML, like Gecko) Chrome/89.0.4389.114 Safari/537.36"
87.121.86.222 - - [17/Jan/2025:23:27:14 +0100] "GET /wp2/wp-includes/wlwmanifest.xml HTTP/1.1" 200 0 "-" "Mozilla/5.0 (Windows NT 10.0; Win64; x64) AppleWebKit/537.36 (KHTML, like Gecko) Chrome/89.0.4389.114 Safari/537.36"
87.121.86.222 - - [17/Jan/2025:23:27:14 +0100] "GET /site/wp-includes/wlwmanifest.xml HTTP/1.1" 200 0 "-" "Mozilla/5.0 (Windows NT 10.0; Win64; x64) AppleWebKit/537.36 (KHTML, like Gecko) Chrome/89.0.4389.114 Safari/537.36"
52.169.215.80 - - [17/Jan/2025:23:38:16 +0100] "GET /asasx.php HTTP/1.1" 200 0 "-" "-"
52.169.215.80 - - [17/Jan/2025:23:38:16 +0100] "GET /about/function.php HTTP/1.1" 200 0 "-" "-"
52.169.215.80 - - [17/Jan/2025:23:38:16 +0100] "GET /ws.php7 HTTP/1.1" 200 0 "-" "-"
52.169.215.80 - - [17/Jan/2025:23:38:16 +0100] "GET /help.php HTTP/1.1" 200 0 "-" "-"
52.169.215.80 - - [17/Jan/2025:23:38:16 +0100] "GET /repeater.php HTTP/1.1" 200 0 "-" "-"
52.169.215.80 - - [17/Jan/2025:23:38:16 +0100] "GET /wp-admin/maint/maint/ajax-actions.php HTTP/1.1" 200 0 "-" "-"
52.169.215.80 - - [17/Jan/2025:23:38:16 +0100] "GET /content.php888 HTTP/1.1" 200 0 "-" "-"
52.169.215.80 - - [17/Jan/2025:23:38:16 +0100] "GET /manager.php HTTP/1.1" 200 0 "-" "-"
52.169.215.80 - - [17/Jan/2025:23:38:16 +0100] "GET /wp-content/repeater.php HTTP/1.1" 200 0 "-" "-"
52.169.215.80 - - [17/Jan/2025:23:38:16 +0100] "GET /wp-2019.php HTTP/1.1" 200 0 "-" "-"
52.169.215.80 - - [17/Jan/2025:23:38:17 +0100] "GET /moon.php?p= HTTP/1.1" 200 0 "-" "-"
52.169.215.80 - - [17/Jan/2025:23:38:18 +0100] "GET /wp-includes/SimplePie/wp-login.php HTTP/1.1" 200 0 "-" "-"
52.169.215.80 - - [17/Jan/2025:23:38:18 +0100] "GET //wp-includes/images/about.php HTTP/1.1" 200 0 "-" "-"
52.169.215.80 - - [17/Jan/2025:23:38:18 +0100] "GET /filemanager.php?p= HTTP/1.1" 200 0 "-" "-"
52.169.215.80 - - [17/Jan/2025:23:38:18 +0100] "GET /e69ovfsr.php HTTP/1.1" 200 0 "-" "-"
52.169.215.80 - - [17/Jan/2025:23:38:18 +0100] "GET /83064.php HTTP/1.1" 200 0 "-" "-"
52.169.215.80 - - [17/Jan/2025:23:38:18 +0100] "GET /makeasmtp.php?p= HTTP/1.1" 200 0 "-" "-"
52.169.215.80 - - [17/Jan/2025:23:38:18 +0100] "GET /ajax-actions.php HTTP/1.1" 200 0 "-" "-"
52.169.215.80 - - [17/Jan/2025:23:38:18 +0100] "GET /.well-known/pki-validation/xmrlpc.php?p= HTTP/1.1" 404 1251 "-" "-"
52.169.215.80 - - [17/Jan/2025:23:38:18 +0100] "GET /lufix.php HTTP/1.1" 200 0 "-" "-"
52.169.215.80 - - [17/Jan/2025:23:38:18 +0100] "GET /wp-admin/maint/index.php HTTP/1.1" 200 0 "-" "-"
52.169.215.80 - - [17/Jan/2025:23:38:18 +0100] "GET /wp-admin/network/xmrlpc.php?p= HTTP/1.1" 200 0 "-" "-"
52.169.215.80 - - [17/Jan/2025:23:38:19 +0100] "GET /class-wp-cmd.php HTTP/1.1" 200 0 "-" "-"
52.169.215.80 - - [17/Jan/2025:23:38:19 +0100] "GET /12.php HTTP/1.1" 200 0 "-" "-"
52.169.215.80 - - [17/Jan/2025:23:38:19 +0100] "GET /file.php?p= HTTP/1.1" 200 0 "-" "-"
52.169.215.80 - - [17/Jan/2025:23:38:19 +0100] "GET /manager.php?p= HTTP/1.1" 200 0 "-" "-"
52.169.215.80 - - [17/Jan/2025:23:38:19 +0100] "GET /wp-content/file.php HTTP/1.1" 200 0 "-" "-"
52.169.215.80 - - [17/Jan/2025:23:38:19 +0100] "GET /wp-admin/css/colors/blue/cloud.php HTTP/1.1" 200 0 "-" "-"
52.169.215.80 - - [17/Jan/2025:23:38:19 +0100] "GET /ebs.php7 HTTP/1.1" 200 0 "-" "-"
52.169.215.80 - - [17/Jan/2025:23:38:19 +0100] "GET /css/xmrlpc.php?p= HTTP/1.1" 200 0 "-" "-"
52.169.215.80 - - [17/Jan/2025:23:38:19 +0100] "GET /cnzcsfwm.php HTTP/1.1" 200 0 "-" "-"
52.169.215.80 - - [17/Jan/2025:23:38:19 +0100] "GET /files.php HTTP/1.1" 200 0 "-" "-"
52.169.215.80 - - [17/Jan/2025:23:38:19 +0100] "GET /class-walker-comment-beta.php HTTP/1.1" 200 0 "-" "-"
52.169.215.80 - - [17/Jan/2025:23:38:19 +0100] "GET /function.php HTTP/1.1" 200 0 "-" "-"
52.169.215.80 - - [17/Jan/2025:23:38:20 +0100] "GET /wp-content/themes/astra/inc/ki1k.php HTTP/1.1" 200 0 "-" "-"
52.169.215.80 - - [17/Jan/2025:23:38:20 +0100] "GET /.well-known/acme-challenge/cloud.php HTTP/1.1" 404 1251 "-" "-"
52.169.215.80 - - [17/Jan/2025:23:38:20 +0100] "GET /aleXus.php HTTP/1.1" 200 0 "-" "-"
52.169.215.80 - - [17/Jan/2025:23:38:20 +0100] "GET /beence.php HTTP/1.1" 200 0 "-" "-"
52.169.215.80 - - [17/Jan/2025:23:38:20 +0100] "GET /cron.php HTTP/1.1" 200 0 "-" "-"
52.169.215.80 - - [17/Jan/2025:23:38:20 +0100] "GET /wp-mail.php HTTP/1.1" 500 0 "-" "-"
52.169.215.80 - - [17/Jan/2025:23:38:20 +0100] "GET /wp-includes/about.php HTTP/1.1" 200 0 "-" "-"
52.169.215.80 - - [17/Jan/2025:23:38:20 +0100] "GET /wp-content/gallery/about.php HTTP/1.1" 200 0 "-" "-"
52.169.215.80 - - [17/Jan/2025:23:38:21 +0100] "GET /dxc.php HTTP/1.1" 200 0 "-" "-"
52.169.215.80 - - [17/Jan/2025:23:38:21 +0100] "GET /.well-known/makeasmtp.php?p= HTTP/1.1" 200 0 "-" "-"
52.169.215.80 - - [17/Jan/2025:23:38:21 +0100] "GET /wp-admin/about.php HTTP/1.1" 200 0 "-" "-"
52.169.215.80 - - [17/Jan/2025:23:38:21 +0100] "GET /wp-content/themes/aahana/json.php HTTP/1.1" 200 0 "-" "-"
52.169.215.80 - - [17/Jan/2025:23:38:21 +0100] "GET /wp-includes/fonts/wp-login.php HTTP/1.1" 200 0 "-" "-"
52.169.215.80 - - [17/Jan/2025:23:38:21 +0100] "GET /img/about.php HTTP/1.1" 200 0 "-" "-"
52.169.215.80 - - [17/Jan/2025:23:38:21 +0100] "GET /disagraeosc.php HTTP/1.1" 200 0 "-" "-"
52.169.215.80 - - [17/Jan/2025:23:38:21 +0100] "GET /admin/uploads/worksec.php HTTP/1.1" 200 0 "-" "-"
52.169.215.80 - - [17/Jan/2025:23:38:21 +0100] "GET /wp-admin/js/autoload_classmap.php HTTP/1.1" 200 0 "-" "-"
52.169.215.80 - - [17/Jan/2025:23:38:21 +0100] "GET /wp-admin/dropdown.php HTTP/1.1" 200 0 "-" "-"
52.169.215.80 - - [17/Jan/2025:23:38:21 +0100] "GET /cJLGqzB.php HTTP/1.1" 200 0 "-" "-"
52.169.215.80 - - [17/Jan/2025:23:38:21 +0100] "GET /.well-known/pki-validation/index.php HTTP/1.1" 404 1251 "-" "-"
52.169.215.80 - - [17/Jan/2025:23:38:21 +0100] "GET //wp-includes/Requests/about.php HTTP/1.1" 200 0 "-" "-"
52.169.215.80 - - [17/Jan/2025:23:38:21 +0100] "GET /inputs.php HTTP/1.1" 200 0 "-" "-"
52.169.215.80 - - [17/Jan/2025:23:38:21 +0100] "GET /wp-admin/js/wp-login.php HTTP/1.1" 200 0 "-" "-"
52.169.215.80 - - [17/Jan/2025:23:38:21 +0100] "GET /wp-files.php HTTP/1.1" 200 0 "-" "-"
52.169.215.80 - - [17/Jan/2025:23:38:21 +0100] "GET /wp-includes/repeater.php HTTP/1.1" 200 0 "-" "-"
52.169.215.80 - - [17/Jan/2025:23:38:22 +0100] "GET /alfa-rex2.php7 HTTP/1.1" 200 0 "-" "-"
52.169.215.80 - - [17/Jan/2025:23:38:22 +0100] "GET /wp-comments-post.php HTTP/1.1" 200 0 "-" "-"
52.169.215.80 - - [17/Jan/2025:23:38:22 +0100] "GET /.well-known/pki-validation/install.php HTTP/1.1" 404 1251 "-" "-"
52.169.215.80 - - [17/Jan/2025:23:38:22 +0100] "GET /.well-known/pki-validation/parx.php HTTP/1.1" 404 1251 "-" "-"
52.169.215.80 - - [17/Jan/2025:23:38:22 +0100] "GET /wp-admin/images/file.php HTTP/1.1" 200 0 "-" "-"
52.169.215.80 - - [17/Jan/2025:23:38:22 +0100] "GET /wp-content/cong.php HTTP/1.1" 200 0 "-" "-"
52.169.215.80 - - [17/Jan/2025:23:38:22 +0100] "GET /wp-admin/css/colors/cloud.php HTTP/1.1" 200 0 "-" "-"
52.169.215.80 - - [17/Jan/2025:23:38:22 +0100] "GET /getid3-core.php HTTP/1.1" 200 0 "-" "-"
52.169.215.80 - - [17/Jan/2025:23:38:22 +0100] "GET /wp-includes/rest-api/about.php HTTP/1.1" 200 0 "-" "-"
52.169.215.80 - - [17/Jan/2025:23:38:22 +0100] "GET /wp-includes/pomo/about.php HTTP/1.1" 200 0 "-" "-"
52.169.215.80 - - [17/Jan/2025:23:38:22 +0100] "GET /chosen.php HTTP/1.1" 200 0 "-" "-"
52.169.215.80 - - [17/Jan/2025:23:38:22 +0100] "GET /abouts.php?p= HTTP/1.1" 200 0 "-" "-"
52.169.215.80 - - [17/Jan/2025:23:38:23 +0100] "GET /admin.php?p= HTTP/1.1" 200 0 "-" "-"
52.169.215.80 - - [17/Jan/2025:23:38:23 +0100] "GET /dirs.php HTTP/1.1" 200 0 "-" "-"
52.169.215.80 - - [17/Jan/2025:23:38:23 +0100] "GET /cache-base.php HTTP/1.1" 200 0 "-" "-"
52.169.215.80 - - [17/Jan/2025:23:38:23 +0100] "GET /wp-admin/xmrlpc.php?p= HTTP/1.1" 200 0 "-" "-"
52.169.215.80 - - [17/Jan/2025:23:38:23 +0100] "GET /wp-admin/js/about.php HTTP/1.1" 200 0 "-" "-"
52.169.215.80 - - [17/Jan/2025:23:38:23 +0100] "GET /csv.php HTTP/1.1" 200 0 "-" "-"
52.169.215.80 - - [17/Jan/2025:23:38:23 +0100] "GET /index.php HTTP/1.1" 200 0 "-" "-"
52.169.215.80 - - [17/Jan/2025:23:38:23 +0100] "GET /link.php HTTP/1.1" 200 0 "-" "-"
52.169.215.80 - - [17/Jan/2025:23:38:23 +0100] "GET /wso112233.php HTTP/1.1" 200 0 "-" "-"
52.169.215.80 - - [17/Jan/2025:23:38:23 +0100] "GET /.well-known/acme-challenge/file.php HTTP/1.1" 404 1251 "-" "-"
52.169.215.80 - - [17/Jan/2025:23:38:23 +0100] "GET /ALFA_DATA/autoload_classmap.php HTTP/1.1" 200 0 "-" "-"
52.169.215.80 - - [17/Jan/2025:23:38:23 +0100] "GET /plugins.php HTTP/1.1" 200 0 "-" "-"
52.169.215.80 - - [17/Jan/2025:23:38:23 +0100] "GET /add_actualites.php HTTP/1.1" 200 0 "-" "-"
52.169.215.80 - - [17/Jan/2025:23:38:24 +0100] "GET /wp-admin/user/index.php HTTP/1.1" 200 0 "-" "-"
52.169.215.80 - - [17/Jan/2025:23:38:24 +0100] "GET /wp-content/plugins/index.php HTTP/1.1" 200 0 "-" "-"
52.169.215.80 - - [17/Jan/2025:23:38:24 +0100] "GET /xmrlpc.php?p= HTTP/1.1" 200 0 "-" "-"
52.169.215.80 - - [17/Jan/2025:23:38:24 +0100] "GET /access.php HTTP/1.1" 200 0 "-" "-"
52.169.215.80 - - [17/Jan/2025:23:38:24 +0100] "GET /404.php HTTP/1.1" 200 0 "-" "-"
52.169.215.80 - - [17/Jan/2025:23:38:24 +0100] "GET /cache.php HTTP/1.1" 200 0 "-" "-"
52.169.215.80 - - [17/Jan/2025:23:38:24 +0100] "GET /tinyfilemanager.php?p= HTTP/1.1" 200 0 "-" "-"
52.169.215.80 - - [17/Jan/2025:23:38:24 +0100] "GET /wp-admin/js/index.php HTTP/1.1" 200 0 "-" "-"
52.169.215.80 - - [17/Jan/2025:23:38:25 +0100] "GET /haiterus.php HTTP/1.1" 200 0 "-" "-"
52.169.215.80 - - [17/Jan/2025:23:38:25 +0100] "GET /wp-admin/includes/xmrlpc.php?p= HTTP/1.1" 200 0 "-" "-"
52.169.215.80 - - [17/Jan/2025:23:38:25 +0100] "GET /doc.php HTTP/1.1" 200 0 "-" "-"
52.169.215.80 - - [17/Jan/2025:23:38:25 +0100] "GET /m.php?p= HTTP/1.1" 200 0 "-" "-"
52.169.215.80 - - [17/Jan/2025:23:38:25 +0100] "GET /wp-content/upgrade-temp-backup/about.php HTTP/1.1" 200 0 "-" "-"
52.169.215.80 - - [17/Jan/2025:23:38:25 +0100] "GET /wp-consar.php HTTP/1.1" 200 0 "-" "-"
52.169.215.80 - - [17/Jan/2025:23:38:25 +0100] "GET /aQzODIgoBr.php HTTP/1.1" 200 0 "-" "-"
52.169.215.80 - - [17/Jan/2025:23:38:25 +0100] "GET /upfile.php HTTP/1.1" 200 0 "-" "-"
52.169.215.80 - - [17/Jan/2025:23:38:25 +0100] "GET /wp-content/plugins/about.php HTTP/1.1" 200 0 "-" "-"
52.169.215.80 - - [17/Jan/2025:23:38:25 +0100] "GET /wp-content/plugins/not/includes/about.php HTTP/1.1" 200 0 "-" "-"
52.169.215.80 - - [17/Jan/2025:23:38:25 +0100] "GET /wp-includes/certificates/wp-login.php HTTP/1.1" 200 0 "-" "-"
52.169.215.80 - - [17/Jan/2025:23:38:26 +0100] "GET /inc.php HTTP/1.1" 200 0 "-" "-"
52.169.215.80 - - [17/Jan/2025:23:38:26 +0100] "GET /wp-blog-header.php HTTP/1.1" 200 0 "-" "-"
52.169.215.80 - - [17/Jan/2025:23:38:26 +0100] "GET /autoload_classmap.php HTTP/1.1" 200 0 "-" "-"
52.169.215.80 - - [17/Jan/2025:23:38:26 +0100] "GET /catuploadcsv.php HTTP/1.1" 200 0 "-" "-"
52.169.215.80 - - [17/Jan/2025:23:38:26 +0100] "GET /cgi-bin/file.php HTTP/1.1" 200 0 "-" "-"
52.169.215.80 - - [17/Jan/2025:23:38:26 +0100] "GET /wp-admin/ajax-actions.php HTTP/1.1" 200 0 "-" "-"
52.169.215.80 - - [17/Jan/2025:23:38:26 +0100] "GET /wp-content/plugins/seoplugins/db.php?u HTTP/1.1" 200 0 "-" "-"
52.169.215.80 - - [17/Jan/2025:23:38:26 +0100] "GET /fucixwya.php HTTP/1.1" 200 0 "-" "-"
52.169.215.80 - - [17/Jan/2025:23:38:26 +0100] "GET /byp.php HTTP/1.1" 200 0 "-" "-"
52.169.215.80 - - [17/Jan/2025:23:38:27 +0100] "GET /wp-content/plugins/Cache/Cache.php HTTP/1.1" 200 0 "-" "-"
52.169.215.80 - - [17/Jan/2025:23:38:27 +0100] "GET /wp-includes/block-patterns/themes.php HTTP/1.1" 200 0 "-" "-"
52.169.215.80 - - [17/Jan/2025:23:38:27 +0100] "GET /wp-content/plugins/wp-conflg.php HTTP/1.1" 200 0 "-" "-"
52.169.215.80 - - [17/Jan/2025:23:38:27 +0100] "GET /NFXxUAA.php HTTP/1.1" 200 0 "-" "-"
52.169.215.80 - - [17/Jan/2025:23:38:27 +0100] "GET /DxHhVcy2bmJ.php HTTP/1.1" 200 0 "-" "-"
52.169.215.80 - - [17/Jan/2025:23:38:27 +0100] "GET /4price.php HTTP/1.1" 200 0 "-" "-"
52.169.215.80 - - [17/Jan/2025:23:38:27 +0100] "GET /cgi-bin/about.php HTTP/1.1" 200 0 "-" "-"
52.169.215.80 - - [17/Jan/2025:23:38:27 +0100] "GET /wp-p.php7 HTTP/1.1" 200 0 "-" "-"
52.169.215.80 - - [17/Jan/2025:23:38:27 +0100] "GET /contact_tpl.php HTTP/1.1" 200 0 "-" "-"
52.169.215.80 - - [17/Jan/2025:23:38:27 +0100] "GET /delpaths.php HTTP/1.1" 200 0 "-" "-"
52.169.215.80 - - [17/Jan/2025:23:38:27 +0100] "GET /wp-admin/css/colors/index.php HTTP/1.1" 200 0 "-" "-"
52.169.215.80 - - [17/Jan/2025:23:38:27 +0100] "GET /aksinet.php HTTP/1.1" 200 0 "-" "-"
52.169.215.80 - - [17/Jan/2025:23:38:27 +0100] "GET /.well-known/acme-challenge/autoload_classmap.php HTTP/1.1" 404 1251 "-" "-"
52.169.215.80 - - [17/Jan/2025:23:38:28 +0100] "GET /cong.php?p= HTTP/1.1" 200 0 "-" "-"
52.169.215.80 - - [17/Jan/2025:23:38:28 +0100] "GET /wp-admin/user/themes.php HTTP/1.1" 200 0 "-" "-"
52.169.215.80 - - [17/Jan/2025:23:38:28 +0100] "GET /wp-content/themes/index.php HTTP/1.1" 200 0 "-" "-"
52.169.215.80 - - [17/Jan/2025:23:38:28 +0100] "GET /wp-content/themes/twentythirteen/functions.php HTTP/1.1" 200 0 "-" "-"
52.169.215.80 - - [17/Jan/2025:23:38:28 +0100] "GET /extractable-loader-head.php HTTP/1.1" 200 0 "-" "-"
52.169.215.80 - - [17/Jan/2025:23:38:28 +0100] "GET /cookie.php HTTP/1.1" 200 0 "-" "-"
52.169.215.80 - - [17/Jan/2025:23:38:28 +0100] "GET /lock.php HTTP/1.1" 200 0 "-" "-"
52.169.215.80 - - [17/Jan/2025:23:38:28 +0100] "GET /priv.php HTTP/1.1" 200 0 "-" "-"
52.169.215.80 - - [17/Jan/2025:23:38:28 +0100] "GET /cache-compat.php HTTP/1.1" 200 0 "-" "-"
52.169.215.80 - - [17/Jan/2025:23:38:28 +0100] "GET /1p.php HTTP/1.1" 200 0 "-" "-"
52.169.215.80 - - [17/Jan/2025:23:38:28 +0100] "GET /alfanew2.php7 HTTP/1.1" 200 0 "-" "-"
52.169.215.80 - - [17/Jan/2025:23:38:29 +0100] "GET /feed/atom/ HTTP/1.1" 200 0 "-" "-"
52.169.215.80 - - [17/Jan/2025:23:38:29 +0100] "GET /ralphwetzel/theonionbox HTTP/1.1" 200 0 "-" "-"
52.169.215.80 - - [17/Jan/2025:23:38:29 +0100] "GET /wp-trackback.php HTTP/1.1" 500 0 "-" "-"
52.169.215.80 - - [17/Jan/2025:23:38:29 +0100] "GET /wp-content/themes/index.php?p= HTTP/1.1" 200 0 "-" "-"
52.169.215.80 - - [17/Jan/2025:23:38:29 +0100] "GET /.well-known/index.php HTTP/1.1" 200 0 "-" "-"
52.169.215.80 - - [17/Jan/2025:23:38:29 +0100] "GET /ok.php HTTP/1.1" 200 0 "-" "-"
52.169.215.80 - - [17/Jan/2025:23:38:29 +0100] "GET /aaa.php HTTP/1.1" 200 0 "-" "-"
52.169.215.80 - - [17/Jan/2025:23:38:29 +0100] "GET /updates.php HTTP/1.1" 200 0 "-" "-"
52.169.215.80 - - [17/Jan/2025:23:38:29 +0100] "GET /wp-content/about.php HTTP/1.1" 200 0 "-" "-"
52.169.215.80 - - [17/Jan/2025:23:38:29 +0100] "GET /wp-includes/themes.php HTTP/1.1" 200 0 "-" "-"
52.169.215.80 - - [17/Jan/2025:23:38:29 +0100] "GET /cadastro-2.php HTTP/1.1" 200 0 "-" "-"
52.169.215.80 - - [17/Jan/2025:23:38:29 +0100] "GET /wsoyanz.php HTTP/1.1" 200 0 "-" "-"
52.169.215.80 - - [17/Jan/2025:23:38:29 +0100] "GET /curl.php HTTP/1.1" 200 0 "-" "-"
52.169.215.80 - - [17/Jan/2025:23:38:29 +0100] "GET /wp-cron.php HTTP/1.1" 200 0 "-" "-"
52.169.215.80 - - [17/Jan/2025:23:38:30 +0100] "GET /blog.php HTTP/1.1" 200 0 "-" "-"
52.169.215.80 - - [17/Jan/2025:23:38:30 +0100] "GET /bihnmimh.php HTTP/1.1" 200 0 "-" "-"
52.169.215.80 - - [17/Jan/2025:23:38:30 +0100] "GET /wp-sigunq.php HTTP/1.1" 200 0 "-" "-"
52.169.215.80 - - [17/Jan/2025:23:38:30 +0100] "GET /wp-content/plugins/wp-theme-editor/include.php HTTP/1.1" 200 0 "-" "-"
52.169.215.80 - - [17/Jan/2025:23:38:30 +0100] "GET /wp-admin/js/widgets/cloud.php HTTP/1.1" 200 0 "-" "-"
52.169.215.80 - - [17/Jan/2025:23:38:30 +0100] "GET /iR7SzrsOUEP.php HTTP/1.1" 200 0 "-" "-"
52.169.215.80 - - [17/Jan/2025:23:38:30 +0100] "GET /alfa.php HTTP/1.1" 200 0 "-" "-"
52.169.215.80 - - [17/Jan/2025:23:38:30 +0100] "GET /jp.php HTTP/1.1" 200 0 "-" "-"
52.169.215.80 - - [17/Jan/2025:23:38:30 +0100] "GET /adminfuns.php7 HTTP/1.1" 200 0 "-" "-"
52.169.215.80 - - [17/Jan/2025:23:38:30 +0100] "GET /disagraeed.php HTTP/1.1" 200 0 "-" "-"
52.169.215.80 - - [17/Jan/2025:23:38:31 +0100] "GET /wp-content/plugins/google-seo-rank/module.php HTTP/1.1" 200 0 "-" "-"
52.169.215.80 - - [17/Jan/2025:23:38:31 +0100] "GET /.well-known/acme-challenge/index.php HTTP/1.1" 404 1251 "-" "-"
52.169.215.80 - - [17/Jan/2025:23:38:31 +0100] "GET /wp-content/updates.php HTTP/1.1" 200 0 "-" "-"
52.169.215.80 - - [17/Jan/2025:23:38:31 +0100] "GET /MYK4TJEfFvO.php HTTP/1.1" 200 0 "-" "-"
52.169.215.80 - - [17/Jan/2025:23:38:31 +0100] "GET /cong.php HTTP/1.1" 200 0 "-" "-"
52.169.215.80 - - [17/Jan/2025:23:38:31 +0100] "GET /atomlib.php HTTP/1.1" 200 0 "-" "-"
52.169.215.80 - - [17/Jan/2025:23:38:31 +0100] "GET /wp-admin/themes.php HTTP/1.1" 200 0 "-" "-"
52.169.215.80 - - [17/Jan/2025:23:38:31 +0100] "GET /wp-admin/js/widgets/about.php7 HTTP/1.1" 200 0 "-" "-"
52.169.215.80 - - [17/Jan/2025:23:38:31 +0100] "GET /browse.php HTTP/1.1" 200 0 "-" "-"
52.169.215.80 - - [17/Jan/2025:23:38:31 +0100] "GET /index.php?p= HTTP/1.1" 200 0 "-" "-"
52.169.215.80 - - [17/Jan/2025:23:38:31 +0100] "GET /disagraep.php HTTP/1.1" 200 0 "-" "-"
52.169.215.80 - - [17/Jan/2025:23:38:31 +0100] "GET /wp-includes/SimplePie/index.php?p= HTTP/1.1" 200 0 "-" "-"
52.169.215.80 - - [17/Jan/2025:23:38:31 +0100] "GET /inputs.php?p=https://dunamisconcept.com.ng/item.php HTTP/1.1" 200 0 "-" "-"
52.169.215.80 - - [17/Jan/2025:23:38:31 +0100] "GET /admin.php?attempt=1 HTTP/1.1" 200 0 "-" "-"
52.169.215.80 - - [17/Jan/2025:23:38:31 +0100] "GET /Casper.php HTTP/1.1" 200 0 "-" "-"
52.169.215.80 - - [17/Jan/2025:23:38:31 +0100] "GET /bs1.php HTTP/1.1" 200 0 "-" "-"
52.169.215.80 - - [17/Jan/2025:23:38:32 +0100] "GET /ty.php?p= HTTP/1.1" 200 0 "-" "-"
52.169.215.80 - - [17/Jan/2025:23:38:32 +0100] "GET /wp-includes/SimplePie/gzdecodes.php.suspected HTTP/1.1" 200 0 "-" "-"
52.169.215.80 - - [17/Jan/2025:23:38:32 +0100] "GET /wp-includes/Text/about.php HTTP/1.1" 200 0 "-" "-"
52.169.215.80 - - [17/Jan/2025:23:38:32 +0100] "GET /y.php HTTP/1.1" 200 0 "-" "-"
52.169.215.80 - - [17/Jan/2025:23:38:32 +0100] "GET /admin/function.php HTTP/1.1" 200 0 "-" "-"
52.169.215.80 - - [17/Jan/2025:23:38:32 +0100] "GET /favicon.php HTTP/1.1" 200 0 "-" "-"
52.169.215.80 - - [17/Jan/2025:23:38:32 +0100] "GET /lv.php HTTP/1.1" 200 0 "-" "-"
52.169.215.80 - - [17/Jan/2025:23:38:32 +0100] "GET /wp-includes/IXR/about.php HTTP/1.1" 200 0 "-" "-"
52.169.215.80 - - [17/Jan/2025:23:38:32 +0100] "GET /wp-includes/SimplePie/index.php HTTP/1.1" 200 0 "-" "-"
52.169.215.80 - - [17/Jan/2025:23:38:32 +0100] "GET /depotcv.php HTTP/1.1" 200 0 "-" "-"
52.169.215.80 - - [17/Jan/2025:23:38:32 +0100] "GET /load.php HTTP/1.1" 200 0 "-" "-"
52.169.215.80 - - [17/Jan/2025:23:38:32 +0100] "GET /1index.php HTTP/1.1" 200 0 "-" "-"
52.169.215.80 - - [17/Jan/2025:23:38:32 +0100] "GET /wp-content/plugins/pwnd/pwnd.php HTTP/1.1" 200 0 "-" "-"
52.169.215.80 - - [17/Jan/2025:23:38:33 +0100] "GET /tiny.php?p= HTTP/1.1" 200 0 "-" "-"
52.169.215.80 - - [17/Jan/2025:23:38:33 +0100] "GET /asus.php HTTP/1.1" 200 0 "-" "-"
52.169.215.80 - - [17/Jan/2025:23:38:33 +0100] "GET /wp-admin/wp-admin.php HTTP/1.1" 200 0 "-" "-"
52.169.215.80 - - [17/Jan/2025:23:38:33 +0100] "GET /wp-login.php?action=register HTTP/1.1" 200 0 "-" "-"
52.169.215.80 - - [17/Jan/2025:23:38:33 +0100] "GET /c.php HTTP/1.1" 200 0 "-" "-"
52.169.215.80 - - [17/Jan/2025:23:38:33 +0100] "GET /13.php HTTP/1.1" 200 0 "-" "-"
52.169.215.80 - - [17/Jan/2025:23:38:33 +0100] "GET /form.php HTTP/1.1" 200 0 "-" "-"
52.169.215.80 - - [17/Jan/2025:23:38:33 +0100] "GET /wp-admin/images/xmrlpc.php?p= HTTP/1.1" 200 0 "-" "-"
52.169.215.80 - - [17/Jan/2025:23:38:33 +0100] "GET /wp-admin/includes/cloud.php HTTP/1.1" 200 0 "-" "-"
52.169.215.80 - - [17/Jan/2025:23:38:33 +0100] "GET /wp-includes/autoload_classmap.php HTTP/1.1" 200 0 "-" "-"
52.169.215.80 - - [17/Jan/2025:23:38:33 +0100] "GET /wp-includes/css/admin.php HTTP/1.1" 200 0 "-" "-"
52.169.215.80 - - [17/Jan/2025:23:38:34 +0100] "GET /disagreed.php HTTP/1.1" 200 0 "-" "-"
52.169.215.80 - - [17/Jan/2025:23:38:34 +0100] "GET /x.php HTTP/1.1" 200 0 "-" "-"
52.169.215.80 - - [17/Jan/2025:23:38:34 +0100] "GET /wp-content/autoload_classmap.php HTTP/1.1" 200 0 "-" "-"
52.169.215.80 - - [17/Jan/2025:23:38:34 +0100] "GET /wp-content/themes/404.php HTTP/1.1" 200 0 "-" "-"
52.169.215.80 - - [17/Jan/2025:23:38:34 +0100] "GET /wp-includes/404.php HTTP/1.1" 200 0 "-" "-"
52.169.215.80 - - [17/Jan/2025:23:38:34 +0100] "GET /wp-content/themes/twentyeleven/functions.php HTTP/1.1" 200 0 "-" "-"
52.169.215.80 - - [17/Jan/2025:23:38:34 +0100] "GET /wp-content/plugins/awesome-coming-soon/come.php HTTP/1.1" 200 0 "-" "-"
52.169.215.80 - - [17/Jan/2025:23:38:34 +0100] "GET /hoot.php HTTP/1.1" 200 0 "-" "-"
52.169.215.80 - - [17/Jan/2025:23:38:34 +0100] "GET /dropdown.php HTTP/1.1" 200 0 "-" "-"
52.169.215.80 - - [17/Jan/2025:23:38:34 +0100] "GET /BIBIL0DAY.php HTTP/1.1" 200 0 "-" "-"
52.169.215.80 - - [17/Jan/2025:23:38:34 +0100] "GET /css/index.php HTTP/1.1" 200 0 "-" "-"
52.169.215.80 - - [17/Jan/2025:23:38:34 +0100] "GET /wp-content/index.php?p= HTTP/1.1" 200 0 "-" "-"
52.169.215.80 - - [17/Jan/2025:23:38:34 +0100] "GET /wp-includes/widgets/themes.php HTTP/1.1" 200 0 "-" "-"
52.169.215.80 - - [17/Jan/2025:23:38:35 +0100] "GET /c99.php HTTP/1.1" 200 0 "-" "-"
52.169.215.80 - - [17/Jan/2025:23:38:35 +0100] "GET /conf_upload.php HTTP/1.1" 200 0 "-" "-"
52.169.215.80 - - [17/Jan/2025:23:38:35 +0100] "GET /wp-admin/images/wp-login.php HTTP/1.1" 200 0 "-" "-"
52.169.215.80 - - [17/Jan/2025:23:38:35 +0100] "GET /exif.php HTTP/1.1" 200 0 "-" "-"
52.169.215.80 - - [17/Jan/2025:23:38:35 +0100] "GET /wp-admin/includes/index.php HTTP/1.1" 200 0 "-" "-"
52.169.215.80 - - [17/Jan/2025:23:38:35 +0100] "GET /wp-content/install.php HTTP/1.1" 200 0 "-" "-"
52.169.215.80 - - [17/Jan/2025:23:38:35 +0100] "GET /wp-content/plugins/seoplugins/mar.php HTTP/1.1" 200 0 "-" "-"
52.169.215.80 - - [17/Jan/2025:23:38:35 +0100] "GET /classwithtostring.php?p= HTTP/1.1" 200 0 "-" "-"
52.169.215.80 - - [17/Jan/2025:23:38:35 +0100] "GET /fxcexgle.php HTTP/1.1" 200 0 "-" "-"
52.169.215.80 - - [17/Jan/2025:23:38:35 +0100] "GET /simple.php HTTP/1.1" 200 0 "-" "-"
52.169.215.80 - - [17/Jan/2025:23:38:35 +0100] "GET /system.php HTTP/1.1" 200 0 "-" "-"
52.169.215.80 - - [17/Jan/2025:23:38:35 +0100] "GET /wp-admin/css/colors/blue/admin.php HTTP/1.1" 200 0 "-" "-"
52.169.215.80 - - [17/Jan/2025:23:38:35 +0100] "GET /themes.php HTTP/1.1" 200 0 "-" "-"
52.169.215.80 - - [17/Jan/2025:23:38:36 +0100] "GET /feed-rss2-queue.php HTTP/1.1" 200 0 "-" "-"
52.169.215.80 - - [17/Jan/2025:23:38:36 +0100] "GET /randkeyword.PhP8 HTTP/1.1" 200 0 "-" "-"
52.169.215.80 - - [17/Jan/2025:23:38:36 +0100] "GET /wp-content/db-cache.php HTTP/1.1" 200 0 "-" "-"
52.169.215.80 - - [17/Jan/2025:23:38:36 +0100] "GET /wp-includes/admin.php HTTP/1.1" 200 0 "-" "-"
52.169.215.80 - - [17/Jan/2025:23:38:36 +0100] "GET /BIBIL_0DAY.php HTTP/1.1" 200 0 "-" "-"
52.169.215.80 - - [17/Jan/2025:23:38:36 +0100] "GET /sb.php HTTP/1.1" 200 0 "-" "-"
52.169.215.80 - - [17/Jan/2025:23:38:36 +0100] "GET /img/xmrlpc.php?p= HTTP/1.1" 200 0 "-" "-"
52.169.215.80 - - [17/Jan/2025:23:38:36 +0100] "GET /ws.php HTTP/1.1" 200 0 "-" "-"
52.169.215.80 - - [17/Jan/2025:23:38:36 +0100] "GET /makeasmtp.php HTTP/1.1" 200 0 "-" "-"
52.169.215.80 - - [17/Jan/2025:23:38:36 +0100] "GET /wp-admin/images/about.php HTTP/1.1" 200 0 "-" "-"
52.169.215.80 - - [17/Jan/2025:23:38:36 +0100] "GET /ds.php HTTP/1.1" 200 0 "-" "-"
52.169.215.80 - - [17/Jan/2025:23:38:36 +0100] "GET /wp-login.php HTTP/1.1" 200 0 "-" "-"
52.169.215.80 - - [17/Jan/2025:23:38:36 +0100] "GET /.well-known/pki-validation/admin.php HTTP/1.1" 404 1251 "-" "-"
52.169.215.80 - - [17/Jan/2025:23:38:36 +0100] "GET /1.php HTTP/1.1" 200 0 "-" "-"
52.169.215.80 - - [17/Jan/2025:23:38:37 +0100] "GET /wordpress/about.php HTTP/1.1" 200 0 "-" "-"
52.169.215.80 - - [17/Jan/2025:23:38:37 +0100] "GET /backup.php HTTP/1.1" 200 0 "-" "-"
52.169.215.80 - - [17/Jan/2025:23:38:37 +0100] "GET /wp-content/themes/kadence/functions.php HTTP/1.1" 200 0 "-" "-"
52.169.215.80 - - [17/Jan/2025:23:38:37 +0100] "GET /5173e.php HTTP/1.1" 200 0 "-" "-"
52.169.215.80 - - [17/Jan/2025:23:38:37 +0100] "GET /wp-admin/includes/about.php HTTP/1.1" 200 0 "-" "-"
52.169.215.80 - - [17/Jan/2025:23:38:37 +0100] "GET /wp-content/plugins/linkpreview/db.php?u HTTP/1.1" 200 0 "-" "-"
52.169.215.80 - - [17/Jan/2025:23:38:37 +0100] "GET /eNtnKM.php HTTP/1.1" 200 0 "-" "-"
52.169.215.80 - - [17/Jan/2025:23:38:37 +0100] "GET /bypass.php7 HTTP/1.1" 200 0 "-" "-"
52.169.215.80 - - [17/Jan/2025:23:38:38 +0100] "GET /class-IXR-base64-view.php HTTP/1.1" 200 0 "-" "-"
